{"id":2569,"date":"2022-02-11T04:10:49","date_gmt":"2022-02-11T04:10:49","guid":{"rendered":"http:\/\/neue-musik-brandenburg.multisensoriale.de\/?page_id=2569"},"modified":"2022-04-04T10:49:36","modified_gmt":"2022-04-04T10:49:36","slug":"bauer-matthias","status":"publish","type":"page","link":"https:\/\/www.neue-musik-brandenburg.de\/en\/bauer-matthias\/","title":{"rendered":"Bodo B\u00e4rwinkel"},"content":{"rendered":"\t\t<div data-elementor-type=\"wp-page\" data-elementor-id=\"2569\" class=\"elementor elementor-2569\">\n\t\t\t\t\t\t<section class=\"elementor-section elementor-top-section elementor-element elementor-element-37873de elementor-section-boxed elementor-section-height-default elementor-section-height-default\" data-id=\"37873de\" data-element_type=\"section\" data-e-type=\"section\">\n\t\t\t\t\t\t<div class=\"elementor-container elementor-column-gap-default\">\n\t\t\t\t\t<div class=\"elementor-column elementor-col-100 elementor-top-column elementor-element elementor-element-195b0b1\" data-id=\"195b0b1\" data-element_type=\"column\" data-e-type=\"column\">\n\t\t\t<div class=\"elementor-widget-wrap elementor-element-populated\">\n\t\t\t\t\t\t<div class=\"elementor-element elementor-element-ea4cd6b elementor-widget elementor-widget-text-editor\" data-id=\"ea4cd6b\" data-element_type=\"widget\" data-e-type=\"widget\" data-widget_type=\"text-editor.default\">\n\t\t\t\t<div class=\"elementor-widget-container\">\n\t\t\t\t\t\t\t\t\t<a id=\"r-mitglieder\" href=\"javascript:history.back()\">&lt;&lt;<\/a>\t\t\t\t\t\t\t\t<\/div>\n\t\t\t\t<\/div>\n\t\t\t\t\t<\/div>\n\t\t<\/div>\n\t\t\t\t\t<\/div>\n\t\t<\/section>\n\t\t\t\t<section class=\"elementor-section elementor-top-section elementor-element elementor-element-c36d764 elementor-section-boxed elementor-section-height-default elementor-section-height-default\" data-id=\"c36d764\" data-element_type=\"section\" data-e-type=\"section\">\n\t\t\t\t\t\t<div class=\"elementor-container elementor-column-gap-default\">\n\t\t\t\t\t<div class=\"elementor-column elementor-col-100 elementor-top-column elementor-element elementor-element-93f9922\" data-id=\"93f9922\" data-element_type=\"column\" data-e-type=\"column\">\n\t\t\t<div class=\"elementor-widget-wrap elementor-element-populated\">\n\t\t\t\t\t\t<div class=\"elementor-element elementor-element-68a7be7 elementor-widget elementor-widget-heading\" data-id=\"68a7be7\" data-element_type=\"widget\" data-e-type=\"widget\" data-widget_type=\"heading.default\">\n\t\t\t\t<div class=\"elementor-widget-container\">\n\t\t\t\t\t<h2 class=\"elementor-heading-title elementor-size-default\">Matthias Bauer<\/h2>\t\t\t\t<\/div>\n\t\t\t\t<\/div>\n\t\t\t\t\t<\/div>\n\t\t<\/div>\n\t\t\t\t\t<\/div>\n\t\t<\/section>\n\t\t\t\t<section class=\"elementor-section elementor-top-section elementor-element elementor-element-79af510 elementor-section-boxed elementor-section-height-default elementor-section-height-default\" data-id=\"79af510\" data-element_type=\"section\" data-e-type=\"section\">\n\t\t\t\t\t\t<div class=\"elementor-container elementor-column-gap-default\">\n\t\t\t\t\t<div class=\"elementor-column elementor-col-25 elementor-top-column elementor-element elementor-element-4d0384b\" data-id=\"4d0384b\" data-element_type=\"column\" data-e-type=\"column\">\n\t\t\t<div class=\"elementor-widget-wrap elementor-element-populated\">\n\t\t\t\t\t\t<div class=\"elementor-element elementor-element-55c8c54 elementor-widget elementor-widget-image\" data-id=\"55c8c54\" data-element_type=\"widget\" data-e-type=\"widget\" data-widget_type=\"image.default\">\n\t\t\t\t<div class=\"elementor-widget-container\">\n\t\t\t\t\t\t\t\t\t\t\t\t<figure class=\"wp-caption\">\n\t\t\t\t\t\t\t\t\t\t<img fetchpriority=\"high\" decoding=\"async\" width=\"590\" height=\"480\" src=\"https:\/\/www.neue-musik-brandenburg.de\/wp-content\/uploads\/2022\/02\/Matthias-Bauer.jpeg\" class=\"attachment-large size-large wp-image-4798\" alt=\"\" srcset=\"https:\/\/www.neue-musik-brandenburg.de\/wp-content\/uploads\/2022\/02\/Matthias-Bauer.jpeg 590w, https:\/\/www.neue-musik-brandenburg.de\/wp-content\/uploads\/2022\/02\/Matthias-Bauer-300x244.jpeg 300w\" sizes=\"(max-width: 590px) 100vw, 590px\" \/>\t\t\t\t\t\t\t\t\t\t\t<figcaption class=\"widget-image-caption wp-caption-text\">Foto: Mathias Bothor<\/figcaption>\n\t\t\t\t\t\t\t\t\t\t<\/figure>\n\t\t\t\t\t\t\t\t\t<\/div>\n\t\t\t\t<\/div>\n\t\t\t\t\t<\/div>\n\t\t<\/div>\n\t\t\t\t<div class=\"elementor-column elementor-col-25 elementor-top-column elementor-element elementor-element-41df22e\" data-id=\"41df22e\" data-element_type=\"column\" data-e-type=\"column\">\n\t\t\t<div class=\"elementor-widget-wrap\">\n\t\t\t\t\t\t\t<\/div>\n\t\t<\/div>\n\t\t\t\t<div class=\"elementor-column elementor-col-50 elementor-top-column elementor-element elementor-element-8c1ec10\" data-id=\"8c1ec10\" data-element_type=\"column\" data-e-type=\"column\">\n\t\t\t<div class=\"elementor-widget-wrap elementor-element-populated\">\n\t\t\t\t\t\t<div class=\"elementor-element elementor-element-8f956e3 elementor-widget elementor-widget-text-editor\" data-id=\"8f956e3\" data-element_type=\"widget\" data-e-type=\"widget\" data-widget_type=\"text-editor.default\">\n\t\t\t\t<div class=\"elementor-widget-container\">\n\t\t\t\t\t\t\t\t\t<p>Matthias Bauer ist ein Kontrabassist, Improvisator und Komponist aus Berlin. Er ist spezialisiert in neuer Musik, f\u00fchrte ein breites Repertoire an Solo Kompositionen f\u00fcr Kontrabass auf und arbeitet mit Berliner Ensembles f\u00fcr neue Musik. Er spielte mit vielen internationalen Musikern der frei improvisierten Musik, war Mitglied etlicher Ensembles und nahm an diversen Festivals teil. Bauer komponierte f\u00fcr gr\u00f6\u00dfere und kleinere Ensembles wie auch f\u00fcr Tanz und Theater.<\/p><p>aktuelle Projekte als Improvisator: \u2022 Solo \u2022 Alchimia Organica mit Maria Lucchese \u2022 Duo mit Floros Floridis \u2022 Up and Out mit Harri Sj\u00f6str\u00f6m, Phil Wachsmann, Emilio Gordoa, Dag Magnus Narvesen \u2022 Berlin Art Quartet mit Matthias Schubert, Matthias M\u00fcller, Reinhard Br\u00fcggemann \u2022 Dis\/con\/sent mit Ernesto and Guilherme Rodrigues, Dietrich Petzold \u2022 Bauer\/Bauer\/Narvesen mit Conny Bauer und Dag Magnus Narvesen \u2022 Der Dritte Stand mit Matthias M\u00fcller und Rudi Fischerlehner;<\/p><p>ausgew\u00e4hlte Diskografie: \u2022 Berlin Abbozzi (FMP) \u2022 Sven Ake Johansson Quintett (hatOLOGY) \u2022 Bauer 4 (Jazzwerkstatt) \u2022 Die Harke und der Spaten (Umlaut Records) \u2022 Alchimia Organica (creative source rec.) \u2022 spontan in granit (creative source rec.) solo; \u2022 up and out (amiranirecords) \u2022 Berlin Art Quartet (unisono records);<\/p><p>Festival Auftritte: Maerzmusik Berlin, musicaviva M\u00fcnchen, Biennale Venedig, nuovaconsonanza Rom, Angelica Bologna, Wien Modern, Konfrontationen Nickelsdorf, Total Music Meeting Berlin, Kaleidophon Ulrichsberg, Ultima Oslo, Klangspuren Schwaz;<\/p>\t\t\t\t\t\t\t\t<\/div>\n\t\t\t\t<\/div>\n\t\t\t\t\t<\/div>\n\t\t<\/div>\n\t\t\t\t\t<\/div>\n\t\t<\/section>\n\t\t\t\t<section class=\"elementor-section elementor-top-section elementor-element elementor-element-84257c7 elementor-section-boxed elementor-section-height-default elementor-section-height-default\" data-id=\"84257c7\" data-element_type=\"section\" data-e-type=\"section\">\n\t\t\t\t\t\t<div class=\"elementor-container elementor-column-gap-default\">\n\t\t\t\t\t<div class=\"elementor-column elementor-col-100 elementor-top-column elementor-element elementor-element-b0dd4fa\" data-id=\"b0dd4fa\" data-element_type=\"column\" data-e-type=\"column\">\n\t\t\t<div class=\"elementor-widget-wrap elementor-element-populated\">\n\t\t\t\t\t\t\t<\/div>\n\t\t<\/div>\n\t\t\t\t\t<\/div>\n\t\t<\/section>\n\t\t\t\t<section class=\"elementor-section elementor-top-section elementor-element elementor-element-23d7ef7 elementor-section-boxed elementor-section-height-default elementor-section-height-default\" data-id=\"23d7ef7\" data-element_type=\"section\" data-e-type=\"section\">\n\t\t\t\t\t\t<div class=\"elementor-container elementor-column-gap-default\">\n\t\t\t\t\t<div class=\"elementor-column elementor-col-100 elementor-top-column elementor-element elementor-element-efcd1c4\" data-id=\"efcd1c4\" data-element_type=\"column\" data-e-type=\"column\">\n\t\t\t<div class=\"elementor-widget-wrap elementor-element-populated\">\n\t\t\t\t\t\t<div class=\"elementor-element elementor-element-1e6e1ff elementor-widget elementor-widget-text-editor\" data-id=\"1e6e1ff\" data-element_type=\"widget\" data-e-type=\"widget\" data-widget_type=\"text-editor.default\">\n\t\t\t\t<div class=\"elementor-widget-container\">\n\t\t\t\t\t\t\t\t\t<a href=\"https:\/\/www.bauerbass.de\" target=\"_blank\" rel=\"noopener\">www.bauerbass.de<span class=\"hu-external\"><\/span><\/a>\t\t\t\t\t\t\t\t<\/div>\n\t\t\t\t<\/div>\n\t\t\t\t\t<\/div>\n\t\t<\/div>\n\t\t\t\t\t<\/div>\n\t\t<\/section>\n\t\t\t\t<\/div>\n\t\t","protected":false},"excerpt":{"rendered":"<p>&lt;&lt; Matthias Bauer Foto: Mathias Bothor Matthias Bauer ist ein Kontrabassist, Improvisator und Komponist aus Berlin. Er ist spezialisiert in neuer Musik, f\u00fchrte ein breites Repertoire an Solo Kompositionen f\u00fcr Kontrabass auf und arbeitet&#46;&#46;&#46;<\/p>\n","protected":false},"author":1,"featured_media":0,"parent":0,"menu_order":0,"comment_status":"closed","ping_status":"closed","template":"","meta":{"_custom_body_class":"","_custom_post_class":"","footnotes":""},"class_list":["post-2569","page","type-page","status-publish","hentry"],"translation":{"provider":"WPGlobus","version":"3.0.2","language":"en","enabled_languages":["de","en"],"languages":{"de":{"title":true,"content":true,"excerpt":false},"en":{"title":true,"content":false,"excerpt":false}}},"_links":{"self":[{"href":"https:\/\/www.neue-musik-brandenburg.de\/en\/wp-json\/wp\/v2\/pages\/2569","targetHints":{"allow":["GET"]}}],"collection":[{"href":"https:\/\/www.neue-musik-brandenburg.de\/en\/wp-json\/wp\/v2\/pages"}],"about":[{"href":"https:\/\/www.neue-musik-brandenburg.de\/en\/wp-json\/wp\/v2\/types\/page"}],"author":[{"embeddable":true,"href":"https:\/\/www.neue-musik-brandenburg.de\/en\/wp-json\/wp\/v2\/users\/1"}],"replies":[{"embeddable":true,"href":"https:\/\/www.neue-musik-brandenburg.de\/en\/wp-json\/wp\/v2\/comments?post=2569"}],"version-history":[{"count":61,"href":"https:\/\/www.neue-musik-brandenburg.de\/en\/wp-json\/wp\/v2\/pages\/2569\/revisions"}],"predecessor-version":[{"id":6647,"href":"https:\/\/www.neue-musik-brandenburg.de\/en\/wp-json\/wp\/v2\/pages\/2569\/revisions\/6647"}],"wp:attachment":[{"href":"https:\/\/www.neue-musik-brandenburg.de\/en\/wp-json\/wp\/v2\/media?parent=2569"}],"curies":[{"name":"wp","href":"https:\/\/api.w.org\/{rel}","templated":true}]}}

Bodo Bärwinkel

<div data-elementor-type="wp-page" data-elementor-id="2569" class="elementor elementor-2569">
						<section class="elementor-section elementor-top-section elementor-element elementor-element-37873de elementor-section-boxed elementor-section-height-default elementor-section-height-default" data-id="37873de" data-element_type="section" data-e-type="section">
						<div class="elementor-container elementor-column-gap-default">
					<div class="elementor-column elementor-col-100 elementor-top-column elementor-element elementor-element-195b0b1" data-id="195b0b1" data-element_type="column" data-e-type="column">
			<div class="elementor-widget-wrap elementor-element-populated">
						<div class="elementor-element elementor-element-ea4cd6b elementor-widget elementor-widget-text-editor" data-id="ea4cd6b" data-element_type="widget" data-e-type="widget" data-widget_type="text-editor.default">
				<div class="elementor-widget-container">
									<a id="r-mitglieder" href="javascript:history.back()">&lt;&lt;</a>								</div>
				</div>
					</div>
		</div>
					</div>
		</section>
				<section class="elementor-section elementor-top-section elementor-element elementor-element-c36d764 elementor-section-boxed elementor-section-height-default elementor-section-height-default" data-id="c36d764" data-element_type="section" data-e-type="section">
						<div class="elementor-container elementor-column-gap-default">
					<div class="elementor-column elementor-col-100 elementor-top-column elementor-element elementor-element-93f9922" data-id="93f9922" data-element_type="column" data-e-type="column">
			<div class="elementor-widget-wrap elementor-element-populated">
						<div class="elementor-element elementor-element-68a7be7 elementor-widget elementor-widget-heading" data-id="68a7be7" data-element_type="widget" data-e-type="widget" data-widget_type="heading.default">
				<div class="elementor-widget-container">
					<h2 class="elementor-heading-title elementor-size-default">Matthias Bauer</h2>				</div>
				</div>
					</div>
		</div>
					</div>
		</section>
				<section class="elementor-section elementor-top-section elementor-element elementor-element-79af510 elementor-section-boxed elementor-section-height-default elementor-section-height-default" data-id="79af510" data-element_type="section" data-e-type="section">
						<div class="elementor-container elementor-column-gap-default">
					<div class="elementor-column elementor-col-25 elementor-top-column elementor-element elementor-element-4d0384b" data-id="4d0384b" data-element_type="column" data-e-type="column">
			<div class="elementor-widget-wrap elementor-element-populated">
						<div class="elementor-element elementor-element-55c8c54 elementor-widget elementor-widget-image" data-id="55c8c54" data-element_type="widget" data-e-type="widget" data-widget_type="image.default">
				<div class="elementor-widget-container">
												<figure class="wp-caption">
										<img fetchpriority="high" decoding="async" width="590" height="480" src="https://www.neue-musik-brandenburg.de/wp-content/uploads/2022/02/Matthias-Bauer.jpeg" class="attachment-large size-large wp-image-4798" alt="" srcset="https://www.neue-musik-brandenburg.de/wp-content/uploads/2022/02/Matthias-Bauer.jpeg 590w, https://www.neue-musik-brandenburg.de/wp-content/uploads/2022/02/Matthias-Bauer-300x244.jpeg 300w" sizes="(max-width: 590px) 100vw, 590px" />											<figcaption class="widget-image-caption wp-caption-text">Foto: Mathias Bothor</figcaption>
										</figure>
									</div>
				</div>
					</div>
		</div>
				<div class="elementor-column elementor-col-25 elementor-top-column elementor-element elementor-element-41df22e" data-id="41df22e" data-element_type="column" data-e-type="column">
			<div class="elementor-widget-wrap">
							</div>
		</div>
				<div class="elementor-column elementor-col-50 elementor-top-column elementor-element elementor-element-8c1ec10" data-id="8c1ec10" data-element_type="column" data-e-type="column">
			<div class="elementor-widget-wrap elementor-element-populated">
						<div class="elementor-element elementor-element-8f956e3 elementor-widget elementor-widget-text-editor" data-id="8f956e3" data-element_type="widget" data-e-type="widget" data-widget_type="text-editor.default">
				<div class="elementor-widget-container">
									<p>Matthias Bauer ist ein Kontrabassist, Improvisator und Komponist aus Berlin. Er ist spezialisiert in neuer Musik, führte ein breites Repertoire an Solo Kompositionen für Kontrabass auf und arbeitet mit Berliner Ensembles für neue Musik. Er spielte mit vielen internationalen Musikern der frei improvisierten Musik, war Mitglied etlicher Ensembles und nahm an diversen Festivals teil. Bauer komponierte für größere und kleinere Ensembles wie auch für Tanz und Theater.</p><p>aktuelle Projekte als Improvisator: • Solo • Alchimia Organica mit Maria Lucchese • Duo mit Floros Floridis • Up and Out mit Harri Sjöström, Phil Wachsmann, Emilio Gordoa, Dag Magnus Narvesen • Berlin Art Quartet mit Matthias Schubert, Matthias Müller, Reinhard Brüggemann • Dis/con/sent mit Ernesto and Guilherme Rodrigues, Dietrich Petzold • Bauer/Bauer/Narvesen mit Conny Bauer und Dag Magnus Narvesen • Der Dritte Stand mit Matthias Müller und Rudi Fischerlehner;</p><p>ausgewählte Diskografie: • Berlin Abbozzi (FMP) • Sven Ake Johansson Quintett (hatOLOGY) • Bauer 4 (Jazzwerkstatt) • Die Harke und der Spaten (Umlaut Records) • Alchimia Organica (creative source rec.) • spontan in granit (creative source rec.) solo; • up and out (amiranirecords) • Berlin Art Quartet (unisono records);</p><p>Festival Auftritte: Maerzmusik Berlin, musicaviva München, Biennale Venedig, nuovaconsonanza Rom, Angelica Bologna, Wien Modern, Konfrontationen Nickelsdorf, Total Music Meeting Berlin, Kaleidophon Ulrichsberg, Ultima Oslo, Klangspuren Schwaz;</p>								</div>
				</div>
					</div>
		</div>
					</div>
		</section>
				<section class="elementor-section elementor-top-section elementor-element elementor-element-84257c7 elementor-section-boxed elementor-section-height-default elementor-section-height-default" data-id="84257c7" data-element_type="section" data-e-type="section">
						<div class="elementor-container elementor-column-gap-default">
					<div class="elementor-column elementor-col-100 elementor-top-column elementor-element elementor-element-b0dd4fa" data-id="b0dd4fa" data-element_type="column" data-e-type="column">
			<div class="elementor-widget-wrap elementor-element-populated">
							</div>
		</div>
					</div>
		</section>
				<section class="elementor-section elementor-top-section elementor-element elementor-element-23d7ef7 elementor-section-boxed elementor-section-height-default elementor-section-height-default" data-id="23d7ef7" data-element_type="section" data-e-type="section">
						<div class="elementor-container elementor-column-gap-default">
					<div class="elementor-column elementor-col-100 elementor-top-column elementor-element elementor-element-efcd1c4" data-id="efcd1c4" data-element_type="column" data-e-type="column">
			<div class="elementor-widget-wrap elementor-element-populated">
						<div class="elementor-element elementor-element-1e6e1ff elementor-widget elementor-widget-text-editor" data-id="1e6e1ff" data-element_type="widget" data-e-type="widget" data-widget_type="text-editor.default">
				<div class="elementor-widget-container">
									<a href="https://www.bauerbass.de" target="_blank" rel="noopener">www.bauerbass.de<span class="hu-external"></span></a>								</div>
				</div>
					</div>
		</div>
					</div>
		</section>
				</div>

<p>&lt;&lt; Matthias Bauer Foto: Mathias Bothor Matthias Bauer ist ein Kontrabassist, Improvisator und Komponist aus Berlin. Er ist spezialisiert in neuer Musik, führte ein breites Repertoire an Solo Kompositionen für Kontrabass auf und arbeitet&#46;&#46;&#46;</p>
