{"id":2593,"date":"2022-02-11T05:04:48","date_gmt":"2022-02-11T05:04:48","guid":{"rendered":"http:\/\/neue-musik-brandenburg.multisensoriale.de\/?page_id=2593"},"modified":"2022-02-26T10:12:43","modified_gmt":"2022-02-26T10:12:43","slug":"blumfabian","status":"publish","type":"page","link":"https:\/\/www.neue-musik-brandenburg.de\/en\/blumfabian\/","title":{"rendered":"Fabian Blum"},"content":{"rendered":"\t\t<div data-elementor-type=\"wp-page\" data-elementor-id=\"2593\" class=\"elementor elementor-2593\">\n\t\t\t\t\t\t<section class=\"elementor-section elementor-top-section elementor-element elementor-element-db208a0 elementor-section-boxed elementor-section-height-default elementor-section-height-default\" data-id=\"db208a0\" data-element_type=\"section\" data-e-type=\"section\">\n\t\t\t\t\t\t<div class=\"elementor-container elementor-column-gap-default\">\n\t\t\t\t\t<div class=\"elementor-column elementor-col-100 elementor-top-column elementor-element elementor-element-4f972af\" data-id=\"4f972af\" data-element_type=\"column\" data-e-type=\"column\">\n\t\t\t<div class=\"elementor-widget-wrap elementor-element-populated\">\n\t\t\t\t\t\t<div class=\"elementor-element elementor-element-c6c165f elementor-widget elementor-widget-text-editor\" data-id=\"c6c165f\" data-element_type=\"widget\" data-e-type=\"widget\" data-widget_type=\"text-editor.default\">\n\t\t\t\t<div class=\"elementor-widget-container\">\n\t\t\t\t\t\t\t\t\t<a id=\"r-mitglieder\" href=\"javascript:history.back()\">&lt;&lt;<\/a>\t\t\t\t\t\t\t\t<\/div>\n\t\t\t\t<\/div>\n\t\t\t\t\t<\/div>\n\t\t<\/div>\n\t\t\t\t\t<\/div>\n\t\t<\/section>\n\t\t\t\t<section class=\"elementor-section elementor-top-section elementor-element elementor-element-c36d764 elementor-section-boxed elementor-section-height-default elementor-section-height-default\" data-id=\"c36d764\" data-element_type=\"section\" data-e-type=\"section\">\n\t\t\t\t\t\t<div class=\"elementor-container elementor-column-gap-default\">\n\t\t\t\t\t<div class=\"elementor-column elementor-col-100 elementor-top-column elementor-element elementor-element-93f9922\" data-id=\"93f9922\" data-element_type=\"column\" data-e-type=\"column\">\n\t\t\t<div class=\"elementor-widget-wrap elementor-element-populated\">\n\t\t\t\t\t\t<div class=\"elementor-element elementor-element-68a7be7 elementor-widget elementor-widget-heading\" data-id=\"68a7be7\" data-element_type=\"widget\" data-e-type=\"widget\" data-widget_type=\"heading.default\">\n\t\t\t\t<div class=\"elementor-widget-container\">\n\t\t\t\t\t<h2 class=\"elementor-heading-title elementor-size-default\">Fabian Blum<\/h2>\t\t\t\t<\/div>\n\t\t\t\t<\/div>\n\t\t\t\t\t<\/div>\n\t\t<\/div>\n\t\t\t\t\t<\/div>\n\t\t<\/section>\n\t\t\t\t<section class=\"elementor-section elementor-top-section elementor-element elementor-element-79af510 elementor-section-boxed elementor-section-height-default elementor-section-height-default\" data-id=\"79af510\" data-element_type=\"section\" data-e-type=\"section\">\n\t\t\t\t\t\t<div class=\"elementor-container elementor-column-gap-default\">\n\t\t\t\t\t<div class=\"elementor-column elementor-col-25 elementor-top-column elementor-element elementor-element-4d0384b\" data-id=\"4d0384b\" data-element_type=\"column\" data-e-type=\"column\">\n\t\t\t<div class=\"elementor-widget-wrap elementor-element-populated\">\n\t\t\t\t\t\t<div class=\"elementor-element elementor-element-55c8c54 elementor-widget elementor-widget-image\" data-id=\"55c8c54\" data-element_type=\"widget\" data-e-type=\"widget\" data-widget_type=\"image.default\">\n\t\t\t\t<div class=\"elementor-widget-container\">\n\t\t\t\t\t\t\t\t\t\t\t\t<figure class=\"wp-caption\">\n\t\t\t\t\t\t\t\t\t\t<img fetchpriority=\"high\" decoding=\"async\" width=\"387\" height=\"452\" src=\"https:\/\/www.neue-musik-brandenburg.de\/wp-content\/uploads\/2022\/01\/fabian-blum.jpg\" class=\"attachment-large size-large wp-image-1612\" alt=\"\" srcset=\"https:\/\/www.neue-musik-brandenburg.de\/wp-content\/uploads\/2022\/01\/fabian-blum.jpg 387w, https:\/\/www.neue-musik-brandenburg.de\/wp-content\/uploads\/2022\/01\/fabian-blum-257x300.jpg 257w\" sizes=\"(max-width: 387px) 100vw, 387px\" \/>\t\t\t\t\t\t\t\t\t\t\t<figcaption class=\"widget-image-caption wp-caption-text\">Foto: Friedrich Mensing<\/figcaption>\n\t\t\t\t\t\t\t\t\t\t<\/figure>\n\t\t\t\t\t\t\t\t\t<\/div>\n\t\t\t\t<\/div>\n\t\t\t\t\t<\/div>\n\t\t<\/div>\n\t\t\t\t<div class=\"elementor-column elementor-col-25 elementor-top-column elementor-element elementor-element-41df22e\" data-id=\"41df22e\" data-element_type=\"column\" data-e-type=\"column\">\n\t\t\t<div class=\"elementor-widget-wrap\">\n\t\t\t\t\t\t\t<\/div>\n\t\t<\/div>\n\t\t\t\t<div class=\"elementor-column elementor-col-50 elementor-top-column elementor-element elementor-element-8c1ec10\" data-id=\"8c1ec10\" data-element_type=\"column\" data-e-type=\"column\">\n\t\t\t<div class=\"elementor-widget-wrap elementor-element-populated\">\n\t\t\t\t\t\t<div class=\"elementor-element elementor-element-8f956e3 elementor-widget elementor-widget-text-editor\" data-id=\"8f956e3\" data-element_type=\"widget\" data-e-type=\"widget\" data-widget_type=\"text-editor.default\">\n\t\t\t\t<div class=\"elementor-widget-container\">\n\t\t\t\t\t\t\t\t\t<div class=\"page\" title=\"Page 16\"><div class=\"section\"><div class=\"layoutArea\"><div class=\"column\"><p>Fabian Blum wurde im Jahr 2000 in Siegburg bei Bonn geboren, lebte aber seit fru\u0308hester Kindheit in der Na\u0308he von Berlin. Wa\u0308hrend seiner Kindheit und Jugend erhielt er Geigen-, Klavier-, Bratschen-\u00a0<span style=\"color: var( --e-global-color-text );\">und Orgelunterricht. Von 2009 bis 2<\/span><span style=\"color: var( --e-global-color-text );\">014 war er Sa\u0308nger im Staats- und\u00a0<\/span><span style=\"color: var( --e-global-color-text );\">Domchor Berlin und absolvierte als\u00a0<\/span><span style=\"color: var( --e-global-color-text );\">Chorknabe zahlreiche Auftritte mit\u00a0<\/span><span style=\"color: var( --e-global-color-text );\">namhaften Ensembles und Ku\u0308nst<\/span><span style=\"color: var( --e-global-color-text );\">lern wie beispielsweise den Berliner\u00a0<\/span><span style=\"color: var( --e-global-color-text );\">Philharmonikern und dem Rund<\/span><span style=\"color: var( --e-global-color-text );\">funkchor Berlin. Im Rahmen einer\u00a0<\/span><span style=\"color: var( --e-global-color-text );\">studienvorbereitenden Ausbildung\u00a0<\/span><span style=\"color: var( --e-global-color-text );\">an der Musikschule Reinickendorf,\u00a0<\/span><span style=\"color: var( --e-global-color-text );\">die er 2015 begann, erhielt er\u00a0<\/span><span style=\"color: var( --e-global-color-text );\">Kompositionsunterricht bei Peter\u00a0<\/span><span style=\"color: var( --e-global-color-text );\">Ko\u0308szeghy, mit dem er 2018 gemeinsam das Ensemble HDES gru\u0308ndete. Zusa\u0308tzlich erhielt er im Rahmen der Studienvorbereitung Instrumental- und Gesangsunterricht. Seit dem Wintersemester 2019\/20 studiert Fabian Blum an der Hochschule fu\u0308r Musik und Theater Mu\u0308nchen Komposition in der Klasse von Moritz Eggert. Er nimmt regen Anteil an der Online-Community der aktuellen Musik, la\u0308dt regelma\u0308\u00dfig Arbeiten auf Youtube hoch und beteiligt sich mit Beitra\u0308gen in sozialen Netzwerken.\u00a0<\/span><\/p><div class=\"page\" title=\"Page 16\"><div class=\"section\"><div class=\"layoutArea\"><div class=\"column\"><p>Fabian Blum gewann mehrere Preise, unter anderem den 2. Preis bei Jugend Komponiert Brandenburg sowie bei Jugend musiziert (komponiert) Berlin. Zweimal war er Preistra\u0308ger des Wettbewerbs Opus One der Berliner Philharmoniker. Hiermit verbunden waren Urauffu\u0308hrungen seiner Werke \u00bbDer Wind das Meer die Weite\u00ab und \u00bbAbschied\u00ab in der Philharmonie. 2020 wurde eine Komposition von ihm in das Repertoire des Carl von Ossietzky Kompositionswettbewerbs aufgenommen.\u00a0<\/p><\/div><\/div><\/div><\/div><\/div><\/div><\/div><\/div>\t\t\t\t\t\t\t\t<\/div>\n\t\t\t\t<\/div>\n\t\t\t\t\t<\/div>\n\t\t<\/div>\n\t\t\t\t\t<\/div>\n\t\t<\/section>\n\t\t\t\t<section class=\"elementor-section elementor-top-section elementor-element elementor-element-84257c7 elementor-section-boxed elementor-section-height-default elementor-section-height-default\" data-id=\"84257c7\" data-element_type=\"section\" data-e-type=\"section\">\n\t\t\t\t\t\t<div class=\"elementor-container elementor-column-gap-default\">\n\t\t\t\t\t<div class=\"elementor-column elementor-col-100 elementor-top-column elementor-element elementor-element-b0dd4fa\" data-id=\"b0dd4fa\" data-element_type=\"column\" data-e-type=\"column\">\n\t\t\t<div class=\"elementor-widget-wrap elementor-element-populated\">\n\t\t\t\t\t\t<div class=\"elementor-element elementor-element-262b54e elementor-widget elementor-widget-text-editor\" data-id=\"262b54e\" data-element_type=\"widget\" data-e-type=\"widget\" data-widget_type=\"text-editor.default\">\n\t\t\t\t<div class=\"elementor-widget-container\">\n\t\t\t\t\t\t\t\t\t<div class=\"page\" title=\"Page 16\"><div class=\"section\"><div class=\"layoutArea\"><div class=\"column\"><p>Meine k\u00fcnstlerische Arbeit folgt dem Ideal, eine m\u00f6glichst gro\u00dfe Bandbreite an Ideen und Ausdrucksformen darzustellen. Wir leben in Zeiten, in denen die Diversit\u00e4t und Flexibilit\u00e4t einen h\u00f6heren Stellenwert einnimmt als je zuvor. Dies zeigt sich in der zunehmenden Globalisierung, wodurch die Welt immer n\u00e4her zusammenr\u00fcckt und Kulturen sich auf Augenh\u00f6he begegnen k\u00f6nnten, die fr\u00fcher wenig miteinander gemeinsam hatten.<span class=\"Apple-converted-space\">\u00a0<\/span><\/p><p>Die Jugend der Europ\u00e4ischen Union f\u00fchlt sich mittlerweile nicht mehr allein ihrem Nationalstaat verbunden, sondern auch der europ\u00e4ischen Idee. Diese weltweite Entwicklung sollte sich auch in den K\u00fcnsten widerspiegeln. Mein Ziel ist es, vorhandene M\u00f6glichkeiten zu erschlie\u00dfen und vollends auszusch\u00f6pfen. Bei meiner k\u00fcnstlerischen T\u00e4tigkeit greife ich auf Elemente der klassischen Komposition, auf moderne Spieltechniken und auf Ausdrucksformen der elektronischen Musik zur\u00fcck. Diese Gebiete bieten einem Komponisten nahezu unersch\u00f6pfliche M\u00f6glichkeiten. Ausdruck meiner Experimentierfreudigkeit ist das St\u00fcck 13, welches allseits bekannte Ideen aufgreift: klassisch geschriebene Noten sowie Bestandteile eines herk\u00f6mmlichen modernen Gesellschaftsspiels. Die Kombination beider Elemente stellt hier den innovativen Teil dar. Im Ergebnis ist ein neues Interwerk aus einem Brettspiel und einem aleatorischen Kammermusikst\u00fcck entstanden. Weitere Schwerpunkte meiner k\u00fcnstlerischen Arbeit sind die Teilnahme an sozialen Medien sowie die Pr\u00e4sentation abgeschlossener und zuk\u00fcnftiger Projekte auf bestimmten Plattformen.<\/p><\/div><\/div><\/div><\/div>\t\t\t\t\t\t\t\t<\/div>\n\t\t\t\t<\/div>\n\t\t\t\t\t<\/div>\n\t\t<\/div>\n\t\t\t\t\t<\/div>\n\t\t<\/section>\n\t\t\t\t<section class=\"elementor-section elementor-top-section elementor-element elementor-element-7c2755d elementor-section-boxed elementor-section-height-default elementor-section-height-default\" data-id=\"7c2755d\" data-element_type=\"section\" data-e-type=\"section\">\n\t\t\t\t\t\t<div class=\"elementor-container elementor-column-gap-default\">\n\t\t\t\t\t<div class=\"elementor-column elementor-col-100 elementor-top-column elementor-element elementor-element-3363524\" data-id=\"3363524\" data-element_type=\"column\" data-e-type=\"column\">\n\t\t\t<div class=\"elementor-widget-wrap elementor-element-populated\">\n\t\t\t\t\t\t<div class=\"elementor-element elementor-element-d32a93f elementor-widget elementor-widget-text-editor\" data-id=\"d32a93f\" data-element_type=\"widget\" data-e-type=\"widget\" data-widget_type=\"text-editor.default\">\n\t\t\t\t<div class=\"elementor-widget-container\">\n\t\t\t\t\t\t\t\t\t<a href=\"https:\/\/www.fabianblum.de\" target=\"_blank\" rel=\"noopener\">www.fabianblum.de<span class=\"hu-external\"><\/span><\/a>\t\t\t\t\t\t\t\t<\/div>\n\t\t\t\t<\/div>\n\t\t\t\t\t<\/div>\n\t\t<\/div>\n\t\t\t\t\t<\/div>\n\t\t<\/section>\n\t\t\t\t<\/div>\n\t\t","protected":false},"excerpt":{"rendered":"<p>&lt;&lt; Fabian Blum Foto: Friedrich Mensing Fabian Blum wurde im Jahr 2000 in Siegburg bei Bonn geboren, lebte aber seit fru\u0308hester Kindheit in der Na\u0308he von Berlin. Wa\u0308hrend seiner Kindheit und Jugend erhielt er&#46;&#46;&#46;<\/p>\n","protected":false},"author":1,"featured_media":0,"parent":0,"menu_order":0,"comment_status":"closed","ping_status":"closed","template":"","meta":{"_custom_body_class":"","_custom_post_class":"","footnotes":""},"class_list":["post-2593","page","type-page","status-publish","hentry"],"translation":{"provider":"WPGlobus","version":"3.0.2","language":"en","enabled_languages":["de","en"],"languages":{"de":{"title":true,"content":true,"excerpt":false},"en":{"title":true,"content":false,"excerpt":false}}},"_links":{"self":[{"href":"https:\/\/www.neue-musik-brandenburg.de\/en\/wp-json\/wp\/v2\/pages\/2593","targetHints":{"allow":["GET"]}}],"collection":[{"href":"https:\/\/www.neue-musik-brandenburg.de\/en\/wp-json\/wp\/v2\/pages"}],"about":[{"href":"https:\/\/www.neue-musik-brandenburg.de\/en\/wp-json\/wp\/v2\/types\/page"}],"author":[{"embeddable":true,"href":"https:\/\/www.neue-musik-brandenburg.de\/en\/wp-json\/wp\/v2\/users\/1"}],"replies":[{"embeddable":true,"href":"https:\/\/www.neue-musik-brandenburg.de\/en\/wp-json\/wp\/v2\/comments?post=2593"}],"version-history":[{"count":41,"href":"https:\/\/www.neue-musik-brandenburg.de\/en\/wp-json\/wp\/v2\/pages\/2593\/revisions"}],"predecessor-version":[{"id":5303,"href":"https:\/\/www.neue-musik-brandenburg.de\/en\/wp-json\/wp\/v2\/pages\/2593\/revisions\/5303"}],"wp:attachment":[{"href":"https:\/\/www.neue-musik-brandenburg.de\/en\/wp-json\/wp\/v2\/media?parent=2593"}],"curies":[{"name":"wp","href":"https:\/\/api.w.org\/{rel}","templated":true}]}}

<div data-elementor-type="wp-page" data-elementor-id="2593" class="elementor elementor-2593">
						<section class="elementor-section elementor-top-section elementor-element elementor-element-db208a0 elementor-section-boxed elementor-section-height-default elementor-section-height-default" data-id="db208a0" data-element_type="section" data-e-type="section">
						<div class="elementor-container elementor-column-gap-default">
					<div class="elementor-column elementor-col-100 elementor-top-column elementor-element elementor-element-4f972af" data-id="4f972af" data-element_type="column" data-e-type="column">
			<div class="elementor-widget-wrap elementor-element-populated">
						<div class="elementor-element elementor-element-c6c165f elementor-widget elementor-widget-text-editor" data-id="c6c165f" data-element_type="widget" data-e-type="widget" data-widget_type="text-editor.default">
				<div class="elementor-widget-container">
									<a id="r-mitglieder" href="javascript:history.back()">&lt;&lt;</a>								</div>
				</div>
					</div>
		</div>
					</div>
		</section>
				<section class="elementor-section elementor-top-section elementor-element elementor-element-c36d764 elementor-section-boxed elementor-section-height-default elementor-section-height-default" data-id="c36d764" data-element_type="section" data-e-type="section">
						<div class="elementor-container elementor-column-gap-default">
					<div class="elementor-column elementor-col-100 elementor-top-column elementor-element elementor-element-93f9922" data-id="93f9922" data-element_type="column" data-e-type="column">
			<div class="elementor-widget-wrap elementor-element-populated">
						<div class="elementor-element elementor-element-68a7be7 elementor-widget elementor-widget-heading" data-id="68a7be7" data-element_type="widget" data-e-type="widget" data-widget_type="heading.default">
				<div class="elementor-widget-container">
					<h2 class="elementor-heading-title elementor-size-default">Fabian Blum</h2>				</div>
				</div>
					</div>
		</div>
					</div>
		</section>
				<section class="elementor-section elementor-top-section elementor-element elementor-element-79af510 elementor-section-boxed elementor-section-height-default elementor-section-height-default" data-id="79af510" data-element_type="section" data-e-type="section">
						<div class="elementor-container elementor-column-gap-default">
					<div class="elementor-column elementor-col-25 elementor-top-column elementor-element elementor-element-4d0384b" data-id="4d0384b" data-element_type="column" data-e-type="column">
			<div class="elementor-widget-wrap elementor-element-populated">
						<div class="elementor-element elementor-element-55c8c54 elementor-widget elementor-widget-image" data-id="55c8c54" data-element_type="widget" data-e-type="widget" data-widget_type="image.default">
				<div class="elementor-widget-container">
												<figure class="wp-caption">
										<img fetchpriority="high" decoding="async" width="387" height="452" src="https://www.neue-musik-brandenburg.de/wp-content/uploads/2022/01/fabian-blum.jpg" class="attachment-large size-large wp-image-1612" alt="" srcset="https://www.neue-musik-brandenburg.de/wp-content/uploads/2022/01/fabian-blum.jpg 387w, https://www.neue-musik-brandenburg.de/wp-content/uploads/2022/01/fabian-blum-257x300.jpg 257w" sizes="(max-width: 387px) 100vw, 387px" />											<figcaption class="widget-image-caption wp-caption-text">Foto: Friedrich Mensing</figcaption>
										</figure>
									</div>
				</div>
					</div>
		</div>
				<div class="elementor-column elementor-col-25 elementor-top-column elementor-element elementor-element-41df22e" data-id="41df22e" data-element_type="column" data-e-type="column">
			<div class="elementor-widget-wrap">
							</div>
		</div>
				<div class="elementor-column elementor-col-50 elementor-top-column elementor-element elementor-element-8c1ec10" data-id="8c1ec10" data-element_type="column" data-e-type="column">
			<div class="elementor-widget-wrap elementor-element-populated">
						<div class="elementor-element elementor-element-8f956e3 elementor-widget elementor-widget-text-editor" data-id="8f956e3" data-element_type="widget" data-e-type="widget" data-widget_type="text-editor.default">
				<div class="elementor-widget-container">
									<div class="page" title="Page 16"><div class="section"><div class="layoutArea"><div class="column"><p>Fabian Blum wurde im Jahr 2000 in Siegburg bei Bonn geboren, lebte aber seit frühester Kindheit in der Nähe von Berlin. Während seiner Kindheit und Jugend erhielt er Geigen-, Klavier-, Bratschen- <span style="color: var( --e-global-color-text );">und Orgelunterricht. Von 2009 bis 2</span><span style="color: var( --e-global-color-text );">014 war er Sänger im Staats- und </span><span style="color: var( --e-global-color-text );">Domchor Berlin und absolvierte als </span><span style="color: var( --e-global-color-text );">Chorknabe zahlreiche Auftritte mit </span><span style="color: var( --e-global-color-text );">namhaften Ensembles und Künst</span><span style="color: var( --e-global-color-text );">lern wie beispielsweise den Berliner </span><span style="color: var( --e-global-color-text );">Philharmonikern und dem Rund</span><span style="color: var( --e-global-color-text );">funkchor Berlin. Im Rahmen einer </span><span style="color: var( --e-global-color-text );">studienvorbereitenden Ausbildung </span><span style="color: var( --e-global-color-text );">an der Musikschule Reinickendorf, </span><span style="color: var( --e-global-color-text );">die er 2015 begann, erhielt er </span><span style="color: var( --e-global-color-text );">Kompositionsunterricht bei Peter </span><span style="color: var( --e-global-color-text );">Köszeghy, mit dem er 2018 gemeinsam das Ensemble HDES gründete. Zusätzlich erhielt er im Rahmen der Studienvorbereitung Instrumental- und Gesangsunterricht. Seit dem Wintersemester 2019/20 studiert Fabian Blum an der Hochschule für Musik und Theater München Komposition in der Klasse von Moritz Eggert. Er nimmt regen Anteil an der Online-Community der aktuellen Musik, lädt regelmäßig Arbeiten auf Youtube hoch und beteiligt sich mit Beiträgen in sozialen Netzwerken. </span></p><div class="page" title="Page 16"><div class="section"><div class="layoutArea"><div class="column"><p>Fabian Blum gewann mehrere Preise, unter anderem den 2. Preis bei Jugend Komponiert Brandenburg sowie bei Jugend musiziert (komponiert) Berlin. Zweimal war er Preisträger des Wettbewerbs Opus One der Berliner Philharmoniker. Hiermit verbunden waren Uraufführungen seiner Werke »Der Wind das Meer die Weite« und »Abschied« in der Philharmonie. 2020 wurde eine Komposition von ihm in das Repertoire des Carl von Ossietzky Kompositionswettbewerbs aufgenommen. </p></div></div></div></div></div></div></div></div>								</div>
				</div>
					</div>
		</div>
					</div>
		</section>
				<section class="elementor-section elementor-top-section elementor-element elementor-element-84257c7 elementor-section-boxed elementor-section-height-default elementor-section-height-default" data-id="84257c7" data-element_type="section" data-e-type="section">
						<div class="elementor-container elementor-column-gap-default">
					<div class="elementor-column elementor-col-100 elementor-top-column elementor-element elementor-element-b0dd4fa" data-id="b0dd4fa" data-element_type="column" data-e-type="column">
			<div class="elementor-widget-wrap elementor-element-populated">
						<div class="elementor-element elementor-element-262b54e elementor-widget elementor-widget-text-editor" data-id="262b54e" data-element_type="widget" data-e-type="widget" data-widget_type="text-editor.default">
				<div class="elementor-widget-container">
									<div class="page" title="Page 16"><div class="section"><div class="layoutArea"><div class="column"><p>Meine künstlerische Arbeit folgt dem Ideal, eine möglichst große Bandbreite an Ideen und Ausdrucksformen darzustellen. Wir leben in Zeiten, in denen die Diversität und Flexibilität einen höheren Stellenwert einnimmt als je zuvor. Dies zeigt sich in der zunehmenden Globalisierung, wodurch die Welt immer näher zusammenrückt und Kulturen sich auf Augenhöhe begegnen könnten, die früher wenig miteinander gemeinsam hatten.<span class="Apple-converted-space"> </span></p><p>Die Jugend der Europäischen Union fühlt sich mittlerweile nicht mehr allein ihrem Nationalstaat verbunden, sondern auch der europäischen Idee. Diese weltweite Entwicklung sollte sich auch in den Künsten widerspiegeln. Mein Ziel ist es, vorhandene Möglichkeiten zu erschließen und vollends auszuschöpfen. Bei meiner künstlerischen Tätigkeit greife ich auf Elemente der klassischen Komposition, auf moderne Spieltechniken und auf Ausdrucksformen der elektronischen Musik zurück. Diese Gebiete bieten einem Komponisten nahezu unerschöpfliche Möglichkeiten. Ausdruck meiner Experimentierfreudigkeit ist das Stück 13, welches allseits bekannte Ideen aufgreift: klassisch geschriebene Noten sowie Bestandteile eines herkömmlichen modernen Gesellschaftsspiels. Die Kombination beider Elemente stellt hier den innovativen Teil dar. Im Ergebnis ist ein neues Interwerk aus einem Brettspiel und einem aleatorischen Kammermusikstück entstanden. Weitere Schwerpunkte meiner künstlerischen Arbeit sind die Teilnahme an sozialen Medien sowie die Präsentation abgeschlossener und zukünftiger Projekte auf bestimmten Plattformen.</p></div></div></div></div>								</div>
				</div>
					</div>
		</div>
					</div>
		</section>
				<section class="elementor-section elementor-top-section elementor-element elementor-element-7c2755d elementor-section-boxed elementor-section-height-default elementor-section-height-default" data-id="7c2755d" data-element_type="section" data-e-type="section">
						<div class="elementor-container elementor-column-gap-default">
					<div class="elementor-column elementor-col-100 elementor-top-column elementor-element elementor-element-3363524" data-id="3363524" data-element_type="column" data-e-type="column">
			<div class="elementor-widget-wrap elementor-element-populated">
						<div class="elementor-element elementor-element-d32a93f elementor-widget elementor-widget-text-editor" data-id="d32a93f" data-element_type="widget" data-e-type="widget" data-widget_type="text-editor.default">
				<div class="elementor-widget-container">
									<a href="https://www.fabianblum.de" target="_blank" rel="noopener">www.fabianblum.de<span class="hu-external"></span></a>								</div>
				</div>
					</div>
		</div>
					</div>
		</section>
				</div>
