{"id":2726,"date":"2022-02-11T16:05:12","date_gmt":"2022-02-11T16:05:12","guid":{"rendered":"http:\/\/neue-musik-brandenburg.multisensoriale.de\/?page_id=2726"},"modified":"2022-03-08T06:17:56","modified_gmt":"2022-03-08T06:17:56","slug":"cyz-jan","status":"publish","type":"page","link":"https:\/\/www.neue-musik-brandenburg.de\/en\/cyz-jan\/","title":{"rendered":"Jan Cy\u017e"},"content":{"rendered":"\t\t<div data-elementor-type=\"wp-page\" data-elementor-id=\"2726\" class=\"elementor elementor-2726\">\n\t\t\t\t\t\t<section class=\"elementor-section elementor-top-section elementor-element elementor-element-e71c2a7 elementor-section-boxed elementor-section-height-default elementor-section-height-default\" data-id=\"e71c2a7\" data-element_type=\"section\" data-e-type=\"section\">\n\t\t\t\t\t\t<div class=\"elementor-container elementor-column-gap-default\">\n\t\t\t\t\t<div class=\"elementor-column elementor-col-100 elementor-top-column elementor-element elementor-element-1a47d6f\" data-id=\"1a47d6f\" data-element_type=\"column\" data-e-type=\"column\">\n\t\t\t<div class=\"elementor-widget-wrap elementor-element-populated\">\n\t\t\t\t\t\t<div class=\"elementor-element elementor-element-26c7f27 elementor-widget elementor-widget-text-editor\" data-id=\"26c7f27\" data-element_type=\"widget\" data-e-type=\"widget\" data-widget_type=\"text-editor.default\">\n\t\t\t\t<div class=\"elementor-widget-container\">\n\t\t\t\t\t\t\t\t\t<a id=\"r-mitglieder\" href=\"javascript:history.back()\">&lt;&lt;<\/a>\t\t\t\t\t\t\t\t<\/div>\n\t\t\t\t<\/div>\n\t\t\t\t\t<\/div>\n\t\t<\/div>\n\t\t\t\t\t<\/div>\n\t\t<\/section>\n\t\t\t\t<section class=\"elementor-section elementor-top-section elementor-element elementor-element-c36d764 elementor-section-boxed elementor-section-height-default elementor-section-height-default\" data-id=\"c36d764\" data-element_type=\"section\" data-e-type=\"section\">\n\t\t\t\t\t\t<div class=\"elementor-container elementor-column-gap-default\">\n\t\t\t\t\t<div class=\"elementor-column elementor-col-100 elementor-top-column elementor-element elementor-element-93f9922\" data-id=\"93f9922\" data-element_type=\"column\" data-e-type=\"column\">\n\t\t\t<div class=\"elementor-widget-wrap elementor-element-populated\">\n\t\t\t\t\t\t<div class=\"elementor-element elementor-element-68a7be7 elementor-widget elementor-widget-heading\" data-id=\"68a7be7\" data-element_type=\"widget\" data-e-type=\"widget\" data-widget_type=\"heading.default\">\n\t\t\t\t<div class=\"elementor-widget-container\">\n\t\t\t\t\t<h2 class=\"elementor-heading-title elementor-size-default\">Jan Cy\u017e<\/h2>\t\t\t\t<\/div>\n\t\t\t\t<\/div>\n\t\t\t\t\t<\/div>\n\t\t<\/div>\n\t\t\t\t\t<\/div>\n\t\t<\/section>\n\t\t\t\t<section class=\"elementor-section elementor-top-section elementor-element elementor-element-79af510 elementor-section-boxed elementor-section-height-default elementor-section-height-default\" data-id=\"79af510\" data-element_type=\"section\" data-e-type=\"section\">\n\t\t\t\t\t\t<div class=\"elementor-container elementor-column-gap-default\">\n\t\t\t\t\t<div class=\"elementor-column elementor-col-25 elementor-top-column elementor-element elementor-element-4d0384b\" data-id=\"4d0384b\" data-element_type=\"column\" data-e-type=\"column\">\n\t\t\t<div class=\"elementor-widget-wrap elementor-element-populated\">\n\t\t\t\t\t\t<div class=\"elementor-element elementor-element-55c8c54 elementor-widget elementor-widget-image\" data-id=\"55c8c54\" data-element_type=\"widget\" data-e-type=\"widget\" data-widget_type=\"image.default\">\n\t\t\t\t<div class=\"elementor-widget-container\">\n\t\t\t\t\t\t\t\t\t\t\t\t<figure class=\"wp-caption\">\n\t\t\t\t\t\t\t\t\t\t<img fetchpriority=\"high\" decoding=\"async\" width=\"1024\" height=\"683\" src=\"https:\/\/www.neue-musik-brandenburg.de\/wp-content\/uploads\/2022\/02\/Cyz-Portraitphoto-von-Carmen-Schumann-1024x683.jpg\" class=\"attachment-large size-large wp-image-3551\" alt=\"\" srcset=\"https:\/\/www.neue-musik-brandenburg.de\/wp-content\/uploads\/2022\/02\/Cyz-Portraitphoto-von-Carmen-Schumann-1024x683.jpg 1024w, https:\/\/www.neue-musik-brandenburg.de\/wp-content\/uploads\/2022\/02\/Cyz-Portraitphoto-von-Carmen-Schumann-300x200.jpg 300w, https:\/\/www.neue-musik-brandenburg.de\/wp-content\/uploads\/2022\/02\/Cyz-Portraitphoto-von-Carmen-Schumann-768x512.jpg 768w, https:\/\/www.neue-musik-brandenburg.de\/wp-content\/uploads\/2022\/02\/Cyz-Portraitphoto-von-Carmen-Schumann-1536x1024.jpg 1536w, https:\/\/www.neue-musik-brandenburg.de\/wp-content\/uploads\/2022\/02\/Cyz-Portraitphoto-von-Carmen-Schumann-2048x1365.jpg 2048w\" sizes=\"(max-width: 1024px) 100vw, 1024px\" \/>\t\t\t\t\t\t\t\t\t\t\t<figcaption class=\"widget-image-caption wp-caption-text\">Foto: Carmen Schumann<\/figcaption>\n\t\t\t\t\t\t\t\t\t\t<\/figure>\n\t\t\t\t\t\t\t\t\t<\/div>\n\t\t\t\t<\/div>\n\t\t\t\t\t<\/div>\n\t\t<\/div>\n\t\t\t\t<div class=\"elementor-column elementor-col-25 elementor-top-column elementor-element elementor-element-41df22e\" data-id=\"41df22e\" data-element_type=\"column\" data-e-type=\"column\">\n\t\t\t<div class=\"elementor-widget-wrap\">\n\t\t\t\t\t\t\t<\/div>\n\t\t<\/div>\n\t\t\t\t<div class=\"elementor-column elementor-col-50 elementor-top-column elementor-element elementor-element-8c1ec10\" data-id=\"8c1ec10\" data-element_type=\"column\" data-e-type=\"column\">\n\t\t\t<div class=\"elementor-widget-wrap elementor-element-populated\">\n\t\t\t\t\t\t<div class=\"elementor-element elementor-element-8f956e3 elementor-widget elementor-widget-text-editor\" data-id=\"8f956e3\" data-element_type=\"widget\" data-e-type=\"widget\" data-widget_type=\"text-editor.default\">\n\t\t\t\t<div class=\"elementor-widget-container\">\n\t\t\t\t\t\t\t\t\t<div title=\"Page 18\"><p>Jan Cy\u017e wurde 1955 in R\u00e4ckelwitz \/ Worklecy geboren, wuchs in Tschaschwitz\/C\u030casecy (Kreis Kamenz) auf und lebt seit langem in Bautzen\/Budy\u0161in. Seine erste musikalische Ausbildung erhielt er an der Musikschule Bautzen\/ Au\u00dfenstelle Kamenz im Fach Trompete. Zwischen 1983 und 1987 absolvierte er ein externes Studium f\u00fcr Gesang an der Hochschule f\u00fcr Musik \u00bbCarl Maria von Weber\u00ab in Dresden. Parallel dazu studierte er privat bei Juro Me\u030ct\u0161k Komposition und erg\u00e4nzte diese Studien 1987\/90 beim Dresdener Komponisten Wilfried Kr\u00e4tzschmar, die er mit einer entsprechenden Qualifikation abschloss. Von 1973 bis 2011 wirkte Jan Cy\u017e als Chors\u00e4nger im Sorbischen National-Ensemble in Bautzen, dem er bis zu seinem Ruhestand in diesem Jahr angeh\u00f6rte.1999 bekam er den C\u0301i\u0161inski-F\u00f6rderpreis. Nachdem sich sein bisheriges Schaffen anf\u00e4nglich mehr auf die Gebiete der Unterhaltungsmusik, Musik f\u00fcr die B\u00fchne und auch folkloristisch orientiertes Komponieren konzentrierte (mit Beitr\u00e4gen besonders auf das k\u00fcnstlerische Profil des Sorbischen National-Ensembles bezogen), entstanden seit etwa Mitte der 1980er Jahre zunehmend auch Werke avancierter Musik.<\/p><\/div>\t\t\t\t\t\t\t\t<\/div>\n\t\t\t\t<\/div>\n\t\t\t\t\t<\/div>\n\t\t<\/div>\n\t\t\t\t\t<\/div>\n\t\t<\/section>\n\t\t\t\t<section class=\"elementor-section elementor-top-section elementor-element elementor-element-84257c7 elementor-section-boxed elementor-section-height-default elementor-section-height-default\" data-id=\"84257c7\" data-element_type=\"section\" data-e-type=\"section\">\n\t\t\t\t\t\t<div class=\"elementor-container elementor-column-gap-default\">\n\t\t\t\t\t<div class=\"elementor-column elementor-col-100 elementor-top-column elementor-element elementor-element-b0dd4fa\" data-id=\"b0dd4fa\" data-element_type=\"column\" data-e-type=\"column\">\n\t\t\t<div class=\"elementor-widget-wrap\">\n\t\t\t\t\t\t\t<\/div>\n\t\t<\/div>\n\t\t\t\t\t<\/div>\n\t\t<\/section>\n\t\t\t\t<section class=\"elementor-section elementor-top-section elementor-element elementor-element-ba01666 elementor-section-boxed elementor-section-height-default elementor-section-height-default\" data-id=\"ba01666\" data-element_type=\"section\" data-e-type=\"section\">\n\t\t\t\t\t\t<div class=\"elementor-container elementor-column-gap-default\">\n\t\t\t\t\t<div class=\"elementor-column elementor-col-100 elementor-top-column elementor-element elementor-element-6ea2f2e\" data-id=\"6ea2f2e\" data-element_type=\"column\" data-e-type=\"column\">\n\t\t\t<div class=\"elementor-widget-wrap elementor-element-populated\">\n\t\t\t\t\t\t<div class=\"elementor-element elementor-element-262b54e elementor-widget elementor-widget-text-editor\" data-id=\"262b54e\" data-element_type=\"widget\" data-e-type=\"widget\" data-widget_type=\"text-editor.default\">\n\t\t\t\t<div class=\"elementor-widget-container\">\n\t\t\t\t\t\t\t\t\t<div title=\"Page 18\"><p>Gepr\u00e4gt wird mein kompositorisches Schaffen vor allem durch die 2. Wiener Schule, durch deren Begr\u00fcnder Arnold Sch\u00f6nberg, sowie durch seine Sch\u00fcler Alban Berg und Anton von Webern.\u00a0Besonderen Stellenwert bekommt jedoch die Kammer musik. Sie wird nicht mehr ausschlie\u00dflich in der konventionellen Besetzungsform angewandt, sondern es werden kleine instrumentale Gruppen hervorgebracht, welche in der Besetzung von unterschiedlicher Natur sind. Die klassische Streichquartett- und andere Formen werden ausgetauscht durch eine Verbindung von Instrumenten unterschiedlichen Charakters. Diese miteinander zu verbinden, ist der besondere Reiz, welcher in der bereits genannten 2. Wiener Schule \u00f6fters praktiziert wurde. Durch das Charakteristikum des jeweiligen Instruments (im weitest gehenden Sinne) in eine Klangvorstellung zu bringen und durch die musikalische Erfindung den spezifischen Gesamtklang zu erzielen, wird der kompositorische Vorgang f\u00fcr mich von besonderer Bedeutung.<br \/>Als Ausgangspunkt f\u00fcr mein bisheriges kompositorisches Schaffen war eine Zw\u00f6lftonreihe bestimmt, welche als das Ausgangsmaterial diente. Diese setzte sich, dem Inhalt der Komposition entsprechend, durch Spiegelungen oder durch andere Kompositionstechniken ein.<br \/>Auffallend beim H\u00f6ren oder beim Verfolgen der Partitur ist die K\u00fcrze der hier genannten Werke. Besondere Sympathie gilt (aus psychologischer Denkweise heraus) dem eins\u00e4tzigen kompositorischen Resultat. Es wird in der musikalischen Form die Aphoristik bekundet.<br \/>Speziell die Lieder sind sehr kurz, aber die Besetzung ist unterschiedlich.<br \/>Es ist meine Betrachtungsweise, welche den Versuch aufbringt, sie so darzustellen.<br \/>Die Aphoristik wird relevant bleiben.<\/p><\/div>\t\t\t\t\t\t\t\t<\/div>\n\t\t\t\t<\/div>\n\t\t\t\t\t<\/div>\n\t\t<\/div>\n\t\t\t\t\t<\/div>\n\t\t<\/section>\n\t\t\t\t<section class=\"elementor-section elementor-top-section elementor-element elementor-element-afd9451 elementor-section-boxed elementor-section-height-default elementor-section-height-default\" data-id=\"afd9451\" data-element_type=\"section\" data-e-type=\"section\">\n\t\t\t\t\t\t<div class=\"elementor-container elementor-column-gap-default\">\n\t\t\t\t\t<div class=\"elementor-column elementor-col-100 elementor-top-column elementor-element elementor-element-20b80f7\" data-id=\"20b80f7\" data-element_type=\"column\" data-e-type=\"column\">\n\t\t\t<div class=\"elementor-widget-wrap elementor-element-populated\">\n\t\t\t\t\t\t<div class=\"elementor-element elementor-element-8e151b9 elementor-widget elementor-widget-text-editor\" data-id=\"8e151b9\" data-element_type=\"widget\" data-e-type=\"widget\" data-widget_type=\"text-editor.default\">\n\t\t\t\t<div class=\"elementor-widget-container\">\n\t\t\t\t\t\t\t\t\t<a href=\"https:\/\/www.jancyz.com\" target=\"_blank\" rel=\"noopener\">www.jancyz.com<span class=\"hu-external\"><\/span><\/a>\t\t\t\t\t\t\t\t<\/div>\n\t\t\t\t<\/div>\n\t\t\t\t\t<\/div>\n\t\t<\/div>\n\t\t\t\t\t<\/div>\n\t\t<\/section>\n\t\t\t\t<\/div>\n\t\t","protected":false},"excerpt":{"rendered":"<p>&lt;&lt; Jan Cy\u017e Foto: Carmen Schumann Jan Cy\u017e wurde 1955 in R\u00e4ckelwitz \/ Worklecy geboren, wuchs in Tschaschwitz\/C\u030casecy (Kreis Kamenz) auf und lebt seit langem in Bautzen\/Budy\u0161in. Seine erste musikalische Ausbildung erhielt er an&#46;&#46;&#46;<\/p>\n","protected":false},"author":1,"featured_media":0,"parent":0,"menu_order":0,"comment_status":"closed","ping_status":"closed","template":"","meta":{"_custom_body_class":"","_custom_post_class":"","footnotes":""},"class_list":["post-2726","page","type-page","status-publish","hentry"],"translation":{"provider":"WPGlobus","version":"3.0.2","language":"en","enabled_languages":["de","en"],"languages":{"de":{"title":true,"content":true,"excerpt":false},"en":{"title":true,"content":false,"excerpt":false}}},"_links":{"self":[{"href":"https:\/\/www.neue-musik-brandenburg.de\/en\/wp-json\/wp\/v2\/pages\/2726","targetHints":{"allow":["GET"]}}],"collection":[{"href":"https:\/\/www.neue-musik-brandenburg.de\/en\/wp-json\/wp\/v2\/pages"}],"about":[{"href":"https:\/\/www.neue-musik-brandenburg.de\/en\/wp-json\/wp\/v2\/types\/page"}],"author":[{"embeddable":true,"href":"https:\/\/www.neue-musik-brandenburg.de\/en\/wp-json\/wp\/v2\/users\/1"}],"replies":[{"embeddable":true,"href":"https:\/\/www.neue-musik-brandenburg.de\/en\/wp-json\/wp\/v2\/comments?post=2726"}],"version-history":[{"count":31,"href":"https:\/\/www.neue-musik-brandenburg.de\/en\/wp-json\/wp\/v2\/pages\/2726\/revisions"}],"predecessor-version":[{"id":6320,"href":"https:\/\/www.neue-musik-brandenburg.de\/en\/wp-json\/wp\/v2\/pages\/2726\/revisions\/6320"}],"wp:attachment":[{"href":"https:\/\/www.neue-musik-brandenburg.de\/en\/wp-json\/wp\/v2\/media?parent=2726"}],"curies":[{"name":"wp","href":"https:\/\/api.w.org\/{rel}","templated":true}]}}

Jan Cyž

<div data-elementor-type="wp-page" data-elementor-id="2726" class="elementor elementor-2726">
						<section class="elementor-section elementor-top-section elementor-element elementor-element-e71c2a7 elementor-section-boxed elementor-section-height-default elementor-section-height-default" data-id="e71c2a7" data-element_type="section" data-e-type="section">
						<div class="elementor-container elementor-column-gap-default">
					<div class="elementor-column elementor-col-100 elementor-top-column elementor-element elementor-element-1a47d6f" data-id="1a47d6f" data-element_type="column" data-e-type="column">
			<div class="elementor-widget-wrap elementor-element-populated">
						<div class="elementor-element elementor-element-26c7f27 elementor-widget elementor-widget-text-editor" data-id="26c7f27" data-element_type="widget" data-e-type="widget" data-widget_type="text-editor.default">
				<div class="elementor-widget-container">
									<a id="r-mitglieder" href="javascript:history.back()">&lt;&lt;</a>								</div>
				</div>
					</div>
		</div>
					</div>
		</section>
				<section class="elementor-section elementor-top-section elementor-element elementor-element-c36d764 elementor-section-boxed elementor-section-height-default elementor-section-height-default" data-id="c36d764" data-element_type="section" data-e-type="section">
						<div class="elementor-container elementor-column-gap-default">
					<div class="elementor-column elementor-col-100 elementor-top-column elementor-element elementor-element-93f9922" data-id="93f9922" data-element_type="column" data-e-type="column">
			<div class="elementor-widget-wrap elementor-element-populated">
						<div class="elementor-element elementor-element-68a7be7 elementor-widget elementor-widget-heading" data-id="68a7be7" data-element_type="widget" data-e-type="widget" data-widget_type="heading.default">
				<div class="elementor-widget-container">
					<h2 class="elementor-heading-title elementor-size-default">Jan Cyž</h2>				</div>
				</div>
					</div>
		</div>
					</div>
		</section>
				<section class="elementor-section elementor-top-section elementor-element elementor-element-79af510 elementor-section-boxed elementor-section-height-default elementor-section-height-default" data-id="79af510" data-element_type="section" data-e-type="section">
						<div class="elementor-container elementor-column-gap-default">
					<div class="elementor-column elementor-col-25 elementor-top-column elementor-element elementor-element-4d0384b" data-id="4d0384b" data-element_type="column" data-e-type="column">
			<div class="elementor-widget-wrap elementor-element-populated">
						<div class="elementor-element elementor-element-55c8c54 elementor-widget elementor-widget-image" data-id="55c8c54" data-element_type="widget" data-e-type="widget" data-widget_type="image.default">
				<div class="elementor-widget-container">
												<figure class="wp-caption">
										<img fetchpriority="high" decoding="async" width="1024" height="683" src="https://www.neue-musik-brandenburg.de/wp-content/uploads/2022/02/Cyz-Portraitphoto-von-Carmen-Schumann-1024x683.jpg" class="attachment-large size-large wp-image-3551" alt="" srcset="https://www.neue-musik-brandenburg.de/wp-content/uploads/2022/02/Cyz-Portraitphoto-von-Carmen-Schumann-1024x683.jpg 1024w, https://www.neue-musik-brandenburg.de/wp-content/uploads/2022/02/Cyz-Portraitphoto-von-Carmen-Schumann-300x200.jpg 300w, https://www.neue-musik-brandenburg.de/wp-content/uploads/2022/02/Cyz-Portraitphoto-von-Carmen-Schumann-768x512.jpg 768w, https://www.neue-musik-brandenburg.de/wp-content/uploads/2022/02/Cyz-Portraitphoto-von-Carmen-Schumann-1536x1024.jpg 1536w, https://www.neue-musik-brandenburg.de/wp-content/uploads/2022/02/Cyz-Portraitphoto-von-Carmen-Schumann-2048x1365.jpg 2048w" sizes="(max-width: 1024px) 100vw, 1024px" />											<figcaption class="widget-image-caption wp-caption-text">Foto: Carmen Schumann</figcaption>
										</figure>
									</div>
				</div>
					</div>
		</div>
				<div class="elementor-column elementor-col-25 elementor-top-column elementor-element elementor-element-41df22e" data-id="41df22e" data-element_type="column" data-e-type="column">
			<div class="elementor-widget-wrap">
							</div>
		</div>
				<div class="elementor-column elementor-col-50 elementor-top-column elementor-element elementor-element-8c1ec10" data-id="8c1ec10" data-element_type="column" data-e-type="column">
			<div class="elementor-widget-wrap elementor-element-populated">
						<div class="elementor-element elementor-element-8f956e3 elementor-widget elementor-widget-text-editor" data-id="8f956e3" data-element_type="widget" data-e-type="widget" data-widget_type="text-editor.default">
				<div class="elementor-widget-container">
									<div title="Page 18"><p>Jan Cyž wurde 1955 in Räckelwitz / Worklecy geboren, wuchs in Tschaschwitz/Časecy (Kreis Kamenz) auf und lebt seit langem in Bautzen/Budyšin. Seine erste musikalische Ausbildung erhielt er an der Musikschule Bautzen/ Außenstelle Kamenz im Fach Trompete. Zwischen 1983 und 1987 absolvierte er ein externes Studium für Gesang an der Hochschule für Musik »Carl Maria von Weber« in Dresden. Parallel dazu studierte er privat bei Juro Mětšk Komposition und ergänzte diese Studien 1987/90 beim Dresdener Komponisten Wilfried Krätzschmar, die er mit einer entsprechenden Qualifikation abschloss. Von 1973 bis 2011 wirkte Jan Cyž als Chorsänger im Sorbischen National-Ensemble in Bautzen, dem er bis zu seinem Ruhestand in diesem Jahr angehörte.1999 bekam er den Ćišinski-Förderpreis. Nachdem sich sein bisheriges Schaffen anfänglich mehr auf die Gebiete der Unterhaltungsmusik, Musik für die Bühne und auch folkloristisch orientiertes Komponieren konzentrierte (mit Beiträgen besonders auf das künstlerische Profil des Sorbischen National-Ensembles bezogen), entstanden seit etwa Mitte der 1980er Jahre zunehmend auch Werke avancierter Musik.</p></div>								</div>
				</div>
					</div>
		</div>
					</div>
		</section>
				<section class="elementor-section elementor-top-section elementor-element elementor-element-84257c7 elementor-section-boxed elementor-section-height-default elementor-section-height-default" data-id="84257c7" data-element_type="section" data-e-type="section">
						<div class="elementor-container elementor-column-gap-default">
					<div class="elementor-column elementor-col-100 elementor-top-column elementor-element elementor-element-b0dd4fa" data-id="b0dd4fa" data-element_type="column" data-e-type="column">
			<div class="elementor-widget-wrap">
							</div>
		</div>
					</div>
		</section>
				<section class="elementor-section elementor-top-section elementor-element elementor-element-ba01666 elementor-section-boxed elementor-section-height-default elementor-section-height-default" data-id="ba01666" data-element_type="section" data-e-type="section">
						<div class="elementor-container elementor-column-gap-default">
					<div class="elementor-column elementor-col-100 elementor-top-column elementor-element elementor-element-6ea2f2e" data-id="6ea2f2e" data-element_type="column" data-e-type="column">
			<div class="elementor-widget-wrap elementor-element-populated">
						<div class="elementor-element elementor-element-262b54e elementor-widget elementor-widget-text-editor" data-id="262b54e" data-element_type="widget" data-e-type="widget" data-widget_type="text-editor.default">
				<div class="elementor-widget-container">
									<div title="Page 18"><p>Geprägt wird mein kompositorisches Schaffen vor allem durch die 2. Wiener Schule, durch deren Begründer Arnold Schönberg, sowie durch seine Schüler Alban Berg und Anton von Webern. Besonderen Stellenwert bekommt jedoch die Kammer musik. Sie wird nicht mehr ausschließlich in der konventionellen Besetzungsform angewandt, sondern es werden kleine instrumentale Gruppen hervorgebracht, welche in der Besetzung von unterschiedlicher Natur sind. Die klassische Streichquartett- und andere Formen werden ausgetauscht durch eine Verbindung von Instrumenten unterschiedlichen Charakters. Diese miteinander zu verbinden, ist der besondere Reiz, welcher in der bereits genannten 2. Wiener Schule öfters praktiziert wurde. Durch das Charakteristikum des jeweiligen Instruments (im weitest gehenden Sinne) in eine Klangvorstellung zu bringen und durch die musikalische Erfindung den spezifischen Gesamtklang zu erzielen, wird der kompositorische Vorgang für mich von besonderer Bedeutung.<br />Als Ausgangspunkt für mein bisheriges kompositorisches Schaffen war eine Zwölftonreihe bestimmt, welche als das Ausgangsmaterial diente. Diese setzte sich, dem Inhalt der Komposition entsprechend, durch Spiegelungen oder durch andere Kompositionstechniken ein.<br />Auffallend beim Hören oder beim Verfolgen der Partitur ist die Kürze der hier genannten Werke. Besondere Sympathie gilt (aus psychologischer Denkweise heraus) dem einsätzigen kompositorischen Resultat. Es wird in der musikalischen Form die Aphoristik bekundet.<br />Speziell die Lieder sind sehr kurz, aber die Besetzung ist unterschiedlich.<br />Es ist meine Betrachtungsweise, welche den Versuch aufbringt, sie so darzustellen.<br />Die Aphoristik wird relevant bleiben.</p></div>								</div>
				</div>
					</div>
		</div>
					</div>
		</section>
				<section class="elementor-section elementor-top-section elementor-element elementor-element-afd9451 elementor-section-boxed elementor-section-height-default elementor-section-height-default" data-id="afd9451" data-element_type="section" data-e-type="section">
						<div class="elementor-container elementor-column-gap-default">
					<div class="elementor-column elementor-col-100 elementor-top-column elementor-element elementor-element-20b80f7" data-id="20b80f7" data-element_type="column" data-e-type="column">
			<div class="elementor-widget-wrap elementor-element-populated">
						<div class="elementor-element elementor-element-8e151b9 elementor-widget elementor-widget-text-editor" data-id="8e151b9" data-element_type="widget" data-e-type="widget" data-widget_type="text-editor.default">
				<div class="elementor-widget-container">
									<a href="https://www.jancyz.com" target="_blank" rel="noopener">www.jancyz.com<span class="hu-external"></span></a>								</div>
				</div>
					</div>
		</div>
					</div>
		</section>
				</div>

<p>&lt;&lt; Jan Cyž Foto: Carmen Schumann Jan Cyž wurde 1955 in Räckelwitz / Worklecy geboren, wuchs in Tschaschwitz/Časecy (Kreis Kamenz) auf und lebt seit langem in Bautzen/Budyšin. Seine erste musikalische Ausbildung erhielt er an&#46;&#46;&#46;</p>
