{"id":2742,"date":"2022-02-12T05:58:08","date_gmt":"2022-02-12T05:58:08","guid":{"rendered":"http:\/\/neue-musik-brandenburg.multisensoriale.de\/?page_id=2742"},"modified":"2022-03-08T06:30:42","modified_gmt":"2022-03-08T06:30:42","slug":"elikowski-winkler-sebastian","status":"publish","type":"page","link":"https:\/\/www.neue-musik-brandenburg.de\/en\/elikowski-winkler-sebastian\/","title":{"rendered":"Sebastian Elikowski-Winkler"},"content":{"rendered":"\t\t<div data-elementor-type=\"wp-page\" data-elementor-id=\"2742\" class=\"elementor elementor-2742\">\n\t\t\t\t\t\t<section class=\"elementor-section elementor-top-section elementor-element elementor-element-bd8c6fa elementor-section-boxed elementor-section-height-default elementor-section-height-default\" data-id=\"bd8c6fa\" data-element_type=\"section\" data-e-type=\"section\">\n\t\t\t\t\t\t<div class=\"elementor-container elementor-column-gap-default\">\n\t\t\t\t\t<div class=\"elementor-column elementor-col-100 elementor-top-column elementor-element elementor-element-b7bdb97\" data-id=\"b7bdb97\" data-element_type=\"column\" data-e-type=\"column\">\n\t\t\t<div class=\"elementor-widget-wrap elementor-element-populated\">\n\t\t\t\t\t\t<div class=\"elementor-element elementor-element-c2b5a22 elementor-widget elementor-widget-text-editor\" data-id=\"c2b5a22\" data-element_type=\"widget\" data-e-type=\"widget\" data-widget_type=\"text-editor.default\">\n\t\t\t\t<div class=\"elementor-widget-container\">\n\t\t\t\t\t\t\t\t\t<a id=\"r-mitglieder\" href=\"javascript:history.back()\">&lt;&lt;<\/a>\t\t\t\t\t\t\t\t<\/div>\n\t\t\t\t<\/div>\n\t\t\t\t\t<\/div>\n\t\t<\/div>\n\t\t\t\t\t<\/div>\n\t\t<\/section>\n\t\t\t\t<section class=\"elementor-section elementor-top-section elementor-element elementor-element-c36d764 elementor-section-boxed elementor-section-height-default elementor-section-height-default\" data-id=\"c36d764\" data-element_type=\"section\" data-e-type=\"section\">\n\t\t\t\t\t\t<div class=\"elementor-container elementor-column-gap-default\">\n\t\t\t\t\t<div class=\"elementor-column elementor-col-100 elementor-top-column elementor-element elementor-element-93f9922\" data-id=\"93f9922\" data-element_type=\"column\" data-e-type=\"column\">\n\t\t\t<div class=\"elementor-widget-wrap elementor-element-populated\">\n\t\t\t\t\t\t<div class=\"elementor-element elementor-element-68a7be7 elementor-widget elementor-widget-heading\" data-id=\"68a7be7\" data-element_type=\"widget\" data-e-type=\"widget\" data-widget_type=\"heading.default\">\n\t\t\t\t<div class=\"elementor-widget-container\">\n\t\t\t\t\t<h2 class=\"elementor-heading-title elementor-size-default\">Sebastian Elikowski-Winkler<\/h2>\t\t\t\t<\/div>\n\t\t\t\t<\/div>\n\t\t\t\t\t<\/div>\n\t\t<\/div>\n\t\t\t\t\t<\/div>\n\t\t<\/section>\n\t\t\t\t<section class=\"elementor-section elementor-top-section elementor-element elementor-element-79af510 elementor-section-boxed elementor-section-height-default elementor-section-height-default\" data-id=\"79af510\" data-element_type=\"section\" data-e-type=\"section\">\n\t\t\t\t\t\t<div class=\"elementor-container elementor-column-gap-default\">\n\t\t\t\t\t<div class=\"elementor-column elementor-col-25 elementor-top-column elementor-element elementor-element-4d0384b\" data-id=\"4d0384b\" data-element_type=\"column\" data-e-type=\"column\">\n\t\t\t<div class=\"elementor-widget-wrap elementor-element-populated\">\n\t\t\t\t\t\t<div class=\"elementor-element elementor-element-55c8c54 elementor-widget elementor-widget-image\" data-id=\"55c8c54\" data-element_type=\"widget\" data-e-type=\"widget\" data-widget_type=\"image.default\">\n\t\t\t\t<div class=\"elementor-widget-container\">\n\t\t\t\t\t\t\t\t\t\t\t\t<figure class=\"wp-caption\">\n\t\t\t\t\t\t\t\t\t\t<img fetchpriority=\"high\" decoding=\"async\" width=\"681\" height=\"1024\" src=\"https:\/\/www.neue-musik-brandenburg.de\/wp-content\/uploads\/2022\/02\/Elikowski_Mari\u2560ueaRu\u2560uenarsdo\u2560uettir-681x1024.jpg\" class=\"attachment-large size-large wp-image-4193\" alt=\"\" srcset=\"https:\/\/www.neue-musik-brandenburg.de\/wp-content\/uploads\/2022\/02\/Elikowski_Mari\u2560ueaRu\u2560uenarsdo\u2560uettir-681x1024.jpg 681w, https:\/\/www.neue-musik-brandenburg.de\/wp-content\/uploads\/2022\/02\/Elikowski_Mari\u2560ueaRu\u2560uenarsdo\u2560uettir-200x300.jpg 200w, https:\/\/www.neue-musik-brandenburg.de\/wp-content\/uploads\/2022\/02\/Elikowski_Mari\u2560ueaRu\u2560uenarsdo\u2560uettir-768x1154.jpg 768w, https:\/\/www.neue-musik-brandenburg.de\/wp-content\/uploads\/2022\/02\/Elikowski_Mari\u2560ueaRu\u2560uenarsdo\u2560uettir-1022x1536.jpg 1022w, https:\/\/www.neue-musik-brandenburg.de\/wp-content\/uploads\/2022\/02\/Elikowski_Mari\u2560ueaRu\u2560uenarsdo\u2560uettir-1363x2048.jpg 1363w, https:\/\/www.neue-musik-brandenburg.de\/wp-content\/uploads\/2022\/02\/Elikowski_Mari\u2560ueaRu\u2560uenarsdo\u2560uettir-scaled.jpg 1703w\" sizes=\"(max-width: 681px) 100vw, 681px\" \/>\t\t\t\t\t\t\t\t\t\t\t<figcaption class=\"widget-image-caption wp-caption-text\">Foto: Maria R\u00fcnarsdottir<\/figcaption>\n\t\t\t\t\t\t\t\t\t\t<\/figure>\n\t\t\t\t\t\t\t\t\t<\/div>\n\t\t\t\t<\/div>\n\t\t\t\t\t<\/div>\n\t\t<\/div>\n\t\t\t\t<div class=\"elementor-column elementor-col-25 elementor-top-column elementor-element elementor-element-41df22e\" data-id=\"41df22e\" data-element_type=\"column\" data-e-type=\"column\">\n\t\t\t<div class=\"elementor-widget-wrap\">\n\t\t\t\t\t\t\t<\/div>\n\t\t<\/div>\n\t\t\t\t<div class=\"elementor-column elementor-col-50 elementor-top-column elementor-element elementor-element-8c1ec10\" data-id=\"8c1ec10\" data-element_type=\"column\" data-e-type=\"column\">\n\t\t\t<div class=\"elementor-widget-wrap elementor-element-populated\">\n\t\t\t\t\t\t<div class=\"elementor-element elementor-element-8f956e3 elementor-widget elementor-widget-text-editor\" data-id=\"8f956e3\" data-element_type=\"widget\" data-e-type=\"widget\" data-widget_type=\"text-editor.default\">\n\t\t\t\t<div class=\"elementor-widget-container\">\n\t\t\t\t\t\t\t\t\t<div class=\"page\" title=\"Page 22\"><div class=\"section\"><div class=\"layoutArea\"><div class=\"column\"><p>Sebastian Elikowski-Winkler (*1978) studierte Komposition bei Friedrich Goldmann an der Universit\u00e4t der K\u00fcnste Berlin (Diplom 2005), bei Marek Kopelent an der Musikakademie Prag HAMU sowie bei Vladimir Tarnopolski am Moskauer Tschaikowski Konservatorium. Daneben war er Privatsch\u00fcler von G\u00fcnter Mayer. Weitere Studien der Musikwissenschaft, Kunstgeschichte und Architektur f\u00fchrten ihn an die Technische Universit\u00e4t Berlin. F\u00fcr seine Arbeit erhielt er verschiedene Preise und Auszeichnungen.<\/p><\/div><\/div><\/div><\/div>\t\t\t\t\t\t\t\t<\/div>\n\t\t\t\t<\/div>\n\t\t\t\t\t<\/div>\n\t\t<\/div>\n\t\t\t\t\t<\/div>\n\t\t<\/section>\n\t\t\t\t<section class=\"elementor-section elementor-top-section elementor-element elementor-element-84257c7 elementor-section-boxed elementor-section-height-default elementor-section-height-default\" data-id=\"84257c7\" data-element_type=\"section\" data-e-type=\"section\">\n\t\t\t\t\t\t<div class=\"elementor-container elementor-column-gap-default\">\n\t\t\t\t\t<div class=\"elementor-column elementor-col-100 elementor-top-column elementor-element elementor-element-b0dd4fa\" data-id=\"b0dd4fa\" data-element_type=\"column\" data-e-type=\"column\">\n\t\t\t<div class=\"elementor-widget-wrap elementor-element-populated\">\n\t\t\t\t\t\t<div class=\"elementor-element elementor-element-262b54e elementor-widget elementor-widget-text-editor\" data-id=\"262b54e\" data-element_type=\"widget\" data-e-type=\"widget\" data-widget_type=\"text-editor.default\">\n\t\t\t\t<div class=\"elementor-widget-container\">\n\t\t\t\t\t\t\t\t\t<div class=\"page\" title=\"Page 22\"><div class=\"section\"><div class=\"layoutArea\"><div class=\"column\"><p><strong>manuskript I<\/strong> <em>(nach einem Brief von Lew Nikolajewitsch Tolstoi) fu\u0308r drei Blockflo\u0308ten, Orgelpositiv und Zuspiele<\/em><br \/>Handschriften faszinieren mich mindestens ebenso lange wie graphische Partituren, die U\u0308bersetzbarkeit fru\u0308her Notenschriften ebenso, wie die Mo\u0308glichkeit der Verschriftlichung von Volksmusik.<br \/>Mein Stu\u0308ck \u00bbmanuskript I\u00ab bedient sich der Handschrift Lew Tolstois, voll von Korrekturen und Anmerkungen, fu\u0308r sich genommen fast schon eine graphische Partitur. Elemente seiner Handschrift bilden die Grundlage fu\u0308r improvisatorische Elemente, die indiviuell von jedem Musiker interpretiert werden mu\u0308ssen. Die zeitliche Struktur, ebenso wie die Organisation eines Netzes von Ankerto\u0308nen, sind streng seriell organisiert. Wa\u0308hrend einerseits eine immer dichter werdende Harmonie entsteht, korrespondieren drei Blockflo\u0308ten in immer neue Konstellationen miteinander.<\/p><\/div><\/div><\/div><\/div>\t\t\t\t\t\t\t\t<\/div>\n\t\t\t\t<\/div>\n\t\t\t\t\t<\/div>\n\t\t<\/div>\n\t\t\t\t\t<\/div>\n\t\t<\/section>\n\t\t\t\t<section class=\"elementor-section elementor-top-section elementor-element elementor-element-5fc608a elementor-section-boxed elementor-section-height-default elementor-section-height-default\" data-id=\"5fc608a\" data-element_type=\"section\" data-e-type=\"section\">\n\t\t\t\t\t\t<div class=\"elementor-container elementor-column-gap-default\">\n\t\t\t\t\t<div class=\"elementor-column elementor-col-100 elementor-top-column elementor-element elementor-element-4c58cd5\" data-id=\"4c58cd5\" data-element_type=\"column\" data-e-type=\"column\">\n\t\t\t<div class=\"elementor-widget-wrap elementor-element-populated\">\n\t\t\t\t\t\t<div class=\"elementor-element elementor-element-bbf6711 elementor-widget elementor-widget-text-editor\" data-id=\"bbf6711\" data-element_type=\"widget\" data-e-type=\"widget\" data-widget_type=\"text-editor.default\">\n\t\t\t\t<div class=\"elementor-widget-container\">\n\t\t\t\t\t\t\t\t\t<a href=\"https:\/\/www.elikowski-winkler.de\" target=\"_blank\" rel=\"noopener\">www.elikowski-winkler.de<span class=\"hu-external\"><\/span><\/a>\t\t\t\t\t\t\t\t<\/div>\n\t\t\t\t<\/div>\n\t\t\t\t\t<\/div>\n\t\t<\/div>\n\t\t\t\t\t<\/div>\n\t\t<\/section>\n\t\t\t\t<\/div>\n\t\t","protected":false},"excerpt":{"rendered":"<p>&lt;&lt; Sebastian Elikowski-Winkler Foto: Maria R\u00fcnarsdottir Sebastian Elikowski-Winkler (*1978) studierte Komposition bei Friedrich Goldmann an der Universit\u00e4t der K\u00fcnste Berlin (Diplom 2005), bei Marek Kopelent an der Musikakademie Prag HAMU sowie bei Vladimir Tarnopolski&#46;&#46;&#46;<\/p>\n","protected":false},"author":1,"featured_media":0,"parent":0,"menu_order":0,"comment_status":"closed","ping_status":"closed","template":"","meta":{"_custom_body_class":"","_custom_post_class":"","footnotes":""},"class_list":["post-2742","page","type-page","status-publish","hentry"],"translation":{"provider":"WPGlobus","version":"3.0.2","language":"en","enabled_languages":["de","en"],"languages":{"de":{"title":true,"content":true,"excerpt":false},"en":{"title":true,"content":false,"excerpt":false}}},"_links":{"self":[{"href":"https:\/\/www.neue-musik-brandenburg.de\/en\/wp-json\/wp\/v2\/pages\/2742","targetHints":{"allow":["GET"]}}],"collection":[{"href":"https:\/\/www.neue-musik-brandenburg.de\/en\/wp-json\/wp\/v2\/pages"}],"about":[{"href":"https:\/\/www.neue-musik-brandenburg.de\/en\/wp-json\/wp\/v2\/types\/page"}],"author":[{"embeddable":true,"href":"https:\/\/www.neue-musik-brandenburg.de\/en\/wp-json\/wp\/v2\/users\/1"}],"replies":[{"embeddable":true,"href":"https:\/\/www.neue-musik-brandenburg.de\/en\/wp-json\/wp\/v2\/comments?post=2742"}],"version-history":[{"count":31,"href":"https:\/\/www.neue-musik-brandenburg.de\/en\/wp-json\/wp\/v2\/pages\/2742\/revisions"}],"predecessor-version":[{"id":6351,"href":"https:\/\/www.neue-musik-brandenburg.de\/en\/wp-json\/wp\/v2\/pages\/2742\/revisions\/6351"}],"wp:attachment":[{"href":"https:\/\/www.neue-musik-brandenburg.de\/en\/wp-json\/wp\/v2\/media?parent=2742"}],"curies":[{"name":"wp","href":"https:\/\/api.w.org\/{rel}","templated":true}]}}

<div data-elementor-type="wp-page" data-elementor-id="2742" class="elementor elementor-2742">
						<section class="elementor-section elementor-top-section elementor-element elementor-element-bd8c6fa elementor-section-boxed elementor-section-height-default elementor-section-height-default" data-id="bd8c6fa" data-element_type="section" data-e-type="section">
						<div class="elementor-container elementor-column-gap-default">
					<div class="elementor-column elementor-col-100 elementor-top-column elementor-element elementor-element-b7bdb97" data-id="b7bdb97" data-element_type="column" data-e-type="column">
			<div class="elementor-widget-wrap elementor-element-populated">
						<div class="elementor-element elementor-element-c2b5a22 elementor-widget elementor-widget-text-editor" data-id="c2b5a22" data-element_type="widget" data-e-type="widget" data-widget_type="text-editor.default">
				<div class="elementor-widget-container">
									<a id="r-mitglieder" href="javascript:history.back()">&lt;&lt;</a>								</div>
				</div>
					</div>
		</div>
					</div>
		</section>
				<section class="elementor-section elementor-top-section elementor-element elementor-element-c36d764 elementor-section-boxed elementor-section-height-default elementor-section-height-default" data-id="c36d764" data-element_type="section" data-e-type="section">
						<div class="elementor-container elementor-column-gap-default">
					<div class="elementor-column elementor-col-100 elementor-top-column elementor-element elementor-element-93f9922" data-id="93f9922" data-element_type="column" data-e-type="column">
			<div class="elementor-widget-wrap elementor-element-populated">
						<div class="elementor-element elementor-element-68a7be7 elementor-widget elementor-widget-heading" data-id="68a7be7" data-element_type="widget" data-e-type="widget" data-widget_type="heading.default">
				<div class="elementor-widget-container">
					<h2 class="elementor-heading-title elementor-size-default">Sebastian Elikowski-Winkler</h2>				</div>
				</div>
					</div>
		</div>
					</div>
		</section>
				<section class="elementor-section elementor-top-section elementor-element elementor-element-79af510 elementor-section-boxed elementor-section-height-default elementor-section-height-default" data-id="79af510" data-element_type="section" data-e-type="section">
						<div class="elementor-container elementor-column-gap-default">
					<div class="elementor-column elementor-col-25 elementor-top-column elementor-element elementor-element-4d0384b" data-id="4d0384b" data-element_type="column" data-e-type="column">
			<div class="elementor-widget-wrap elementor-element-populated">
						<div class="elementor-element elementor-element-55c8c54 elementor-widget elementor-widget-image" data-id="55c8c54" data-element_type="widget" data-e-type="widget" data-widget_type="image.default">
				<div class="elementor-widget-container">
												<figure class="wp-caption">
										<img fetchpriority="high" decoding="async" width="681" height="1024" src="https://www.neue-musik-brandenburg.de/wp-content/uploads/2022/02/Elikowski_Mari╠ueaRu╠uenarsdo╠uettir-681x1024.jpg" class="attachment-large size-large wp-image-4193" alt="" srcset="https://www.neue-musik-brandenburg.de/wp-content/uploads/2022/02/Elikowski_Mari╠ueaRu╠uenarsdo╠uettir-681x1024.jpg 681w, https://www.neue-musik-brandenburg.de/wp-content/uploads/2022/02/Elikowski_Mari╠ueaRu╠uenarsdo╠uettir-200x300.jpg 200w, https://www.neue-musik-brandenburg.de/wp-content/uploads/2022/02/Elikowski_Mari╠ueaRu╠uenarsdo╠uettir-768x1154.jpg 768w, https://www.neue-musik-brandenburg.de/wp-content/uploads/2022/02/Elikowski_Mari╠ueaRu╠uenarsdo╠uettir-1022x1536.jpg 1022w, https://www.neue-musik-brandenburg.de/wp-content/uploads/2022/02/Elikowski_Mari╠ueaRu╠uenarsdo╠uettir-1363x2048.jpg 1363w, https://www.neue-musik-brandenburg.de/wp-content/uploads/2022/02/Elikowski_Mari╠ueaRu╠uenarsdo╠uettir-scaled.jpg 1703w" sizes="(max-width: 681px) 100vw, 681px" />											<figcaption class="widget-image-caption wp-caption-text">Foto: Maria Rünarsdottir</figcaption>
										</figure>
									</div>
				</div>
					</div>
		</div>
				<div class="elementor-column elementor-col-25 elementor-top-column elementor-element elementor-element-41df22e" data-id="41df22e" data-element_type="column" data-e-type="column">
			<div class="elementor-widget-wrap">
							</div>
		</div>
				<div class="elementor-column elementor-col-50 elementor-top-column elementor-element elementor-element-8c1ec10" data-id="8c1ec10" data-element_type="column" data-e-type="column">
			<div class="elementor-widget-wrap elementor-element-populated">
						<div class="elementor-element elementor-element-8f956e3 elementor-widget elementor-widget-text-editor" data-id="8f956e3" data-element_type="widget" data-e-type="widget" data-widget_type="text-editor.default">
				<div class="elementor-widget-container">
									<div class="page" title="Page 22"><div class="section"><div class="layoutArea"><div class="column"><p>Sebastian Elikowski-Winkler (*1978) studierte Komposition bei Friedrich Goldmann an der Universität der Künste Berlin (Diplom 2005), bei Marek Kopelent an der Musikakademie Prag HAMU sowie bei Vladimir Tarnopolski am Moskauer Tschaikowski Konservatorium. Daneben war er Privatschüler von Günter Mayer. Weitere Studien der Musikwissenschaft, Kunstgeschichte und Architektur führten ihn an die Technische Universität Berlin. Für seine Arbeit erhielt er verschiedene Preise und Auszeichnungen.</p></div></div></div></div>								</div>
				</div>
					</div>
		</div>
					</div>
		</section>
				<section class="elementor-section elementor-top-section elementor-element elementor-element-84257c7 elementor-section-boxed elementor-section-height-default elementor-section-height-default" data-id="84257c7" data-element_type="section" data-e-type="section">
						<div class="elementor-container elementor-column-gap-default">
					<div class="elementor-column elementor-col-100 elementor-top-column elementor-element elementor-element-b0dd4fa" data-id="b0dd4fa" data-element_type="column" data-e-type="column">
			<div class="elementor-widget-wrap elementor-element-populated">
						<div class="elementor-element elementor-element-262b54e elementor-widget elementor-widget-text-editor" data-id="262b54e" data-element_type="widget" data-e-type="widget" data-widget_type="text-editor.default">
				<div class="elementor-widget-container">
									<div class="page" title="Page 22"><div class="section"><div class="layoutArea"><div class="column"><p><strong>manuskript I</strong> <em>(nach einem Brief von Lew Nikolajewitsch Tolstoi) für drei Blockflöten, Orgelpositiv und Zuspiele</em><br />Handschriften faszinieren mich mindestens ebenso lange wie graphische Partituren, die Übersetzbarkeit früher Notenschriften ebenso, wie die Möglichkeit der Verschriftlichung von Volksmusik.<br />Mein Stück »manuskript I« bedient sich der Handschrift Lew Tolstois, voll von Korrekturen und Anmerkungen, für sich genommen fast schon eine graphische Partitur. Elemente seiner Handschrift bilden die Grundlage für improvisatorische Elemente, die indiviuell von jedem Musiker interpretiert werden müssen. Die zeitliche Struktur, ebenso wie die Organisation eines Netzes von Ankertönen, sind streng seriell organisiert. Während einerseits eine immer dichter werdende Harmonie entsteht, korrespondieren drei Blockflöten in immer neue Konstellationen miteinander.</p></div></div></div></div>								</div>
				</div>
					</div>
		</div>
					</div>
		</section>
				<section class="elementor-section elementor-top-section elementor-element elementor-element-5fc608a elementor-section-boxed elementor-section-height-default elementor-section-height-default" data-id="5fc608a" data-element_type="section" data-e-type="section">
						<div class="elementor-container elementor-column-gap-default">
					<div class="elementor-column elementor-col-100 elementor-top-column elementor-element elementor-element-4c58cd5" data-id="4c58cd5" data-element_type="column" data-e-type="column">
			<div class="elementor-widget-wrap elementor-element-populated">
						<div class="elementor-element elementor-element-bbf6711 elementor-widget elementor-widget-text-editor" data-id="bbf6711" data-element_type="widget" data-e-type="widget" data-widget_type="text-editor.default">
				<div class="elementor-widget-container">
									<a href="https://www.elikowski-winkler.de" target="_blank" rel="noopener">www.elikowski-winkler.de<span class="hu-external"></span></a>								</div>
				</div>
					</div>
		</div>
					</div>
		</section>
				</div>

<p>&lt;&lt; Sebastian Elikowski-Winkler Foto: Maria Rünarsdottir Sebastian Elikowski-Winkler (*1978) studierte Komposition bei Friedrich Goldmann an der Universität der Künste Berlin (Diplom 2005), bei Marek Kopelent an der Musikakademie Prag HAMU sowie bei Vladimir Tarnopolski&#46;&#46;&#46;</p>
