{"id":2746,"date":"2022-02-12T06:01:13","date_gmt":"2022-02-12T06:01:13","guid":{"rendered":"http:\/\/neue-musik-brandenburg.multisensoriale.de\/?page_id=2746"},"modified":"2022-02-26T10:26:45","modified_gmt":"2022-02-26T10:26:45","slug":"ensemble-quillo","status":"publish","type":"page","link":"https:\/\/www.neue-musik-brandenburg.de\/en\/ensemble-quillo\/","title":{"rendered":"Ensemble Quillo"},"content":{"rendered":"\t\t<div data-elementor-type=\"wp-page\" data-elementor-id=\"2746\" class=\"elementor elementor-2746\">\n\t\t\t\t\t\t<section class=\"elementor-section elementor-top-section elementor-element elementor-element-2c7fade elementor-section-boxed elementor-section-height-default elementor-section-height-default\" data-id=\"2c7fade\" data-element_type=\"section\" data-e-type=\"section\">\n\t\t\t\t\t\t<div class=\"elementor-container elementor-column-gap-default\">\n\t\t\t\t\t<div class=\"elementor-column elementor-col-100 elementor-top-column elementor-element elementor-element-c4dcc1c\" data-id=\"c4dcc1c\" data-element_type=\"column\" data-e-type=\"column\">\n\t\t\t<div class=\"elementor-widget-wrap elementor-element-populated\">\n\t\t\t\t\t\t<div class=\"elementor-element elementor-element-28ecb67 elementor-widget elementor-widget-text-editor\" data-id=\"28ecb67\" data-element_type=\"widget\" data-e-type=\"widget\" data-widget_type=\"text-editor.default\">\n\t\t\t\t<div class=\"elementor-widget-container\">\n\t\t\t\t\t\t\t\t\t<a id=\"r-mitglieder\" href=\"javascript:history.back()\">&lt;&lt;<\/a>\t\t\t\t\t\t\t\t<\/div>\n\t\t\t\t<\/div>\n\t\t\t\t\t<\/div>\n\t\t<\/div>\n\t\t\t\t\t<\/div>\n\t\t<\/section>\n\t\t\t\t<section class=\"elementor-section elementor-top-section elementor-element elementor-element-c36d764 elementor-section-boxed elementor-section-height-default elementor-section-height-default\" data-id=\"c36d764\" data-element_type=\"section\" data-e-type=\"section\">\n\t\t\t\t\t\t<div class=\"elementor-container elementor-column-gap-default\">\n\t\t\t\t\t<div class=\"elementor-column elementor-col-100 elementor-top-column elementor-element elementor-element-93f9922\" data-id=\"93f9922\" data-element_type=\"column\" data-e-type=\"column\">\n\t\t\t<div class=\"elementor-widget-wrap elementor-element-populated\">\n\t\t\t\t\t\t<div class=\"elementor-element elementor-element-68a7be7 elementor-widget elementor-widget-heading\" data-id=\"68a7be7\" data-element_type=\"widget\" data-e-type=\"widget\" data-widget_type=\"heading.default\">\n\t\t\t\t<div class=\"elementor-widget-container\">\n\t\t\t\t\t<h2 class=\"elementor-heading-title elementor-size-default\">Ensemble Quillo<\/h2>\t\t\t\t<\/div>\n\t\t\t\t<\/div>\n\t\t\t\t\t<\/div>\n\t\t<\/div>\n\t\t\t\t\t<\/div>\n\t\t<\/section>\n\t\t\t\t<section class=\"elementor-section elementor-top-section elementor-element elementor-element-79af510 elementor-section-boxed elementor-section-height-default elementor-section-height-default\" data-id=\"79af510\" data-element_type=\"section\" data-e-type=\"section\">\n\t\t\t\t\t\t<div class=\"elementor-container elementor-column-gap-default\">\n\t\t\t\t\t<div class=\"elementor-column elementor-col-25 elementor-top-column elementor-element elementor-element-4d0384b\" data-id=\"4d0384b\" data-element_type=\"column\" data-e-type=\"column\">\n\t\t\t<div class=\"elementor-widget-wrap elementor-element-populated\">\n\t\t\t\t\t\t<div class=\"elementor-element elementor-element-55c8c54 elementor-widget elementor-widget-image\" data-id=\"55c8c54\" data-element_type=\"widget\" data-e-type=\"widget\" data-widget_type=\"image.default\">\n\t\t\t\t<div class=\"elementor-widget-container\">\n\t\t\t\t\t\t\t\t\t\t\t\t<figure class=\"wp-caption\">\n\t\t\t\t\t\t\t\t\t\t<img fetchpriority=\"high\" decoding=\"async\" width=\"1024\" height=\"684\" src=\"https:\/\/www.neue-musik-brandenburg.de\/wp-content\/uploads\/2022\/02\/Ensemble-Quillo_Eberswalde_Foto_Tom-Schweers-1024x684.jpg\" class=\"attachment-large size-large wp-image-4218\" alt=\"\" srcset=\"https:\/\/www.neue-musik-brandenburg.de\/wp-content\/uploads\/2022\/02\/Ensemble-Quillo_Eberswalde_Foto_Tom-Schweers-1024x684.jpg 1024w, https:\/\/www.neue-musik-brandenburg.de\/wp-content\/uploads\/2022\/02\/Ensemble-Quillo_Eberswalde_Foto_Tom-Schweers-300x200.jpg 300w, https:\/\/www.neue-musik-brandenburg.de\/wp-content\/uploads\/2022\/02\/Ensemble-Quillo_Eberswalde_Foto_Tom-Schweers-768x513.jpg 768w, https:\/\/www.neue-musik-brandenburg.de\/wp-content\/uploads\/2022\/02\/Ensemble-Quillo_Eberswalde_Foto_Tom-Schweers-1536x1025.jpg 1536w, https:\/\/www.neue-musik-brandenburg.de\/wp-content\/uploads\/2022\/02\/Ensemble-Quillo_Eberswalde_Foto_Tom-Schweers-2048x1367.jpg 2048w\" sizes=\"(max-width: 1024px) 100vw, 1024px\" \/>\t\t\t\t\t\t\t\t\t\t\t<figcaption class=\"widget-image-caption wp-caption-text\">Foto: Tom Schweres<\/figcaption>\n\t\t\t\t\t\t\t\t\t\t<\/figure>\n\t\t\t\t\t\t\t\t\t<\/div>\n\t\t\t\t<\/div>\n\t\t\t\t\t<\/div>\n\t\t<\/div>\n\t\t\t\t<div class=\"elementor-column elementor-col-25 elementor-top-column elementor-element elementor-element-41df22e\" data-id=\"41df22e\" data-element_type=\"column\" data-e-type=\"column\">\n\t\t\t<div class=\"elementor-widget-wrap\">\n\t\t\t\t\t\t\t<\/div>\n\t\t<\/div>\n\t\t\t\t<div class=\"elementor-column elementor-col-50 elementor-top-column elementor-element elementor-element-8c1ec10\" data-id=\"8c1ec10\" data-element_type=\"column\" data-e-type=\"column\">\n\t\t\t<div class=\"elementor-widget-wrap elementor-element-populated\">\n\t\t\t\t\t\t<div class=\"elementor-element elementor-element-8f956e3 elementor-widget elementor-widget-text-editor\" data-id=\"8f956e3\" data-element_type=\"widget\" data-e-type=\"widget\" data-widget_type=\"text-editor.default\">\n\t\t\t\t<div class=\"elementor-widget-container\">\n\t\t\t\t\t\t\t\t\t<div title=\"Page 24\"><p><strong>Biographie<\/strong><br \/>Das Ensemble Quillo entwickelt und vermittelt k\u00fcnstlerisch innovative Formate und hat sich seit seiner Gr\u00fcndung 2004 als Ensemble f\u00fcr zeitgen\u00f6ssische Musik im Land Brandenburg und dar\u00fcber hinaus etabliert. Neben Festivals, der Reihe Neue Musik, Musiktheaterproduktionen und Kunstfilmen entwickelt das Ensemble auch k\u00fcnstlerische Projekte im Bereich der Musikvermittlung, die 2011 mit dem Regine-Hildebrand-Preis ausgezeichnet wurden. 2013 wurde der k\u00fcnstlerischen Leitung des Ensemble Quillo der Brandenburgische Kunstpreis verliehen.<\/p><p>Aus der engen Zusammenarbeit mit KomponistInnen wie Aziza Sadikova, David Robert Coleman, Tom Rojo Poller, Helmut Oehring, Mark Moebius und Julien Salemkour sind zahlreiche, eigens in Auftrag gegebene Werke entstanden. Mit der Produktion El Cimarr\u00f3n von Hans Werner Henze (Regie: Sofia Simitzis) gastierte das Ensemble 2011 an der Staatsoper Berlin und dem Theater G\u00fctersloh.<br \/>Das vom Ensemble Quillo initiierte Auftragswerk Hans im Gl\u00fcck (David Robert Coleman) wurde in erweiterter Version als Kammeroper in \u00fcber 50 Vorstellungen an der Staatsoper Berlin aufgef\u00fchrt (2014\/2016). 2019 tourte das Ensemble erstmalig mit dem ungew\u00f6hnlichen Format LandQultour auf einer mobilen B\u00fchne mit verschiedenen Kurzprogrammen und insgesamt 30 Vorstellungen durch die Uckermark.<br \/>Mit Unterst\u00fctzung der Drosos Stiftung entwickelt das Ensemble Quillo seit 2020 mit dem Format Werkstatt Quillo nachhaltige Vermittlungsprojekte im Land Brandenburg.<\/p><\/div>\t\t\t\t\t\t\t\t<\/div>\n\t\t\t\t<\/div>\n\t\t\t\t\t<\/div>\n\t\t<\/div>\n\t\t\t\t\t<\/div>\n\t\t<\/section>\n\t\t\t\t<section class=\"elementor-section elementor-top-section elementor-element elementor-element-84257c7 elementor-section-boxed elementor-section-height-default elementor-section-height-default\" data-id=\"84257c7\" data-element_type=\"section\" data-e-type=\"section\">\n\t\t\t\t\t\t<div class=\"elementor-container elementor-column-gap-default\">\n\t\t\t\t\t<div class=\"elementor-column elementor-col-100 elementor-top-column elementor-element elementor-element-b0dd4fa\" data-id=\"b0dd4fa\" data-element_type=\"column\" data-e-type=\"column\">\n\t\t\t<div class=\"elementor-widget-wrap elementor-element-populated\">\n\t\t\t\t\t\t<div class=\"elementor-element elementor-element-262b54e elementor-widget elementor-widget-text-editor\" data-id=\"262b54e\" data-element_type=\"widget\" data-e-type=\"widget\" data-widget_type=\"text-editor.default\">\n\t\t\t\t<div class=\"elementor-widget-container\">\n\t\t\t\t\t\t\t\t\t<div class=\"page\" title=\"Page 24\">\n<div class=\"section\">\n<div class=\"layoutArea\">\n<div class=\"column\">\n<p><strong>Statement zur (eigenen) k\u00fcnstlerischen Arbeit<\/strong><br>Das Ensemble Quillo hat sich mit dem Ziel gegr\u00fcndet, besondere Projekte der zeitgen\u00f6ssischen Musik im l\u00e4ndlichen Raum zu initiieren, zu vermitteln und zu etablieren. Durch Neue Musik m\u00f6chte das Ensemble ein vielf\u00e4ltiges Publikum erreichen und dessen Teilhabe sichern, denn zeitgen\u00f6ssische Musik ber\u00fchrt und stellt Fragen, sie bewegt und schafft Begegnungen. So entwickelt das Ensemble zusammen mit KomponistInnen, SchriftstellerInnen, S\u00e4ngerInnen und RegisseurInnen immer wieder nicht nur innovative sparten\u00fcbergreifende Formate, sondern auch k\u00fcnstlerisch au\u00dfergew\u00f6hnliche Projekte im Bereich der soziokulturellen Arbeit und der Musikvermittlung. Entstanden sind verschiedene zeitgen\u00f6ssische Formate, die Neuen Musik zug\u00e4nglich machen, wie Landqultour \u2013 die kleinste Kunsthalle Brandenburgs, die Reihe Neue Musik mit Werken des 20. und 21.Jahrhunderts oder auch die Kammeroper Ahead of Struwwelpeter in Kooperation mit dem Brandenburger Theater. Dabei erm\u00f6glicht es die Vielfalt der Ausdrucks- und Erscheinungsformen zeitgen\u00f6ssischer Musik, die unterschiedlichsten AkteurInnen zusammenzubringen: ein offenes, neugieriges Publikum in den l\u00e4ndlichen R\u00e4umen Brandenburgs, Kinder und Jugendliche, aber auch K\u00fcnstlerInnen und ExpertInnen der Neuen Musik. Mit dem Hof Quillo (Uckermark) hat das Ensemble mit einem eigenen Konzerthaus und Kino einen Kulturhotspot im l\u00e4ndlichen Raum geschaffen, an dem Kultur und Kunst als zentrales menschliches Miteinander vermittelt werden.<\/p>\n<\/div>\n<\/div>\n<\/div>\n<\/div>\t\t\t\t\t\t\t\t<\/div>\n\t\t\t\t<\/div>\n\t\t\t\t\t<\/div>\n\t\t<\/div>\n\t\t\t\t\t<\/div>\n\t\t<\/section>\n\t\t\t\t<section class=\"elementor-section elementor-top-section elementor-element elementor-element-ada582e elementor-section-boxed elementor-section-height-default elementor-section-height-default\" data-id=\"ada582e\" data-element_type=\"section\" data-e-type=\"section\">\n\t\t\t\t\t\t<div class=\"elementor-container elementor-column-gap-default\">\n\t\t\t\t\t<div class=\"elementor-column elementor-col-100 elementor-top-column elementor-element elementor-element-72b3091\" data-id=\"72b3091\" data-element_type=\"column\" data-e-type=\"column\">\n\t\t\t<div class=\"elementor-widget-wrap elementor-element-populated\">\n\t\t\t\t\t\t<div class=\"elementor-element elementor-element-1afe954 elementor-widget elementor-widget-text-editor\" data-id=\"1afe954\" data-element_type=\"widget\" data-e-type=\"widget\" data-widget_type=\"text-editor.default\">\n\t\t\t\t<div class=\"elementor-widget-container\">\n\t\t\t\t\t\t\t\t\t<a href=\"https:\/\/www.quillo.net\" target=\"_blank\" rel=\"noopener\">www.quillo.net<span class=\"hu-external\"><\/span><\/a>\t\t\t\t\t\t\t\t<\/div>\n\t\t\t\t<\/div>\n\t\t\t\t\t<\/div>\n\t\t<\/div>\n\t\t\t\t\t<\/div>\n\t\t<\/section>\n\t\t\t\t<\/div>\n\t\t","protected":false},"excerpt":{"rendered":"<p>&lt;&lt; Ensemble Quillo Foto: Tom Schweres BiographieDas Ensemble Quillo entwickelt und vermittelt k\u00fcnstlerisch innovative Formate und hat sich seit seiner Gr\u00fcndung 2004 als Ensemble f\u00fcr zeitgen\u00f6ssische Musik im Land Brandenburg und dar\u00fcber hinaus etabliert.&#46;&#46;&#46;<\/p>\n","protected":false},"author":1,"featured_media":0,"parent":0,"menu_order":0,"comment_status":"closed","ping_status":"closed","template":"","meta":{"_custom_body_class":"","_custom_post_class":"","footnotes":""},"class_list":["post-2746","page","type-page","status-publish","hentry"],"translation":{"provider":"WPGlobus","version":"3.0.2","language":"en","enabled_languages":["de","en"],"languages":{"de":{"title":true,"content":true,"excerpt":false},"en":{"title":true,"content":false,"excerpt":false}}},"_links":{"self":[{"href":"https:\/\/www.neue-musik-brandenburg.de\/en\/wp-json\/wp\/v2\/pages\/2746","targetHints":{"allow":["GET"]}}],"collection":[{"href":"https:\/\/www.neue-musik-brandenburg.de\/en\/wp-json\/wp\/v2\/pages"}],"about":[{"href":"https:\/\/www.neue-musik-brandenburg.de\/en\/wp-json\/wp\/v2\/types\/page"}],"author":[{"embeddable":true,"href":"https:\/\/www.neue-musik-brandenburg.de\/en\/wp-json\/wp\/v2\/users\/1"}],"replies":[{"embeddable":true,"href":"https:\/\/www.neue-musik-brandenburg.de\/en\/wp-json\/wp\/v2\/comments?post=2746"}],"version-history":[{"count":21,"href":"https:\/\/www.neue-musik-brandenburg.de\/en\/wp-json\/wp\/v2\/pages\/2746\/revisions"}],"predecessor-version":[{"id":5330,"href":"https:\/\/www.neue-musik-brandenburg.de\/en\/wp-json\/wp\/v2\/pages\/2746\/revisions\/5330"}],"wp:attachment":[{"href":"https:\/\/www.neue-musik-brandenburg.de\/en\/wp-json\/wp\/v2\/media?parent=2746"}],"curies":[{"name":"wp","href":"https:\/\/api.w.org\/{rel}","templated":true}]}}

<div data-elementor-type="wp-page" data-elementor-id="2746" class="elementor elementor-2746">
						<section class="elementor-section elementor-top-section elementor-element elementor-element-2c7fade elementor-section-boxed elementor-section-height-default elementor-section-height-default" data-id="2c7fade" data-element_type="section" data-e-type="section">
						<div class="elementor-container elementor-column-gap-default">
					<div class="elementor-column elementor-col-100 elementor-top-column elementor-element elementor-element-c4dcc1c" data-id="c4dcc1c" data-element_type="column" data-e-type="column">
			<div class="elementor-widget-wrap elementor-element-populated">
						<div class="elementor-element elementor-element-28ecb67 elementor-widget elementor-widget-text-editor" data-id="28ecb67" data-element_type="widget" data-e-type="widget" data-widget_type="text-editor.default">
				<div class="elementor-widget-container">
									<a id="r-mitglieder" href="javascript:history.back()">&lt;&lt;</a>								</div>
				</div>
					</div>
		</div>
					</div>
		</section>
				<section class="elementor-section elementor-top-section elementor-element elementor-element-c36d764 elementor-section-boxed elementor-section-height-default elementor-section-height-default" data-id="c36d764" data-element_type="section" data-e-type="section">
						<div class="elementor-container elementor-column-gap-default">
					<div class="elementor-column elementor-col-100 elementor-top-column elementor-element elementor-element-93f9922" data-id="93f9922" data-element_type="column" data-e-type="column">
			<div class="elementor-widget-wrap elementor-element-populated">
						<div class="elementor-element elementor-element-68a7be7 elementor-widget elementor-widget-heading" data-id="68a7be7" data-element_type="widget" data-e-type="widget" data-widget_type="heading.default">
				<div class="elementor-widget-container">
					<h2 class="elementor-heading-title elementor-size-default">Ensemble Quillo</h2>				</div>
				</div>
					</div>
		</div>
					</div>
		</section>
				<section class="elementor-section elementor-top-section elementor-element elementor-element-79af510 elementor-section-boxed elementor-section-height-default elementor-section-height-default" data-id="79af510" data-element_type="section" data-e-type="section">
						<div class="elementor-container elementor-column-gap-default">
					<div class="elementor-column elementor-col-25 elementor-top-column elementor-element elementor-element-4d0384b" data-id="4d0384b" data-element_type="column" data-e-type="column">
			<div class="elementor-widget-wrap elementor-element-populated">
						<div class="elementor-element elementor-element-55c8c54 elementor-widget elementor-widget-image" data-id="55c8c54" data-element_type="widget" data-e-type="widget" data-widget_type="image.default">
				<div class="elementor-widget-container">
												<figure class="wp-caption">
										<img fetchpriority="high" decoding="async" width="1024" height="684" src="https://www.neue-musik-brandenburg.de/wp-content/uploads/2022/02/Ensemble-Quillo_Eberswalde_Foto_Tom-Schweers-1024x684.jpg" class="attachment-large size-large wp-image-4218" alt="" srcset="https://www.neue-musik-brandenburg.de/wp-content/uploads/2022/02/Ensemble-Quillo_Eberswalde_Foto_Tom-Schweers-1024x684.jpg 1024w, https://www.neue-musik-brandenburg.de/wp-content/uploads/2022/02/Ensemble-Quillo_Eberswalde_Foto_Tom-Schweers-300x200.jpg 300w, https://www.neue-musik-brandenburg.de/wp-content/uploads/2022/02/Ensemble-Quillo_Eberswalde_Foto_Tom-Schweers-768x513.jpg 768w, https://www.neue-musik-brandenburg.de/wp-content/uploads/2022/02/Ensemble-Quillo_Eberswalde_Foto_Tom-Schweers-1536x1025.jpg 1536w, https://www.neue-musik-brandenburg.de/wp-content/uploads/2022/02/Ensemble-Quillo_Eberswalde_Foto_Tom-Schweers-2048x1367.jpg 2048w" sizes="(max-width: 1024px) 100vw, 1024px" />											<figcaption class="widget-image-caption wp-caption-text">Foto: Tom Schweres</figcaption>
										</figure>
									</div>
				</div>
					</div>
		</div>
				<div class="elementor-column elementor-col-25 elementor-top-column elementor-element elementor-element-41df22e" data-id="41df22e" data-element_type="column" data-e-type="column">
			<div class="elementor-widget-wrap">
							</div>
		</div>
				<div class="elementor-column elementor-col-50 elementor-top-column elementor-element elementor-element-8c1ec10" data-id="8c1ec10" data-element_type="column" data-e-type="column">
			<div class="elementor-widget-wrap elementor-element-populated">
						<div class="elementor-element elementor-element-8f956e3 elementor-widget elementor-widget-text-editor" data-id="8f956e3" data-element_type="widget" data-e-type="widget" data-widget_type="text-editor.default">
				<div class="elementor-widget-container">
									<div title="Page 24"><p><strong>Biographie</strong><br />Das Ensemble Quillo entwickelt und vermittelt künstlerisch innovative Formate und hat sich seit seiner Gründung 2004 als Ensemble für zeitgenössische Musik im Land Brandenburg und darüber hinaus etabliert. Neben Festivals, der Reihe Neue Musik, Musiktheaterproduktionen und Kunstfilmen entwickelt das Ensemble auch künstlerische Projekte im Bereich der Musikvermittlung, die 2011 mit dem Regine-Hildebrand-Preis ausgezeichnet wurden. 2013 wurde der künstlerischen Leitung des Ensemble Quillo der Brandenburgische Kunstpreis verliehen.</p><p>Aus der engen Zusammenarbeit mit KomponistInnen wie Aziza Sadikova, David Robert Coleman, Tom Rojo Poller, Helmut Oehring, Mark Moebius und Julien Salemkour sind zahlreiche, eigens in Auftrag gegebene Werke entstanden. Mit der Produktion El Cimarrón von Hans Werner Henze (Regie: Sofia Simitzis) gastierte das Ensemble 2011 an der Staatsoper Berlin und dem Theater Gütersloh.<br />Das vom Ensemble Quillo initiierte Auftragswerk Hans im Glück (David Robert Coleman) wurde in erweiterter Version als Kammeroper in über 50 Vorstellungen an der Staatsoper Berlin aufgeführt (2014/2016). 2019 tourte das Ensemble erstmalig mit dem ungewöhnlichen Format LandQultour auf einer mobilen Bühne mit verschiedenen Kurzprogrammen und insgesamt 30 Vorstellungen durch die Uckermark.<br />Mit Unterstützung der Drosos Stiftung entwickelt das Ensemble Quillo seit 2020 mit dem Format Werkstatt Quillo nachhaltige Vermittlungsprojekte im Land Brandenburg.</p></div>								</div>
				</div>
					</div>
		</div>
					</div>
		</section>
				<section class="elementor-section elementor-top-section elementor-element elementor-element-84257c7 elementor-section-boxed elementor-section-height-default elementor-section-height-default" data-id="84257c7" data-element_type="section" data-e-type="section">
						<div class="elementor-container elementor-column-gap-default">
					<div class="elementor-column elementor-col-100 elementor-top-column elementor-element elementor-element-b0dd4fa" data-id="b0dd4fa" data-element_type="column" data-e-type="column">
			<div class="elementor-widget-wrap elementor-element-populated">
						<div class="elementor-element elementor-element-262b54e elementor-widget elementor-widget-text-editor" data-id="262b54e" data-element_type="widget" data-e-type="widget" data-widget_type="text-editor.default">
				<div class="elementor-widget-container">
									<div class="page" title="Page 24">
<div class="section">
<div class="layoutArea">
<div class="column">
<p><strong>Statement zur (eigenen) künstlerischen Arbeit</strong><br>Das Ensemble Quillo hat sich mit dem Ziel gegründet, besondere Projekte der zeitgenössischen Musik im ländlichen Raum zu initiieren, zu vermitteln und zu etablieren. Durch Neue Musik möchte das Ensemble ein vielfältiges Publikum erreichen und dessen Teilhabe sichern, denn zeitgenössische Musik berührt und stellt Fragen, sie bewegt und schafft Begegnungen. So entwickelt das Ensemble zusammen mit KomponistInnen, SchriftstellerInnen, SängerInnen und RegisseurInnen immer wieder nicht nur innovative spartenübergreifende Formate, sondern auch künstlerisch außergewöhnliche Projekte im Bereich der soziokulturellen Arbeit und der Musikvermittlung. Entstanden sind verschiedene zeitgenössische Formate, die Neuen Musik zugänglich machen, wie Landqultour – die kleinste Kunsthalle Brandenburgs, die Reihe Neue Musik mit Werken des 20. und 21.Jahrhunderts oder auch die Kammeroper Ahead of Struwwelpeter in Kooperation mit dem Brandenburger Theater. Dabei ermöglicht es die Vielfalt der Ausdrucks- und Erscheinungsformen zeitgenössischer Musik, die unterschiedlichsten AkteurInnen zusammenzubringen: ein offenes, neugieriges Publikum in den ländlichen Räumen Brandenburgs, Kinder und Jugendliche, aber auch KünstlerInnen und ExpertInnen der Neuen Musik. Mit dem Hof Quillo (Uckermark) hat das Ensemble mit einem eigenen Konzerthaus und Kino einen Kulturhotspot im ländlichen Raum geschaffen, an dem Kultur und Kunst als zentrales menschliches Miteinander vermittelt werden.</p>
</div>
</div>
</div>
</div>								</div>
				</div>
					</div>
		</div>
					</div>
		</section>
				<section class="elementor-section elementor-top-section elementor-element elementor-element-ada582e elementor-section-boxed elementor-section-height-default elementor-section-height-default" data-id="ada582e" data-element_type="section" data-e-type="section">
						<div class="elementor-container elementor-column-gap-default">
					<div class="elementor-column elementor-col-100 elementor-top-column elementor-element elementor-element-72b3091" data-id="72b3091" data-element_type="column" data-e-type="column">
			<div class="elementor-widget-wrap elementor-element-populated">
						<div class="elementor-element elementor-element-1afe954 elementor-widget elementor-widget-text-editor" data-id="1afe954" data-element_type="widget" data-e-type="widget" data-widget_type="text-editor.default">
				<div class="elementor-widget-container">
									<a href="https://www.quillo.net" target="_blank" rel="noopener">www.quillo.net<span class="hu-external"></span></a>								</div>
				</div>
					</div>
		</div>
					</div>
		</section>
				</div>

<p>&lt;&lt; Ensemble Quillo Foto: Tom Schweres BiographieDas Ensemble Quillo entwickelt und vermittelt künstlerisch innovative Formate und hat sich seit seiner Gründung 2004 als Ensemble für zeitgenössische Musik im Land Brandenburg und darüber hinaus etabliert.&#46;&#46;&#46;</p>
