{"id":2750,"date":"2022-02-12T06:03:47","date_gmt":"2022-02-12T06:03:47","guid":{"rendered":"http:\/\/neue-musik-brandenburg.multisensoriale.de\/?page_id=2750"},"modified":"2023-10-03T17:20:30","modified_gmt":"2023-10-03T17:20:30","slug":"gerwin-thomas","status":"publish","type":"page","link":"https:\/\/www.neue-musik-brandenburg.de\/en\/gerwin-thomas\/","title":{"rendered":"Thomas Gerwin"},"content":{"rendered":"\t\t<div data-elementor-type=\"wp-page\" data-elementor-id=\"2750\" class=\"elementor elementor-2750\">\n\t\t\t\t\t\t<section class=\"elementor-section elementor-top-section elementor-element elementor-element-57f303f elementor-section-boxed elementor-section-height-default elementor-section-height-default\" data-id=\"57f303f\" data-element_type=\"section\" data-e-type=\"section\">\n\t\t\t\t\t\t<div class=\"elementor-container elementor-column-gap-default\">\n\t\t\t\t\t<div class=\"elementor-column elementor-col-100 elementor-top-column elementor-element elementor-element-1bbcf94\" data-id=\"1bbcf94\" data-element_type=\"column\" data-e-type=\"column\">\n\t\t\t<div class=\"elementor-widget-wrap elementor-element-populated\">\n\t\t\t\t\t\t<div class=\"elementor-element elementor-element-e3dbc9f elementor-widget elementor-widget-text-editor\" data-id=\"e3dbc9f\" data-element_type=\"widget\" data-e-type=\"widget\" data-widget_type=\"text-editor.default\">\n\t\t\t\t<div class=\"elementor-widget-container\">\n\t\t\t\t\t\t\t\t\t<a id=\"r-mitglieder\" href=\"javascript:history.back()\">&lt;&lt;<\/a>\t\t\t\t\t\t\t\t<\/div>\n\t\t\t\t<\/div>\n\t\t\t\t\t<\/div>\n\t\t<\/div>\n\t\t\t\t\t<\/div>\n\t\t<\/section>\n\t\t\t\t<section class=\"elementor-section elementor-top-section elementor-element elementor-element-c36d764 elementor-section-boxed elementor-section-height-default elementor-section-height-default\" data-id=\"c36d764\" data-element_type=\"section\" data-e-type=\"section\">\n\t\t\t\t\t\t<div class=\"elementor-container elementor-column-gap-default\">\n\t\t\t\t\t<div class=\"elementor-column elementor-col-100 elementor-top-column elementor-element elementor-element-93f9922\" data-id=\"93f9922\" data-element_type=\"column\" data-e-type=\"column\">\n\t\t\t<div class=\"elementor-widget-wrap elementor-element-populated\">\n\t\t\t\t\t\t<div class=\"elementor-element elementor-element-68a7be7 elementor-widget elementor-widget-heading\" data-id=\"68a7be7\" data-element_type=\"widget\" data-e-type=\"widget\" data-widget_type=\"heading.default\">\n\t\t\t\t<div class=\"elementor-widget-container\">\n\t\t\t\t\t<h2 class=\"elementor-heading-title elementor-size-default\">Thomas Gerwin<\/h2>\t\t\t\t<\/div>\n\t\t\t\t<\/div>\n\t\t\t\t\t<\/div>\n\t\t<\/div>\n\t\t\t\t\t<\/div>\n\t\t<\/section>\n\t\t\t\t<section class=\"elementor-section elementor-top-section elementor-element elementor-element-79af510 elementor-section-boxed elementor-section-height-default elementor-section-height-default\" data-id=\"79af510\" data-element_type=\"section\" data-e-type=\"section\">\n\t\t\t\t\t\t<div class=\"elementor-container elementor-column-gap-default\">\n\t\t\t\t\t<div class=\"elementor-column elementor-col-25 elementor-top-column elementor-element elementor-element-4d0384b\" data-id=\"4d0384b\" data-element_type=\"column\" data-e-type=\"column\">\n\t\t\t<div class=\"elementor-widget-wrap elementor-element-populated\">\n\t\t\t\t\t\t<div class=\"elementor-element elementor-element-55c8c54 elementor-widget elementor-widget-image\" data-id=\"55c8c54\" data-element_type=\"widget\" data-e-type=\"widget\" data-widget_type=\"image.default\">\n\t\t\t\t<div class=\"elementor-widget-container\">\n\t\t\t\t\t\t\t\t\t\t\t\t<figure class=\"wp-caption\">\n\t\t\t\t\t\t\t\t\t\t<img fetchpriority=\"high\" decoding=\"async\" width=\"388\" height=\"452\" src=\"https:\/\/www.neue-musik-brandenburg.de\/wp-content\/uploads\/2022\/01\/Thomas-Gerwin.jpg\" class=\"attachment-large size-large wp-image-1389\" alt=\"Foto: Konstanze Th\u00fcmmel\" srcset=\"https:\/\/www.neue-musik-brandenburg.de\/wp-content\/uploads\/2022\/01\/Thomas-Gerwin.jpg 388w, https:\/\/www.neue-musik-brandenburg.de\/wp-content\/uploads\/2022\/01\/Thomas-Gerwin-258x300.jpg 258w\" sizes=\"(max-width: 388px) 100vw, 388px\" \/>\t\t\t\t\t\t\t\t\t\t\t<figcaption class=\"widget-image-caption wp-caption-text\">Foto: Konstanze Th\u00fcmmel<\/figcaption>\n\t\t\t\t\t\t\t\t\t\t<\/figure>\n\t\t\t\t\t\t\t\t\t<\/div>\n\t\t\t\t<\/div>\n\t\t\t\t\t<\/div>\n\t\t<\/div>\n\t\t\t\t<div class=\"elementor-column elementor-col-25 elementor-top-column elementor-element elementor-element-41df22e\" data-id=\"41df22e\" data-element_type=\"column\" data-e-type=\"column\">\n\t\t\t<div class=\"elementor-widget-wrap\">\n\t\t\t\t\t\t\t<\/div>\n\t\t<\/div>\n\t\t\t\t<div class=\"elementor-column elementor-col-50 elementor-top-column elementor-element elementor-element-8c1ec10\" data-id=\"8c1ec10\" data-element_type=\"column\" data-e-type=\"column\">\n\t\t\t<div class=\"elementor-widget-wrap elementor-element-populated\">\n\t\t\t\t\t\t<div class=\"elementor-element elementor-element-8f956e3 elementor-widget elementor-widget-text-editor\" data-id=\"8f956e3\" data-element_type=\"widget\" data-e-type=\"widget\" data-widget_type=\"text-editor.default\">\n\t\t\t\t<div class=\"elementor-widget-container\">\n\t\t\t\t\t\t\t\t\t<div class=\"page\" title=\"Page 26\"><div class=\"section\"><div class=\"layoutArea\"><div class=\"column\"><p>Komponist und Klangk\u00fcnstler, begann sehr fr\u00fch zu improvisieren, sp\u00e4ter klassische Ausbildung (Gitarre bei Cosi Alberta, Kassel; Magister artium in Musikwissenschaft bei Georg von Dadelsen an der Universit\u00e4t T\u00fcbingen; Aufbaustudium Komposition bei Erhard Karkoschka und Ulrich S\u00fc\u00dfe; Elektronik bei David Mason an der Musikhochschule Stuttgart). Er kam fr\u00fch zur Musique concr\u00e8te und zur Neuen Musik; seit 1990 arbeitet er au\u00dferdem intensiv im Bereich Soundscape Composition und Radiokunst. Wichtige Einfl\u00fcsse durch pers\u00f6nliche Kontakte zu John Cage, Karlheinz Stockhausen sowie R. Murray Schafer.<\/p><p>Thomas Gerwin war Gr\u00fcndungsmitglied und 1998-2002 im ersten Vorstand des World Forum for Acoustic Ecology WFAE, Gr\u00fcnder und k\u00fcnstlerischer Leiter des j\u00e4hrlichen &#8220;Internationalen Klangkunstfests Berlin&#8221; (2004-2018), mehrerer Ensembles sowie der Konzertreihe &#8220;Klangwelten ad hoc&#8221;. 2006-2010 war er Vorsitzender der Berliner Gesellschaft f\u00fcr Neue Musik (bgnm), 2017-2023\u00a0 Vorsitzender des &#8220;Brandenburgischen Vereins Neue Musik&#8221; (BVNM ) sowie k\u00fcnstlerischer Leiter des j\u00e4hrlichen Festivals &#8220;intersonanzen&#8221;. Seine 2020 gegr\u00fcndete Konzertreihe &#8220;re-sonanz&#8221; als Kooperation des BVNM mit dem KunstHaus Potsdam kuratiert er weiterhin.<\/p><p>Er wurde mit diversen nationalen und internationalen Preisen und Stipendien ausgezeichnet, viele seiner (bis- lang ca. 250) Werke wurden weltweit aufgef\u00fchrt und\/oder gesendet. Seine Noten erscheinen bei Ricordi und dem Verlag Neue Musik.<\/p><\/div><\/div><\/div><\/div>\t\t\t\t\t\t\t\t<\/div>\n\t\t\t\t<\/div>\n\t\t\t\t\t<\/div>\n\t\t<\/div>\n\t\t\t\t\t<\/div>\n\t\t<\/section>\n\t\t\t\t<section class=\"elementor-section elementor-top-section elementor-element elementor-element-84257c7 elementor-section-boxed elementor-section-height-default elementor-section-height-default\" data-id=\"84257c7\" data-element_type=\"section\" data-e-type=\"section\">\n\t\t\t\t\t\t<div class=\"elementor-container elementor-column-gap-default\">\n\t\t\t\t\t<div class=\"elementor-column elementor-col-100 elementor-top-column elementor-element elementor-element-b0dd4fa\" data-id=\"b0dd4fa\" data-element_type=\"column\" data-e-type=\"column\">\n\t\t\t<div class=\"elementor-widget-wrap elementor-element-populated\">\n\t\t\t\t\t\t<div class=\"elementor-element elementor-element-262b54e elementor-widget elementor-widget-text-editor\" data-id=\"262b54e\" data-element_type=\"widget\" data-e-type=\"widget\" data-widget_type=\"text-editor.default\">\n\t\t\t\t<div class=\"elementor-widget-container\">\n\t\t\t\t\t\t\t\t\t<div class=\"page\" title=\"Page 26\"><div class=\"section\"><div class=\"layoutArea\"><div class=\"column\"><p>Immer auf der Suche nach Neuland komponiert er in seinem Berliner Studio instrumentale und elektroakustische Werke f\u00fcr Konzert und Performance und kreiert Klanginstallationen, Environments sowie teils interaktive Klang-Objekte.<\/p><p>Als Ausdrucksmittel seiner \u00bbsituativen\u00ab raumk\u00fcnstlerischen Arbeiten bezieht er neben Musiker*innen im Raum oft (Live-)Elektronik, Theater, Tanz, Film, Licht und Skulptur mit ein und experimentiert mit neuen Pr\u00e4sentations- und Rezeptionsformen und Konzertformaten. In seiner \u00bbmultisensorialen Kunst\u00ab entwickelt und untersucht er einen ganzheitlichen Ansatz des H\u00f6rens unter Einbeziehung aller Sinne.<\/p><p>Um die multiplen Spielarten zeitgen\u00f6ssischen Musikschaffens einzubeziehen und die traditionell unter den Darstellenden K\u00fcnsten eingeordnete Kunstform Musik autark auf Augenh\u00f6he mit den anderen K\u00fcnsten zu stellen, schl\u00e4gt er den Oberbegriff \u00bbKlingende Kunst\u00ab vor. Dabei ist f\u00fcr ihn bei jedem kompositorischen Gestalten immer ein besonderer Respekt vor dem Klang selbst essentiell.<\/p><p>\u00bbKl\u00e4nge sind Lebewesen. Sie werden geboren, verbringen eine gewisse Zeit an bestimmten Orten und sterben dann. Liebend gern bilden sie soziale Organismen.\u00ab<\/p><\/div><\/div><\/div><\/div>\t\t\t\t\t\t\t\t<\/div>\n\t\t\t\t<\/div>\n\t\t\t\t\t<\/div>\n\t\t<\/div>\n\t\t\t\t\t<\/div>\n\t\t<\/section>\n\t\t\t\t<section class=\"elementor-section elementor-top-section elementor-element elementor-element-bbf12ad elementor-section-boxed elementor-section-height-default elementor-section-height-default\" data-id=\"bbf12ad\" data-element_type=\"section\" data-e-type=\"section\">\n\t\t\t\t\t\t<div class=\"elementor-container elementor-column-gap-default\">\n\t\t\t\t\t<div class=\"elementor-column elementor-col-100 elementor-top-column elementor-element elementor-element-7a627de\" data-id=\"7a627de\" data-element_type=\"column\" data-e-type=\"column\">\n\t\t\t<div class=\"elementor-widget-wrap elementor-element-populated\">\n\t\t\t\t\t\t<div class=\"elementor-element elementor-element-db85668 elementor-widget elementor-widget-text-editor\" data-id=\"db85668\" data-element_type=\"widget\" data-e-type=\"widget\" data-widget_type=\"text-editor.default\">\n\t\t\t\t<div class=\"elementor-widget-container\">\n\t\t\t\t\t\t\t\t\t<a href=\"https:\/\/www.thomasgerwin.de\" target=\"_blank\" rel=\"noopener\">www.thomasgerwin.de<span class=\"hu-external\"><\/span><\/a>\t\t\t\t\t\t\t\t<\/div>\n\t\t\t\t<\/div>\n\t\t\t\t\t<\/div>\n\t\t<\/div>\n\t\t\t\t\t<\/div>\n\t\t<\/section>\n\t\t\t\t<\/div>\n\t\t","protected":false},"excerpt":{"rendered":"<p>&lt;&lt; Thomas Gerwin Foto: Konstanze Th\u00fcmmel Komponist und Klangk\u00fcnstler, begann sehr fr\u00fch zu improvisieren, sp\u00e4ter klassische Ausbildung (Gitarre bei Cosi Alberta, Kassel; Magister artium in Musikwissenschaft bei Georg von Dadelsen an der Universit\u00e4t T\u00fcbingen;&#46;&#46;&#46;<\/p>\n","protected":false},"author":1,"featured_media":0,"parent":0,"menu_order":0,"comment_status":"closed","ping_status":"closed","template":"","meta":{"_custom_body_class":"","_custom_post_class":"","footnotes":""},"class_list":["post-2750","page","type-page","status-publish","hentry"],"translation":{"provider":"WPGlobus","version":"3.0.2","language":"en","enabled_languages":["de","en"],"languages":{"de":{"title":true,"content":true,"excerpt":false},"en":{"title":true,"content":false,"excerpt":false}}},"_links":{"self":[{"href":"https:\/\/www.neue-musik-brandenburg.de\/en\/wp-json\/wp\/v2\/pages\/2750","targetHints":{"allow":["GET"]}}],"collection":[{"href":"https:\/\/www.neue-musik-brandenburg.de\/en\/wp-json\/wp\/v2\/pages"}],"about":[{"href":"https:\/\/www.neue-musik-brandenburg.de\/en\/wp-json\/wp\/v2\/types\/page"}],"author":[{"embeddable":true,"href":"https:\/\/www.neue-musik-brandenburg.de\/en\/wp-json\/wp\/v2\/users\/1"}],"replies":[{"embeddable":true,"href":"https:\/\/www.neue-musik-brandenburg.de\/en\/wp-json\/wp\/v2\/comments?post=2750"}],"version-history":[{"count":60,"href":"https:\/\/www.neue-musik-brandenburg.de\/en\/wp-json\/wp\/v2\/pages\/2750\/revisions"}],"predecessor-version":[{"id":7658,"href":"https:\/\/www.neue-musik-brandenburg.de\/en\/wp-json\/wp\/v2\/pages\/2750\/revisions\/7658"}],"wp:attachment":[{"href":"https:\/\/www.neue-musik-brandenburg.de\/en\/wp-json\/wp\/v2\/media?parent=2750"}],"curies":[{"name":"wp","href":"https:\/\/api.w.org\/{rel}","templated":true}]}}

<div data-elementor-type="wp-page" data-elementor-id="2750" class="elementor elementor-2750">
						<section class="elementor-section elementor-top-section elementor-element elementor-element-57f303f elementor-section-boxed elementor-section-height-default elementor-section-height-default" data-id="57f303f" data-element_type="section" data-e-type="section">
						<div class="elementor-container elementor-column-gap-default">
					<div class="elementor-column elementor-col-100 elementor-top-column elementor-element elementor-element-1bbcf94" data-id="1bbcf94" data-element_type="column" data-e-type="column">
			<div class="elementor-widget-wrap elementor-element-populated">
						<div class="elementor-element elementor-element-e3dbc9f elementor-widget elementor-widget-text-editor" data-id="e3dbc9f" data-element_type="widget" data-e-type="widget" data-widget_type="text-editor.default">
				<div class="elementor-widget-container">
									<a id="r-mitglieder" href="javascript:history.back()">&lt;&lt;</a>								</div>
				</div>
					</div>
		</div>
					</div>
		</section>
				<section class="elementor-section elementor-top-section elementor-element elementor-element-c36d764 elementor-section-boxed elementor-section-height-default elementor-section-height-default" data-id="c36d764" data-element_type="section" data-e-type="section">
						<div class="elementor-container elementor-column-gap-default">
					<div class="elementor-column elementor-col-100 elementor-top-column elementor-element elementor-element-93f9922" data-id="93f9922" data-element_type="column" data-e-type="column">
			<div class="elementor-widget-wrap elementor-element-populated">
						<div class="elementor-element elementor-element-68a7be7 elementor-widget elementor-widget-heading" data-id="68a7be7" data-element_type="widget" data-e-type="widget" data-widget_type="heading.default">
				<div class="elementor-widget-container">
					<h2 class="elementor-heading-title elementor-size-default">Thomas Gerwin</h2>				</div>
				</div>
					</div>
		</div>
					</div>
		</section>
				<section class="elementor-section elementor-top-section elementor-element elementor-element-79af510 elementor-section-boxed elementor-section-height-default elementor-section-height-default" data-id="79af510" data-element_type="section" data-e-type="section">
						<div class="elementor-container elementor-column-gap-default">
					<div class="elementor-column elementor-col-25 elementor-top-column elementor-element elementor-element-4d0384b" data-id="4d0384b" data-element_type="column" data-e-type="column">
			<div class="elementor-widget-wrap elementor-element-populated">
						<div class="elementor-element elementor-element-55c8c54 elementor-widget elementor-widget-image" data-id="55c8c54" data-element_type="widget" data-e-type="widget" data-widget_type="image.default">
				<div class="elementor-widget-container">
												<figure class="wp-caption">
										<img fetchpriority="high" decoding="async" width="388" height="452" src="https://www.neue-musik-brandenburg.de/wp-content/uploads/2022/01/Thomas-Gerwin.jpg" class="attachment-large size-large wp-image-1389" alt="Foto: Konstanze Thümmel" srcset="https://www.neue-musik-brandenburg.de/wp-content/uploads/2022/01/Thomas-Gerwin.jpg 388w, https://www.neue-musik-brandenburg.de/wp-content/uploads/2022/01/Thomas-Gerwin-258x300.jpg 258w" sizes="(max-width: 388px) 100vw, 388px" />											<figcaption class="widget-image-caption wp-caption-text">Foto: Konstanze Thümmel</figcaption>
										</figure>
									</div>
				</div>
					</div>
		</div>
				<div class="elementor-column elementor-col-25 elementor-top-column elementor-element elementor-element-41df22e" data-id="41df22e" data-element_type="column" data-e-type="column">
			<div class="elementor-widget-wrap">
							</div>
		</div>
				<div class="elementor-column elementor-col-50 elementor-top-column elementor-element elementor-element-8c1ec10" data-id="8c1ec10" data-element_type="column" data-e-type="column">
			<div class="elementor-widget-wrap elementor-element-populated">
						<div class="elementor-element elementor-element-8f956e3 elementor-widget elementor-widget-text-editor" data-id="8f956e3" data-element_type="widget" data-e-type="widget" data-widget_type="text-editor.default">
				<div class="elementor-widget-container">
									<div class="page" title="Page 26"><div class="section"><div class="layoutArea"><div class="column"><p>Komponist und Klangkünstler, begann sehr früh zu improvisieren, später klassische Ausbildung (Gitarre bei Cosi Alberta, Kassel; Magister artium in Musikwissenschaft bei Georg von Dadelsen an der Universität Tübingen; Aufbaustudium Komposition bei Erhard Karkoschka und Ulrich Süße; Elektronik bei David Mason an der Musikhochschule Stuttgart). Er kam früh zur Musique concrète und zur Neuen Musik; seit 1990 arbeitet er außerdem intensiv im Bereich Soundscape Composition und Radiokunst. Wichtige Einflüsse durch persönliche Kontakte zu John Cage, Karlheinz Stockhausen sowie R. Murray Schafer.</p><p>Thomas Gerwin war Gründungsmitglied und 1998-2002 im ersten Vorstand des World Forum for Acoustic Ecology WFAE, Gründer und künstlerischer Leiter des jährlichen &#8220;Internationalen Klangkunstfests Berlin&#8221; (2004-2018), mehrerer Ensembles sowie der Konzertreihe &#8220;Klangwelten ad hoc&#8221;. 2006-2010 war er Vorsitzender der Berliner Gesellschaft für Neue Musik (bgnm), 2017-2023  Vorsitzender des &#8220;Brandenburgischen Vereins Neue Musik&#8221; (BVNM ) sowie künstlerischer Leiter des jährlichen Festivals &#8220;intersonanzen&#8221;. Seine 2020 gegründete Konzertreihe &#8220;re-sonanz&#8221; als Kooperation des BVNM mit dem KunstHaus Potsdam kuratiert er weiterhin.</p><p>Er wurde mit diversen nationalen und internationalen Preisen und Stipendien ausgezeichnet, viele seiner (bis- lang ca. 250) Werke wurden weltweit aufgeführt und/oder gesendet. Seine Noten erscheinen bei Ricordi und dem Verlag Neue Musik.</p></div></div></div></div>								</div>
				</div>
					</div>
		</div>
					</div>
		</section>
				<section class="elementor-section elementor-top-section elementor-element elementor-element-84257c7 elementor-section-boxed elementor-section-height-default elementor-section-height-default" data-id="84257c7" data-element_type="section" data-e-type="section">
						<div class="elementor-container elementor-column-gap-default">
					<div class="elementor-column elementor-col-100 elementor-top-column elementor-element elementor-element-b0dd4fa" data-id="b0dd4fa" data-element_type="column" data-e-type="column">
			<div class="elementor-widget-wrap elementor-element-populated">
						<div class="elementor-element elementor-element-262b54e elementor-widget elementor-widget-text-editor" data-id="262b54e" data-element_type="widget" data-e-type="widget" data-widget_type="text-editor.default">
				<div class="elementor-widget-container">
									<div class="page" title="Page 26"><div class="section"><div class="layoutArea"><div class="column"><p>Immer auf der Suche nach Neuland komponiert er in seinem Berliner Studio instrumentale und elektroakustische Werke für Konzert und Performance und kreiert Klanginstallationen, Environments sowie teils interaktive Klang-Objekte.</p><p>Als Ausdrucksmittel seiner »situativen« raumkünstlerischen Arbeiten bezieht er neben Musiker*innen im Raum oft (Live-)Elektronik, Theater, Tanz, Film, Licht und Skulptur mit ein und experimentiert mit neuen Präsentations- und Rezeptionsformen und Konzertformaten. In seiner »multisensorialen Kunst« entwickelt und untersucht er einen ganzheitlichen Ansatz des Hörens unter Einbeziehung aller Sinne.</p><p>Um die multiplen Spielarten zeitgenössischen Musikschaffens einzubeziehen und die traditionell unter den Darstellenden Künsten eingeordnete Kunstform Musik autark auf Augenhöhe mit den anderen Künsten zu stellen, schlägt er den Oberbegriff »Klingende Kunst« vor. Dabei ist für ihn bei jedem kompositorischen Gestalten immer ein besonderer Respekt vor dem Klang selbst essentiell.</p><p>»Klänge sind Lebewesen. Sie werden geboren, verbringen eine gewisse Zeit an bestimmten Orten und sterben dann. Liebend gern bilden sie soziale Organismen.«</p></div></div></div></div>								</div>
				</div>
					</div>
		</div>
					</div>
		</section>
				<section class="elementor-section elementor-top-section elementor-element elementor-element-bbf12ad elementor-section-boxed elementor-section-height-default elementor-section-height-default" data-id="bbf12ad" data-element_type="section" data-e-type="section">
						<div class="elementor-container elementor-column-gap-default">
					<div class="elementor-column elementor-col-100 elementor-top-column elementor-element elementor-element-7a627de" data-id="7a627de" data-element_type="column" data-e-type="column">
			<div class="elementor-widget-wrap elementor-element-populated">
						<div class="elementor-element elementor-element-db85668 elementor-widget elementor-widget-text-editor" data-id="db85668" data-element_type="widget" data-e-type="widget" data-widget_type="text-editor.default">
				<div class="elementor-widget-container">
									<a href="https://www.thomasgerwin.de" target="_blank" rel="noopener">www.thomasgerwin.de<span class="hu-external"></span></a>								</div>
				</div>
					</div>
		</div>
					</div>
		</section>
				</div>

<p>&lt;&lt; Thomas Gerwin Foto: Konstanze Thümmel Komponist und Klangkünstler, begann sehr früh zu improvisieren, später klassische Ausbildung (Gitarre bei Cosi Alberta, Kassel; Magister artium in Musikwissenschaft bei Georg von Dadelsen an der Universität Tübingen;&#46;&#46;&#46;</p>
