{"id":2766,"date":"2022-02-12T06:14:29","date_gmt":"2022-02-12T06:14:29","guid":{"rendered":"http:\/\/neue-musik-brandenburg.multisensoriale.de\/?page_id=2766"},"modified":"2023-02-03T06:13:35","modified_gmt":"2023-02-03T06:13:35","slug":"huetten-hans","status":"publish","type":"page","link":"https:\/\/www.neue-musik-brandenburg.de\/en\/huetten-hans\/","title":{"rendered":"Hans Huetten"},"content":{"rendered":"\t\t<div data-elementor-type=\"wp-page\" data-elementor-id=\"2766\" class=\"elementor elementor-2766\">\n\t\t\t\t\t\t<section class=\"elementor-section elementor-top-section elementor-element elementor-element-898dd5e elementor-section-boxed elementor-section-height-default elementor-section-height-default\" data-id=\"898dd5e\" data-element_type=\"section\" data-e-type=\"section\">\n\t\t\t\t\t\t<div class=\"elementor-container elementor-column-gap-default\">\n\t\t\t\t\t<div class=\"elementor-column elementor-col-100 elementor-top-column elementor-element elementor-element-4602e8c\" data-id=\"4602e8c\" data-element_type=\"column\" data-e-type=\"column\">\n\t\t\t<div class=\"elementor-widget-wrap elementor-element-populated\">\n\t\t\t\t\t\t<div class=\"elementor-element elementor-element-fe5c320 elementor-widget elementor-widget-text-editor\" data-id=\"fe5c320\" data-element_type=\"widget\" data-e-type=\"widget\" data-widget_type=\"text-editor.default\">\n\t\t\t\t<div class=\"elementor-widget-container\">\n\t\t\t\t\t\t\t\t\t<a id=\"r-mitglieder\" href=\"javascript:history.back()\">&lt;&lt;<\/a>\t\t\t\t\t\t\t\t<\/div>\n\t\t\t\t<\/div>\n\t\t\t\t\t<\/div>\n\t\t<\/div>\n\t\t\t\t\t<\/div>\n\t\t<\/section>\n\t\t\t\t<section class=\"elementor-section elementor-top-section elementor-element elementor-element-c36d764 elementor-section-boxed elementor-section-height-default elementor-section-height-default\" data-id=\"c36d764\" data-element_type=\"section\" data-e-type=\"section\">\n\t\t\t\t\t\t<div class=\"elementor-container elementor-column-gap-default\">\n\t\t\t\t\t<div class=\"elementor-column elementor-col-100 elementor-top-column elementor-element elementor-element-93f9922\" data-id=\"93f9922\" data-element_type=\"column\" data-e-type=\"column\">\n\t\t\t<div class=\"elementor-widget-wrap elementor-element-populated\">\n\t\t\t\t\t\t<div class=\"elementor-element elementor-element-68a7be7 elementor-widget elementor-widget-heading\" data-id=\"68a7be7\" data-element_type=\"widget\" data-e-type=\"widget\" data-widget_type=\"heading.default\">\n\t\t\t\t<div class=\"elementor-widget-container\">\n\t\t\t\t\t<h2 class=\"elementor-heading-title elementor-size-default\">Hans H\u00fctten<\/h2>\t\t\t\t<\/div>\n\t\t\t\t<\/div>\n\t\t\t\t\t<\/div>\n\t\t<\/div>\n\t\t\t\t\t<\/div>\n\t\t<\/section>\n\t\t\t\t<section class=\"elementor-section elementor-top-section elementor-element elementor-element-79af510 elementor-section-boxed elementor-section-height-default elementor-section-height-default\" data-id=\"79af510\" data-element_type=\"section\" data-e-type=\"section\">\n\t\t\t\t\t\t<div class=\"elementor-container elementor-column-gap-default\">\n\t\t\t\t\t<div class=\"elementor-column elementor-col-25 elementor-top-column elementor-element elementor-element-4d0384b\" data-id=\"4d0384b\" data-element_type=\"column\" data-e-type=\"column\">\n\t\t\t<div class=\"elementor-widget-wrap elementor-element-populated\">\n\t\t\t\t\t\t<div class=\"elementor-element elementor-element-55c8c54 elementor-widget elementor-widget-image\" data-id=\"55c8c54\" data-element_type=\"widget\" data-e-type=\"widget\" data-widget_type=\"image.default\">\n\t\t\t\t<div class=\"elementor-widget-container\">\n\t\t\t\t\t\t\t\t\t\t\t\t<figure class=\"wp-caption\">\n\t\t\t\t\t\t\t\t\t\t<img decoding=\"async\" width=\"187\" height=\"250\" src=\"https:\/\/www.neue-musik-brandenburg.de\/wp-content\/uploads\/2022\/02\/hanshuetten.jpg\" class=\"attachment-large size-large wp-image-5142\" alt=\"\" \/>\t\t\t\t\t\t\t\t\t\t\t<figcaption class=\"widget-image-caption wp-caption-text\"><\/figcaption>\n\t\t\t\t\t\t\t\t\t\t<\/figure>\n\t\t\t\t\t\t\t\t\t<\/div>\n\t\t\t\t<\/div>\n\t\t\t\t\t<\/div>\n\t\t<\/div>\n\t\t\t\t<div class=\"elementor-column elementor-col-25 elementor-top-column elementor-element elementor-element-41df22e\" data-id=\"41df22e\" data-element_type=\"column\" data-e-type=\"column\">\n\t\t\t<div class=\"elementor-widget-wrap\">\n\t\t\t\t\t\t\t<\/div>\n\t\t<\/div>\n\t\t\t\t<div class=\"elementor-column elementor-col-50 elementor-top-column elementor-element elementor-element-8c1ec10\" data-id=\"8c1ec10\" data-element_type=\"column\" data-e-type=\"column\">\n\t\t\t<div class=\"elementor-widget-wrap elementor-element-populated\">\n\t\t\t\t\t\t<div class=\"elementor-element elementor-element-8f956e3 elementor-widget elementor-widget-text-editor\" data-id=\"8f956e3\" data-element_type=\"widget\" data-e-type=\"widget\" data-widget_type=\"text-editor.default\">\n\t\t\t\t<div class=\"elementor-widget-container\">\n\t\t\t\t\t\t\t\t\t<p>1943 in Nossen (Kreis Mei\u00dfen) geboren 2018 in Cottbus gestorben<\/p><p>1954 &#8211; als Trompeter im damaligen Mei\u00dfner Pionierblasorchester angefangen<\/p><p>1957 &#8211; 1961 Besuch der Fachgrundschule der Hochschule f\u00fcr Musik &#8220;Carl-Maria-von-Weber&#8221; im Hauptfach Trompete bei Herrn KV Wilhelm Simon<\/p><p>1961 &#8211; 1964 Besuch der Hochschule f\u00fcr Musik &#8220;Carl-Maria-von-Weber&#8221; Dresden im Hauptfach Trompete bei den Herren KV Wilhelm Simon und Rudolf Haase<\/p><p>1964 &#8211; 1971 Trompeter am damaligen Theater der Stadt Cottbus<\/p><p>1971 &#8211; 1976 Fachbereichsleiter f\u00fcr Blechblasinstrumente am Cottbuser Konservatorium<\/p><p>1976 &#8211; 1984 k\u00fcnstlerischer Leiter des Jugendbezirksmusikkorps Cottbus<\/p><p>1980 &#8211; 1984 Fernstudium an der Hochschule f\u00fcr Musik &#8220;Carl-Maria-von Weber&#8221; Dresden im Hauptfach Komposition bei den Professoren Rainer Lischka und Wilfried Kr\u00e4tzschmar<\/p><p>1985 &#8211; freischaffender Komponist<\/p><p>1993 &#8211; Gr\u00fcndungsmitglied des Borgsdorfer Kreises<\/p><p>1998 &#8211; 2002 Vorsitzender des Brandenburgischen Vereins Neue Musik e. V.<\/p><p>2002 &#8211; k\u00fcnstlerischer Leiter des Gesangvereins &#8220;Liederkranz&#8221; Gro\u00df Gaglow<\/p><p>2006 &#8211; Mitglied der Programmkommission im Cottbuser Musikherbst<\/p><p>2006 &#8211; 2014\u00a0 1. Vorsitzender des Landesverbandes Brandenburg im Deutschen Komponistenverband<\/p><p>2014 &#8211; 2015 stellv. Vorsitzender des Brandenburgischen Komponistenverbandes im DKV<\/p>\t\t\t\t\t\t\t\t<\/div>\n\t\t\t\t<\/div>\n\t\t\t\t\t<\/div>\n\t\t<\/div>\n\t\t\t\t\t<\/div>\n\t\t<\/section>\n\t\t\t\t<section class=\"elementor-section elementor-top-section elementor-element elementor-element-84257c7 elementor-section-boxed elementor-section-height-default elementor-section-height-default\" data-id=\"84257c7\" data-element_type=\"section\" data-e-type=\"section\">\n\t\t\t\t\t\t<div class=\"elementor-container elementor-column-gap-default\">\n\t\t\t\t\t<div class=\"elementor-column elementor-col-100 elementor-top-column elementor-element elementor-element-b0dd4fa\" data-id=\"b0dd4fa\" data-element_type=\"column\" data-e-type=\"column\">\n\t\t\t<div class=\"elementor-widget-wrap elementor-element-populated\">\n\t\t\t\t\t\t\t<\/div>\n\t\t<\/div>\n\t\t\t\t\t<\/div>\n\t\t<\/section>\n\t\t\t\t<section class=\"elementor-section elementor-top-section elementor-element elementor-element-6ada084 elementor-section-boxed elementor-section-height-default elementor-section-height-default\" data-id=\"6ada084\" data-element_type=\"section\" data-e-type=\"section\">\n\t\t\t\t\t\t<div class=\"elementor-container elementor-column-gap-default\">\n\t\t\t\t\t<div class=\"elementor-column elementor-col-100 elementor-top-column elementor-element elementor-element-24139ee\" data-id=\"24139ee\" data-element_type=\"column\" data-e-type=\"column\">\n\t\t\t<div class=\"elementor-widget-wrap elementor-element-populated\">\n\t\t\t\t\t\t<div class=\"elementor-element elementor-element-e42269d elementor-widget elementor-widget-text-editor\" data-id=\"e42269d\" data-element_type=\"widget\" data-e-type=\"widget\" data-widget_type=\"text-editor.default\">\n\t\t\t\t<div class=\"elementor-widget-container\">\n\t\t\t\t\t\t\t\t\t<a href=\"https:\/\/bellmannmusik.com\/Service\/Komponisten\/A-bis-H\/Huetten-Hans\/\" target=\"_blank\" rel=\"noopener\">bellmannmusik.com\/Service\/Komponisten\/A-bis-H\/Huetten-Hans<span class=\"hu-external\"><\/span><\/a>\t\t\t\t\t\t\t\t<\/div>\n\t\t\t\t<\/div>\n\t\t\t\t\t<\/div>\n\t\t<\/div>\n\t\t\t\t\t<\/div>\n\t\t<\/section>\n\t\t\t\t<\/div>\n\t\t","protected":false},"excerpt":{"rendered":"<p>&lt;&lt; Hans H\u00fctten 1943 in Nossen (Kreis Mei\u00dfen) geboren 2018 in Cottbus gestorben 1954 &#8211; als Trompeter im damaligen Mei\u00dfner Pionierblasorchester angefangen 1957 &#8211; 1961 Besuch der Fachgrundschule der Hochschule f\u00fcr Musik &#8220;Carl-Maria-von-Weber&#8221; im&#46;&#46;&#46;<\/p>\n","protected":false},"author":1,"featured_media":0,"parent":0,"menu_order":0,"comment_status":"closed","ping_status":"closed","template":"","meta":{"_custom_body_class":"","_custom_post_class":"","footnotes":""},"class_list":["post-2766","page","type-page","status-publish","hentry"],"translation":{"provider":"WPGlobus","version":"3.0.2","language":"en","enabled_languages":["de","en"],"languages":{"de":{"title":true,"content":true,"excerpt":false},"en":{"title":true,"content":false,"excerpt":false}}},"_links":{"self":[{"href":"https:\/\/www.neue-musik-brandenburg.de\/en\/wp-json\/wp\/v2\/pages\/2766","targetHints":{"allow":["GET"]}}],"collection":[{"href":"https:\/\/www.neue-musik-brandenburg.de\/en\/wp-json\/wp\/v2\/pages"}],"about":[{"href":"https:\/\/www.neue-musik-brandenburg.de\/en\/wp-json\/wp\/v2\/types\/page"}],"author":[{"embeddable":true,"href":"https:\/\/www.neue-musik-brandenburg.de\/en\/wp-json\/wp\/v2\/users\/1"}],"replies":[{"embeddable":true,"href":"https:\/\/www.neue-musik-brandenburg.de\/en\/wp-json\/wp\/v2\/comments?post=2766"}],"version-history":[{"count":30,"href":"https:\/\/www.neue-musik-brandenburg.de\/en\/wp-json\/wp\/v2\/pages\/2766\/revisions"}],"predecessor-version":[{"id":7162,"href":"https:\/\/www.neue-musik-brandenburg.de\/en\/wp-json\/wp\/v2\/pages\/2766\/revisions\/7162"}],"wp:attachment":[{"href":"https:\/\/www.neue-musik-brandenburg.de\/en\/wp-json\/wp\/v2\/media?parent=2766"}],"curies":[{"name":"wp","href":"https:\/\/api.w.org\/{rel}","templated":true}]}}

<div data-elementor-type="wp-page" data-elementor-id="2766" class="elementor elementor-2766">
						<section class="elementor-section elementor-top-section elementor-element elementor-element-898dd5e elementor-section-boxed elementor-section-height-default elementor-section-height-default" data-id="898dd5e" data-element_type="section" data-e-type="section">
						<div class="elementor-container elementor-column-gap-default">
					<div class="elementor-column elementor-col-100 elementor-top-column elementor-element elementor-element-4602e8c" data-id="4602e8c" data-element_type="column" data-e-type="column">
			<div class="elementor-widget-wrap elementor-element-populated">
						<div class="elementor-element elementor-element-fe5c320 elementor-widget elementor-widget-text-editor" data-id="fe5c320" data-element_type="widget" data-e-type="widget" data-widget_type="text-editor.default">
				<div class="elementor-widget-container">
									<a id="r-mitglieder" href="javascript:history.back()">&lt;&lt;</a>								</div>
				</div>
					</div>
		</div>
					</div>
		</section>
				<section class="elementor-section elementor-top-section elementor-element elementor-element-c36d764 elementor-section-boxed elementor-section-height-default elementor-section-height-default" data-id="c36d764" data-element_type="section" data-e-type="section">
						<div class="elementor-container elementor-column-gap-default">
					<div class="elementor-column elementor-col-100 elementor-top-column elementor-element elementor-element-93f9922" data-id="93f9922" data-element_type="column" data-e-type="column">
			<div class="elementor-widget-wrap elementor-element-populated">
						<div class="elementor-element elementor-element-68a7be7 elementor-widget elementor-widget-heading" data-id="68a7be7" data-element_type="widget" data-e-type="widget" data-widget_type="heading.default">
				<div class="elementor-widget-container">
					<h2 class="elementor-heading-title elementor-size-default">Hans Hütten</h2>				</div>
				</div>
					</div>
		</div>
					</div>
		</section>
				<section class="elementor-section elementor-top-section elementor-element elementor-element-79af510 elementor-section-boxed elementor-section-height-default elementor-section-height-default" data-id="79af510" data-element_type="section" data-e-type="section">
						<div class="elementor-container elementor-column-gap-default">
					<div class="elementor-column elementor-col-25 elementor-top-column elementor-element elementor-element-4d0384b" data-id="4d0384b" data-element_type="column" data-e-type="column">
			<div class="elementor-widget-wrap elementor-element-populated">
						<div class="elementor-element elementor-element-55c8c54 elementor-widget elementor-widget-image" data-id="55c8c54" data-element_type="widget" data-e-type="widget" data-widget_type="image.default">
				<div class="elementor-widget-container">
												<figure class="wp-caption">
										<img decoding="async" width="187" height="250" src="https://www.neue-musik-brandenburg.de/wp-content/uploads/2022/02/hanshuetten.jpg" class="attachment-large size-large wp-image-5142" alt="" />											<figcaption class="widget-image-caption wp-caption-text"></figcaption>
										</figure>
									</div>
				</div>
					</div>
		</div>
				<div class="elementor-column elementor-col-25 elementor-top-column elementor-element elementor-element-41df22e" data-id="41df22e" data-element_type="column" data-e-type="column">
			<div class="elementor-widget-wrap">
							</div>
		</div>
				<div class="elementor-column elementor-col-50 elementor-top-column elementor-element elementor-element-8c1ec10" data-id="8c1ec10" data-element_type="column" data-e-type="column">
			<div class="elementor-widget-wrap elementor-element-populated">
						<div class="elementor-element elementor-element-8f956e3 elementor-widget elementor-widget-text-editor" data-id="8f956e3" data-element_type="widget" data-e-type="widget" data-widget_type="text-editor.default">
				<div class="elementor-widget-container">
									<p>1943 in Nossen (Kreis Meißen) geboren 2018 in Cottbus gestorben</p><p>1954 &#8211; als Trompeter im damaligen Meißner Pionierblasorchester angefangen</p><p>1957 &#8211; 1961 Besuch der Fachgrundschule der Hochschule für Musik &#8220;Carl-Maria-von-Weber&#8221; im Hauptfach Trompete bei Herrn KV Wilhelm Simon</p><p>1961 &#8211; 1964 Besuch der Hochschule für Musik &#8220;Carl-Maria-von-Weber&#8221; Dresden im Hauptfach Trompete bei den Herren KV Wilhelm Simon und Rudolf Haase</p><p>1964 &#8211; 1971 Trompeter am damaligen Theater der Stadt Cottbus</p><p>1971 &#8211; 1976 Fachbereichsleiter für Blechblasinstrumente am Cottbuser Konservatorium</p><p>1976 &#8211; 1984 künstlerischer Leiter des Jugendbezirksmusikkorps Cottbus</p><p>1980 &#8211; 1984 Fernstudium an der Hochschule für Musik &#8220;Carl-Maria-von Weber&#8221; Dresden im Hauptfach Komposition bei den Professoren Rainer Lischka und Wilfried Krätzschmar</p><p>1985 &#8211; freischaffender Komponist</p><p>1993 &#8211; Gründungsmitglied des Borgsdorfer Kreises</p><p>1998 &#8211; 2002 Vorsitzender des Brandenburgischen Vereins Neue Musik e. V.</p><p>2002 &#8211; künstlerischer Leiter des Gesangvereins &#8220;Liederkranz&#8221; Groß Gaglow</p><p>2006 &#8211; Mitglied der Programmkommission im Cottbuser Musikherbst</p><p>2006 &#8211; 2014  1. Vorsitzender des Landesverbandes Brandenburg im Deutschen Komponistenverband</p><p>2014 &#8211; 2015 stellv. Vorsitzender des Brandenburgischen Komponistenverbandes im DKV</p>								</div>
				</div>
					</div>
		</div>
					</div>
		</section>
				<section class="elementor-section elementor-top-section elementor-element elementor-element-84257c7 elementor-section-boxed elementor-section-height-default elementor-section-height-default" data-id="84257c7" data-element_type="section" data-e-type="section">
						<div class="elementor-container elementor-column-gap-default">
					<div class="elementor-column elementor-col-100 elementor-top-column elementor-element elementor-element-b0dd4fa" data-id="b0dd4fa" data-element_type="column" data-e-type="column">
			<div class="elementor-widget-wrap elementor-element-populated">
							</div>
		</div>
					</div>
		</section>
				<section class="elementor-section elementor-top-section elementor-element elementor-element-6ada084 elementor-section-boxed elementor-section-height-default elementor-section-height-default" data-id="6ada084" data-element_type="section" data-e-type="section">
						<div class="elementor-container elementor-column-gap-default">
					<div class="elementor-column elementor-col-100 elementor-top-column elementor-element elementor-element-24139ee" data-id="24139ee" data-element_type="column" data-e-type="column">
			<div class="elementor-widget-wrap elementor-element-populated">
						<div class="elementor-element elementor-element-e42269d elementor-widget elementor-widget-text-editor" data-id="e42269d" data-element_type="widget" data-e-type="widget" data-widget_type="text-editor.default">
				<div class="elementor-widget-container">
									<a href="https://bellmannmusik.com/Service/Komponisten/A-bis-H/Huetten-Hans/" target="_blank" rel="noopener">bellmannmusik.com/Service/Komponisten/A-bis-H/Huetten-Hans<span class="hu-external"></span></a>								</div>
				</div>
					</div>
		</div>
					</div>
		</section>
				</div>

<p>&lt;&lt; Hans Hütten 1943 in Nossen (Kreis Meißen) geboren 2018 in Cottbus gestorben 1954 &#8211; als Trompeter im damaligen Meißner Pionierblasorchester angefangen 1957 &#8211; 1961 Besuch der Fachgrundschule der Hochschule für Musik &#8220;Carl-Maria-von-Weber&#8221; im&#46;&#46;&#46;</p>
