{"id":2772,"date":"2022-02-12T06:18:14","date_gmt":"2022-02-12T06:18:14","guid":{"rendered":"http:\/\/neue-musik-brandenburg.multisensoriale.de\/?page_id=2772"},"modified":"2023-02-03T06:12:11","modified_gmt":"2023-02-03T06:12:11","slug":"keller-hermann","status":"publish","type":"page","link":"https:\/\/www.neue-musik-brandenburg.de\/en\/keller-hermann\/","title":{"rendered":"Hermann Keller"},"content":{"rendered":"\t\t<div data-elementor-type=\"wp-page\" data-elementor-id=\"2772\" class=\"elementor elementor-2772\">\n\t\t\t\t\t\t<section class=\"elementor-section elementor-top-section elementor-element elementor-element-559d770 elementor-section-boxed elementor-section-height-default elementor-section-height-default\" data-id=\"559d770\" data-element_type=\"section\" data-e-type=\"section\">\n\t\t\t\t\t\t<div class=\"elementor-container elementor-column-gap-default\">\n\t\t\t\t\t<div class=\"elementor-column elementor-col-100 elementor-top-column elementor-element elementor-element-ce372d1\" data-id=\"ce372d1\" data-element_type=\"column\" data-e-type=\"column\">\n\t\t\t<div class=\"elementor-widget-wrap elementor-element-populated\">\n\t\t\t\t\t\t<div class=\"elementor-element elementor-element-07f0375 elementor-widget elementor-widget-text-editor\" data-id=\"07f0375\" data-element_type=\"widget\" data-e-type=\"widget\" data-widget_type=\"text-editor.default\">\n\t\t\t\t<div class=\"elementor-widget-container\">\n\t\t\t\t\t\t\t\t\t<a id=\"r-mitglieder\" href=\"javascript:history.back()\">&lt;&lt;<\/a>\t\t\t\t\t\t\t\t<\/div>\n\t\t\t\t<\/div>\n\t\t\t\t\t<\/div>\n\t\t<\/div>\n\t\t\t\t\t<\/div>\n\t\t<\/section>\n\t\t\t\t<section class=\"elementor-section elementor-top-section elementor-element elementor-element-c36d764 elementor-section-boxed elementor-section-height-default elementor-section-height-default\" data-id=\"c36d764\" data-element_type=\"section\" data-e-type=\"section\">\n\t\t\t\t\t\t<div class=\"elementor-container elementor-column-gap-default\">\n\t\t\t\t\t<div class=\"elementor-column elementor-col-100 elementor-top-column elementor-element elementor-element-93f9922\" data-id=\"93f9922\" data-element_type=\"column\" data-e-type=\"column\">\n\t\t\t<div class=\"elementor-widget-wrap elementor-element-populated\">\n\t\t\t\t\t\t<div class=\"elementor-element elementor-element-68a7be7 elementor-widget elementor-widget-heading\" data-id=\"68a7be7\" data-element_type=\"widget\" data-e-type=\"widget\" data-widget_type=\"heading.default\">\n\t\t\t\t<div class=\"elementor-widget-container\">\n\t\t\t\t\t<h2 class=\"elementor-heading-title elementor-size-default\">Hermann Keller<\/h2>\t\t\t\t<\/div>\n\t\t\t\t<\/div>\n\t\t\t\t\t<\/div>\n\t\t<\/div>\n\t\t\t\t\t<\/div>\n\t\t<\/section>\n\t\t\t\t<section class=\"elementor-section elementor-top-section elementor-element elementor-element-79af510 elementor-section-boxed elementor-section-height-default elementor-section-height-default\" data-id=\"79af510\" data-element_type=\"section\" data-e-type=\"section\">\n\t\t\t\t\t\t<div class=\"elementor-container elementor-column-gap-default\">\n\t\t\t\t\t<div class=\"elementor-column elementor-col-25 elementor-top-column elementor-element elementor-element-4d0384b\" data-id=\"4d0384b\" data-element_type=\"column\" data-e-type=\"column\">\n\t\t\t<div class=\"elementor-widget-wrap elementor-element-populated\">\n\t\t\t\t\t\t<div class=\"elementor-element elementor-element-55c8c54 elementor-widget elementor-widget-image\" data-id=\"55c8c54\" data-element_type=\"widget\" data-e-type=\"widget\" data-widget_type=\"image.default\">\n\t\t\t\t<div class=\"elementor-widget-container\">\n\t\t\t\t\t\t\t\t\t\t\t\t<figure class=\"wp-caption\">\n\t\t\t\t\t\t\t\t\t\t<img fetchpriority=\"high\" decoding=\"async\" width=\"1024\" height=\"930\" src=\"https:\/\/www.neue-musik-brandenburg.de\/wp-content\/uploads\/2022\/02\/keller-1024x930.jpg\" class=\"attachment-large size-large wp-image-5150\" alt=\"\" srcset=\"https:\/\/www.neue-musik-brandenburg.de\/wp-content\/uploads\/2022\/02\/keller-1024x930.jpg 1024w, https:\/\/www.neue-musik-brandenburg.de\/wp-content\/uploads\/2022\/02\/keller-300x273.jpg 300w, https:\/\/www.neue-musik-brandenburg.de\/wp-content\/uploads\/2022\/02\/keller-768x698.jpg 768w, https:\/\/www.neue-musik-brandenburg.de\/wp-content\/uploads\/2022\/02\/keller-1536x1396.jpg 1536w, https:\/\/www.neue-musik-brandenburg.de\/wp-content\/uploads\/2022\/02\/keller-2048x1861.jpg 2048w\" sizes=\"(max-width: 1024px) 100vw, 1024px\" \/>\t\t\t\t\t\t\t\t\t\t\t<figcaption class=\"widget-image-caption wp-caption-text\">Foto: privat<\/figcaption>\n\t\t\t\t\t\t\t\t\t\t<\/figure>\n\t\t\t\t\t\t\t\t\t<\/div>\n\t\t\t\t<\/div>\n\t\t\t\t\t<\/div>\n\t\t<\/div>\n\t\t\t\t<div class=\"elementor-column elementor-col-25 elementor-top-column elementor-element elementor-element-41df22e\" data-id=\"41df22e\" data-element_type=\"column\" data-e-type=\"column\">\n\t\t\t<div class=\"elementor-widget-wrap\">\n\t\t\t\t\t\t\t<\/div>\n\t\t<\/div>\n\t\t\t\t<div class=\"elementor-column elementor-col-50 elementor-top-column elementor-element elementor-element-8c1ec10\" data-id=\"8c1ec10\" data-element_type=\"column\" data-e-type=\"column\">\n\t\t\t<div class=\"elementor-widget-wrap elementor-element-populated\">\n\t\t\t\t\t\t<div class=\"elementor-element elementor-element-8f956e3 elementor-widget elementor-widget-text-editor\" data-id=\"8f956e3\" data-element_type=\"widget\" data-e-type=\"widget\" data-widget_type=\"text-editor.default\">\n\t\t\t\t<div class=\"elementor-widget-container\">\n\t\t\t\t\t\t\t\t\t<p>1945 in Zeitz, Sachsen-Anhalt geboren. 2018 in Berlin gestorben<br>im Alter von 6 Jahren erster Klavierunterricht<br>1963-68 Studium an der Hochschule f\u00fcr Musik FRANZ LISZT Weimar in Komposition bei Johann Cilen\u0161ek und Klavier bei Ingeborg Herkomer<br>1968-71 Aspirantur an der Hochschule f\u00fcr Musik \u201eHanns Eisler\u201c Berlin (Mentor: G\u00fcnter Kochan)<br>seit 1971 Zusammenarbeit mit Jazzmusikern<br>1973-80 Lehrt\u00e4tigkeit an der Hochschule f\u00fcr Musik, Berlin<br>seit 1981freischaffend als Komponist, Pianist und Improvisationsmusiker t\u00e4tig<br>seit 1990Lehrer f\u00fcr Tonsatz und Improvisation am Musikhaus e.V. in Berlin-Hohensch\u00f6nhausen<br>2018 Am 26. M\u00e4rz 2018 nach langer Krankheit in Berlin gestorben<\/p>\t\t\t\t\t\t\t\t<\/div>\n\t\t\t\t<\/div>\n\t\t\t\t\t<\/div>\n\t\t<\/div>\n\t\t\t\t\t<\/div>\n\t\t<\/section>\n\t\t\t\t<section class=\"elementor-section elementor-top-section elementor-element elementor-element-84257c7 elementor-section-boxed elementor-section-height-default elementor-section-height-default\" data-id=\"84257c7\" data-element_type=\"section\" data-e-type=\"section\">\n\t\t\t\t\t\t<div class=\"elementor-container elementor-column-gap-default\">\n\t\t\t\t\t<div class=\"elementor-column elementor-col-100 elementor-top-column elementor-element elementor-element-b0dd4fa\" data-id=\"b0dd4fa\" data-element_type=\"column\" data-e-type=\"column\">\n\t\t\t<div class=\"elementor-widget-wrap elementor-element-populated\">\n\t\t\t\t\t\t\t<\/div>\n\t\t<\/div>\n\t\t\t\t\t<\/div>\n\t\t<\/section>\n\t\t\t\t<section class=\"elementor-section elementor-top-section elementor-element elementor-element-098abe3 elementor-section-boxed elementor-section-height-default elementor-section-height-default\" data-id=\"098abe3\" data-element_type=\"section\" data-e-type=\"section\">\n\t\t\t\t\t\t<div class=\"elementor-container elementor-column-gap-default\">\n\t\t\t\t\t<div class=\"elementor-column elementor-col-100 elementor-top-column elementor-element elementor-element-89b6e27\" data-id=\"89b6e27\" data-element_type=\"column\" data-e-type=\"column\">\n\t\t\t<div class=\"elementor-widget-wrap elementor-element-populated\">\n\t\t\t\t\t\t<div class=\"elementor-element elementor-element-33cc4e2 elementor-widget elementor-widget-text-editor\" data-id=\"33cc4e2\" data-element_type=\"widget\" data-e-type=\"widget\" data-widget_type=\"text-editor.default\">\n\t\t\t\t<div class=\"elementor-widget-container\">\n\t\t\t\t\t\t\t\t\t<a href=\"http:\/\/www.editionjulianeklein.de\/composers?composer_id=100005\" target=\"_blank\" rel=\"noopener\">www.editionjulianeklein.de<span class=\"hu-external\"><\/span><\/a>\t\t\t\t\t\t\t\t<\/div>\n\t\t\t\t<\/div>\n\t\t\t\t\t<\/div>\n\t\t<\/div>\n\t\t\t\t\t<\/div>\n\t\t<\/section>\n\t\t\t\t<\/div>\n\t\t","protected":false},"excerpt":{"rendered":"<p>&lt;&lt; Hermann Keller Foto: privat 1945 in Zeitz, Sachsen-Anhalt geboren. 2018 in Berlin gestorbenim Alter von 6 Jahren erster Klavierunterricht1963-68 Studium an der Hochschule f\u00fcr Musik FRANZ LISZT Weimar in Komposition bei Johann Cilen\u0161ek&#46;&#46;&#46;<\/p>\n","protected":false},"author":1,"featured_media":0,"parent":0,"menu_order":0,"comment_status":"closed","ping_status":"closed","template":"","meta":{"_custom_body_class":"","_custom_post_class":"","footnotes":""},"class_list":["post-2772","page","type-page","status-publish","hentry"],"translation":{"provider":"WPGlobus","version":"3.0.2","language":"en","enabled_languages":["de","en"],"languages":{"de":{"title":true,"content":true,"excerpt":false},"en":{"title":true,"content":false,"excerpt":false}}},"_links":{"self":[{"href":"https:\/\/www.neue-musik-brandenburg.de\/en\/wp-json\/wp\/v2\/pages\/2772","targetHints":{"allow":["GET"]}}],"collection":[{"href":"https:\/\/www.neue-musik-brandenburg.de\/en\/wp-json\/wp\/v2\/pages"}],"about":[{"href":"https:\/\/www.neue-musik-brandenburg.de\/en\/wp-json\/wp\/v2\/types\/page"}],"author":[{"embeddable":true,"href":"https:\/\/www.neue-musik-brandenburg.de\/en\/wp-json\/wp\/v2\/users\/1"}],"replies":[{"embeddable":true,"href":"https:\/\/www.neue-musik-brandenburg.de\/en\/wp-json\/wp\/v2\/comments?post=2772"}],"version-history":[{"count":23,"href":"https:\/\/www.neue-musik-brandenburg.de\/en\/wp-json\/wp\/v2\/pages\/2772\/revisions"}],"predecessor-version":[{"id":7159,"href":"https:\/\/www.neue-musik-brandenburg.de\/en\/wp-json\/wp\/v2\/pages\/2772\/revisions\/7159"}],"wp:attachment":[{"href":"https:\/\/www.neue-musik-brandenburg.de\/en\/wp-json\/wp\/v2\/media?parent=2772"}],"curies":[{"name":"wp","href":"https:\/\/api.w.org\/{rel}","templated":true}]}}

<div data-elementor-type="wp-page" data-elementor-id="2772" class="elementor elementor-2772">
						<section class="elementor-section elementor-top-section elementor-element elementor-element-559d770 elementor-section-boxed elementor-section-height-default elementor-section-height-default" data-id="559d770" data-element_type="section" data-e-type="section">
						<div class="elementor-container elementor-column-gap-default">
					<div class="elementor-column elementor-col-100 elementor-top-column elementor-element elementor-element-ce372d1" data-id="ce372d1" data-element_type="column" data-e-type="column">
			<div class="elementor-widget-wrap elementor-element-populated">
						<div class="elementor-element elementor-element-07f0375 elementor-widget elementor-widget-text-editor" data-id="07f0375" data-element_type="widget" data-e-type="widget" data-widget_type="text-editor.default">
				<div class="elementor-widget-container">
									<a id="r-mitglieder" href="javascript:history.back()">&lt;&lt;</a>								</div>
				</div>
					</div>
		</div>
					</div>
		</section>
				<section class="elementor-section elementor-top-section elementor-element elementor-element-c36d764 elementor-section-boxed elementor-section-height-default elementor-section-height-default" data-id="c36d764" data-element_type="section" data-e-type="section">
						<div class="elementor-container elementor-column-gap-default">
					<div class="elementor-column elementor-col-100 elementor-top-column elementor-element elementor-element-93f9922" data-id="93f9922" data-element_type="column" data-e-type="column">
			<div class="elementor-widget-wrap elementor-element-populated">
						<div class="elementor-element elementor-element-68a7be7 elementor-widget elementor-widget-heading" data-id="68a7be7" data-element_type="widget" data-e-type="widget" data-widget_type="heading.default">
				<div class="elementor-widget-container">
					<h2 class="elementor-heading-title elementor-size-default">Hermann Keller</h2>				</div>
				</div>
					</div>
		</div>
					</div>
		</section>
				<section class="elementor-section elementor-top-section elementor-element elementor-element-79af510 elementor-section-boxed elementor-section-height-default elementor-section-height-default" data-id="79af510" data-element_type="section" data-e-type="section">
						<div class="elementor-container elementor-column-gap-default">
					<div class="elementor-column elementor-col-25 elementor-top-column elementor-element elementor-element-4d0384b" data-id="4d0384b" data-element_type="column" data-e-type="column">
			<div class="elementor-widget-wrap elementor-element-populated">
						<div class="elementor-element elementor-element-55c8c54 elementor-widget elementor-widget-image" data-id="55c8c54" data-element_type="widget" data-e-type="widget" data-widget_type="image.default">
				<div class="elementor-widget-container">
												<figure class="wp-caption">
										<img fetchpriority="high" decoding="async" width="1024" height="930" src="https://www.neue-musik-brandenburg.de/wp-content/uploads/2022/02/keller-1024x930.jpg" class="attachment-large size-large wp-image-5150" alt="" srcset="https://www.neue-musik-brandenburg.de/wp-content/uploads/2022/02/keller-1024x930.jpg 1024w, https://www.neue-musik-brandenburg.de/wp-content/uploads/2022/02/keller-300x273.jpg 300w, https://www.neue-musik-brandenburg.de/wp-content/uploads/2022/02/keller-768x698.jpg 768w, https://www.neue-musik-brandenburg.de/wp-content/uploads/2022/02/keller-1536x1396.jpg 1536w, https://www.neue-musik-brandenburg.de/wp-content/uploads/2022/02/keller-2048x1861.jpg 2048w" sizes="(max-width: 1024px) 100vw, 1024px" />											<figcaption class="widget-image-caption wp-caption-text">Foto: privat</figcaption>
										</figure>
									</div>
				</div>
					</div>
		</div>
				<div class="elementor-column elementor-col-25 elementor-top-column elementor-element elementor-element-41df22e" data-id="41df22e" data-element_type="column" data-e-type="column">
			<div class="elementor-widget-wrap">
							</div>
		</div>
				<div class="elementor-column elementor-col-50 elementor-top-column elementor-element elementor-element-8c1ec10" data-id="8c1ec10" data-element_type="column" data-e-type="column">
			<div class="elementor-widget-wrap elementor-element-populated">
						<div class="elementor-element elementor-element-8f956e3 elementor-widget elementor-widget-text-editor" data-id="8f956e3" data-element_type="widget" data-e-type="widget" data-widget_type="text-editor.default">
				<div class="elementor-widget-container">
									<p>1945 in Zeitz, Sachsen-Anhalt geboren. 2018 in Berlin gestorben<br>im Alter von 6 Jahren erster Klavierunterricht<br>1963-68 Studium an der Hochschule für Musik FRANZ LISZT Weimar in Komposition bei Johann Cilenšek und Klavier bei Ingeborg Herkomer<br>1968-71 Aspirantur an der Hochschule für Musik „Hanns Eisler“ Berlin (Mentor: Günter Kochan)<br>seit 1971 Zusammenarbeit mit Jazzmusikern<br>1973-80 Lehrtätigkeit an der Hochschule für Musik, Berlin<br>seit 1981freischaffend als Komponist, Pianist und Improvisationsmusiker tätig<br>seit 1990Lehrer für Tonsatz und Improvisation am Musikhaus e.V. in Berlin-Hohenschönhausen<br>2018 Am 26. März 2018 nach langer Krankheit in Berlin gestorben</p>								</div>
				</div>
					</div>
		</div>
					</div>
		</section>
				<section class="elementor-section elementor-top-section elementor-element elementor-element-84257c7 elementor-section-boxed elementor-section-height-default elementor-section-height-default" data-id="84257c7" data-element_type="section" data-e-type="section">
						<div class="elementor-container elementor-column-gap-default">
					<div class="elementor-column elementor-col-100 elementor-top-column elementor-element elementor-element-b0dd4fa" data-id="b0dd4fa" data-element_type="column" data-e-type="column">
			<div class="elementor-widget-wrap elementor-element-populated">
							</div>
		</div>
					</div>
		</section>
				<section class="elementor-section elementor-top-section elementor-element elementor-element-098abe3 elementor-section-boxed elementor-section-height-default elementor-section-height-default" data-id="098abe3" data-element_type="section" data-e-type="section">
						<div class="elementor-container elementor-column-gap-default">
					<div class="elementor-column elementor-col-100 elementor-top-column elementor-element elementor-element-89b6e27" data-id="89b6e27" data-element_type="column" data-e-type="column">
			<div class="elementor-widget-wrap elementor-element-populated">
						<div class="elementor-element elementor-element-33cc4e2 elementor-widget elementor-widget-text-editor" data-id="33cc4e2" data-element_type="widget" data-e-type="widget" data-widget_type="text-editor.default">
				<div class="elementor-widget-container">
									<a href="http://www.editionjulianeklein.de/composers?composer_id=100005" target="_blank" rel="noopener">www.editionjulianeklein.de<span class="hu-external"></span></a>								</div>
				</div>
					</div>
		</div>
					</div>
		</section>
				</div>

<p>&lt;&lt; Hermann Keller Foto: privat 1945 in Zeitz, Sachsen-Anhalt geboren. 2018 in Berlin gestorbenim Alter von 6 Jahren erster Klavierunterricht1963-68 Studium an der Hochschule für Musik FRANZ LISZT Weimar in Komposition bei Johann Cilenšek&#46;&#46;&#46;</p>
