{"id":2784,"date":"2022-02-12T06:25:16","date_gmt":"2022-02-12T06:25:16","guid":{"rendered":"http:\/\/neue-musik-brandenburg.multisensoriale.de\/?page_id=2784"},"modified":"2022-02-26T10:57:23","modified_gmt":"2022-02-26T10:57:23","slug":"loeffler-bringfried","status":"publish","type":"page","link":"https:\/\/www.neue-musik-brandenburg.de\/en\/loeffler-bringfried\/","title":{"rendered":"Bringfried L\u00f6ffler"},"content":{"rendered":"\t\t<div data-elementor-type=\"wp-page\" data-elementor-id=\"2784\" class=\"elementor elementor-2784\">\n\t\t\t\t\t\t<section class=\"elementor-section elementor-top-section elementor-element elementor-element-e6d04bc elementor-section-boxed elementor-section-height-default elementor-section-height-default\" data-id=\"e6d04bc\" data-element_type=\"section\" data-e-type=\"section\">\n\t\t\t\t\t\t<div class=\"elementor-container elementor-column-gap-default\">\n\t\t\t\t\t<div class=\"elementor-column elementor-col-100 elementor-top-column elementor-element elementor-element-9fb6a8a\" data-id=\"9fb6a8a\" data-element_type=\"column\" data-e-type=\"column\">\n\t\t\t<div class=\"elementor-widget-wrap elementor-element-populated\">\n\t\t\t\t\t\t<div class=\"elementor-element elementor-element-c5bea2d elementor-widget elementor-widget-text-editor\" data-id=\"c5bea2d\" data-element_type=\"widget\" data-e-type=\"widget\" data-widget_type=\"text-editor.default\">\n\t\t\t\t<div class=\"elementor-widget-container\">\n\t\t\t\t\t\t\t\t\t<a id=\"r-mitglieder\" href=\"javascript:history.back()\">&lt;&lt;<\/a>\t\t\t\t\t\t\t\t<\/div>\n\t\t\t\t<\/div>\n\t\t\t\t\t<\/div>\n\t\t<\/div>\n\t\t\t\t\t<\/div>\n\t\t<\/section>\n\t\t\t\t<section class=\"elementor-section elementor-top-section elementor-element elementor-element-c36d764 elementor-section-boxed elementor-section-height-default elementor-section-height-default\" data-id=\"c36d764\" data-element_type=\"section\" data-e-type=\"section\">\n\t\t\t\t\t\t<div class=\"elementor-container elementor-column-gap-default\">\n\t\t\t\t\t<div class=\"elementor-column elementor-col-100 elementor-top-column elementor-element elementor-element-93f9922\" data-id=\"93f9922\" data-element_type=\"column\" data-e-type=\"column\">\n\t\t\t<div class=\"elementor-widget-wrap elementor-element-populated\">\n\t\t\t\t\t\t<div class=\"elementor-element elementor-element-68a7be7 elementor-widget elementor-widget-heading\" data-id=\"68a7be7\" data-element_type=\"widget\" data-e-type=\"widget\" data-widget_type=\"heading.default\">\n\t\t\t\t<div class=\"elementor-widget-container\">\n\t\t\t\t\t<h2 class=\"elementor-heading-title elementor-size-default\">Bringfried L\u00f6ffler<\/h2>\t\t\t\t<\/div>\n\t\t\t\t<\/div>\n\t\t\t\t\t<\/div>\n\t\t<\/div>\n\t\t\t\t\t<\/div>\n\t\t<\/section>\n\t\t\t\t<section class=\"elementor-section elementor-top-section elementor-element elementor-element-79af510 elementor-section-boxed elementor-section-height-default elementor-section-height-default\" data-id=\"79af510\" data-element_type=\"section\" data-e-type=\"section\">\n\t\t\t\t\t\t<div class=\"elementor-container elementor-column-gap-default\">\n\t\t\t\t\t<div class=\"elementor-column elementor-col-25 elementor-top-column elementor-element elementor-element-4d0384b\" data-id=\"4d0384b\" data-element_type=\"column\" data-e-type=\"column\">\n\t\t\t<div class=\"elementor-widget-wrap elementor-element-populated\">\n\t\t\t\t\t\t<div class=\"elementor-element elementor-element-55c8c54 elementor-widget elementor-widget-image\" data-id=\"55c8c54\" data-element_type=\"widget\" data-e-type=\"widget\" data-widget_type=\"image.default\">\n\t\t\t\t<div class=\"elementor-widget-container\">\n\t\t\t\t\t\t\t\t\t\t\t\t<figure class=\"wp-caption\">\n\t\t\t\t\t\t\t\t\t\t<img fetchpriority=\"high\" decoding=\"async\" width=\"819\" height=\"1024\" src=\"https:\/\/www.neue-musik-brandenburg.de\/wp-content\/uploads\/2022\/02\/Loeffler-Foto-Anna-Katharine-Metz_4c_kl-819x1024.jpg\" class=\"attachment-large size-large wp-image-4238\" alt=\"\" srcset=\"https:\/\/www.neue-musik-brandenburg.de\/wp-content\/uploads\/2022\/02\/Loeffler-Foto-Anna-Katharine-Metz_4c_kl-819x1024.jpg 819w, https:\/\/www.neue-musik-brandenburg.de\/wp-content\/uploads\/2022\/02\/Loeffler-Foto-Anna-Katharine-Metz_4c_kl-240x300.jpg 240w, https:\/\/www.neue-musik-brandenburg.de\/wp-content\/uploads\/2022\/02\/Loeffler-Foto-Anna-Katharine-Metz_4c_kl-768x960.jpg 768w, https:\/\/www.neue-musik-brandenburg.de\/wp-content\/uploads\/2022\/02\/Loeffler-Foto-Anna-Katharine-Metz_4c_kl.jpg 945w\" sizes=\"(max-width: 819px) 100vw, 819px\" \/>\t\t\t\t\t\t\t\t\t\t\t<figcaption class=\"widget-image-caption wp-caption-text\">Foto: Anna-Katharine Metz<\/figcaption>\n\t\t\t\t\t\t\t\t\t\t<\/figure>\n\t\t\t\t\t\t\t\t\t<\/div>\n\t\t\t\t<\/div>\n\t\t\t\t\t<\/div>\n\t\t<\/div>\n\t\t\t\t<div class=\"elementor-column elementor-col-25 elementor-top-column elementor-element elementor-element-41df22e\" data-id=\"41df22e\" data-element_type=\"column\" data-e-type=\"column\">\n\t\t\t<div class=\"elementor-widget-wrap\">\n\t\t\t\t\t\t\t<\/div>\n\t\t<\/div>\n\t\t\t\t<div class=\"elementor-column elementor-col-50 elementor-top-column elementor-element elementor-element-8c1ec10\" data-id=\"8c1ec10\" data-element_type=\"column\" data-e-type=\"column\">\n\t\t\t<div class=\"elementor-widget-wrap elementor-element-populated\">\n\t\t\t\t\t\t<div class=\"elementor-element elementor-element-8f956e3 elementor-widget elementor-widget-text-editor\" data-id=\"8f956e3\" data-element_type=\"widget\" data-e-type=\"widget\" data-widget_type=\"text-editor.default\">\n\t\t\t\t<div class=\"elementor-widget-container\">\n\t\t\t\t\t\t\t\t\t<div class=\"page\" title=\"Page 41\"><div class=\"section\"><div class=\"layoutArea\"><div class=\"column\"><div class=\"page\" title=\"Page 39\"><div class=\"section\"><div class=\"layoutArea\"><div class=\"column\"><p>Geboren: 16.09.1956 in M\u00fchlhausen (Th\u00fcringen); Sch\u00fcler der Spezialschule f\u00fcr Musik an der Franz-Liszt- Hochschule Weimar; Kombiniertes Direkt- und Fernstudium an der P\u00e4dagogischen Hochschule in Potsdam und an der Martin-Luther-Universit\u00e4t in Halle;<br \/>seit 1981: k\u00fcnstlerischer Mitarbeiter am Institut f\u00fcr Musik der Universit\u00e4t Potsdam in den Lehrf\u00e4chern Tonsatz, Komposition, Schulpraktisches Musizieren;<br \/>1984 \u2013 1988: Diplomstudium an der Hochschule f\u00fcr Musik \u00bbHanns Eisler\u00ab in den F\u00e4chern Tonsatz, Kontrapunkt und Komposition bei den Dozenten G\u00fcnther Kochan, Gerhard Tittel und Karl-Heinz J\u00e4ger;<br \/>Seit 1991: Abteilungssprecher Musiktheorie des Instituts f\u00fcr Musik der Universit\u00e4t Potsdam;<\/p><p>zwei T\u00f6chter und einen Sohn;<\/p><p>Werkauswahl: B\u00fchnenmusiken f\u00fcr Kindermusiktheater, Schauspielmusiken, Klaviersonaten, Liedkompositionen und Chansons<\/p><\/div><\/div><\/div><\/div><\/div><\/div><\/div><\/div>\t\t\t\t\t\t\t\t<\/div>\n\t\t\t\t<\/div>\n\t\t\t\t\t<\/div>\n\t\t<\/div>\n\t\t\t\t\t<\/div>\n\t\t<\/section>\n\t\t\t\t<section class=\"elementor-section elementor-top-section elementor-element elementor-element-84257c7 elementor-section-boxed elementor-section-height-default elementor-section-height-default\" data-id=\"84257c7\" data-element_type=\"section\" data-e-type=\"section\">\n\t\t\t\t\t\t<div class=\"elementor-container elementor-column-gap-default\">\n\t\t\t\t\t<div class=\"elementor-column elementor-col-100 elementor-top-column elementor-element elementor-element-b0dd4fa\" data-id=\"b0dd4fa\" data-element_type=\"column\" data-e-type=\"column\">\n\t\t\t<div class=\"elementor-widget-wrap elementor-element-populated\">\n\t\t\t\t\t\t<div class=\"elementor-element elementor-element-262b54e elementor-widget elementor-widget-text-editor\" data-id=\"262b54e\" data-element_type=\"widget\" data-e-type=\"widget\" data-widget_type=\"text-editor.default\">\n\t\t\t\t<div class=\"elementor-widget-container\">\n\t\t\t\t\t\t\t\t\t<div class=\"page\" title=\"Page 41\"><div class=\"section\"><div class=\"layoutArea\"><div class=\"column\"><p>ich hatte immer damit zu tun \u2013 und wollte das auch \u2013 Neue Musik lehrbar zu machen. In meiner langj\u00e4hrigen T\u00e4tigkeit als Hochschuldozent waren die Voraussetzungen daf\u00fcr durchaus g\u00fcnstig. Die Ausbildung f\u00fcr Studentinnen und Studenten im Lehramtsbereich sieht die Besch\u00e4ftigung mit dem zeitgen\u00f6ssischen Tonsatz eigentlich nicht explizit vor. Werke der Vergangenheit dienen selbstredend nach wie vor dazu, beispielgebend, handwerkliche Fertigkeiten auf all den bekannten Gebieten in Musiktheorie, unterst\u00fctzend einzubeziehen. Ich kann aber mit \u00dcberzeugung feststellen, dass eine gr\u00f6\u00dfere Chance mit Neuer Musik besteht, Studierende im Tonsatzunterricht zu \u00fcberraschen, ihre Neugierde zu erwecken und ggf. eigene Kompositionsangebote zu erstellen.<\/p><p>Und, auch wenn das Reden \u00fcber Musik ja irgendwie meine Lebensaufgabe ist \u2013 und ich es letztendlich auch jeden Tag in meiner Lehrt\u00e4tigkeit vollziehe \u2013 entdecke ich immer mehr, dass das Reden \u00fcber Musik eigentlich nicht m\u00f6glich, im Grunde sogar h\u00f6chst \u00fcberfl\u00fcssig ist.<\/p><p>Ist Musik gut, spricht sie ja f\u00fcr sich selbst. Das gilt nat\u00fcrlich f\u00fcr jede Musik und im Besonderen, wenn sie als zeitgen\u00f6ssische Komposition das erste Mal erklingt. Und das meine ich gar nicht resignierend als Hochschuldozent. Es ist nur eine r\u00fcckblickend dankbare Feststellung und Erkenntnis.<\/p><\/div><\/div><\/div><\/div>\t\t\t\t\t\t\t\t<\/div>\n\t\t\t\t<\/div>\n\t\t\t\t\t<\/div>\n\t\t<\/div>\n\t\t\t\t\t<\/div>\n\t\t<\/section>\n\t\t\t\t<section class=\"elementor-section elementor-top-section elementor-element elementor-element-478207f elementor-section-boxed elementor-section-height-default elementor-section-height-default\" data-id=\"478207f\" data-element_type=\"section\" data-e-type=\"section\">\n\t\t\t\t\t\t<div class=\"elementor-container elementor-column-gap-default\">\n\t\t\t\t\t<div class=\"elementor-column elementor-col-100 elementor-top-column elementor-element elementor-element-b9ccfb3\" data-id=\"b9ccfb3\" data-element_type=\"column\" data-e-type=\"column\">\n\t\t\t<div class=\"elementor-widget-wrap elementor-element-populated\">\n\t\t\t\t\t\t<div class=\"elementor-element elementor-element-851ddb9 elementor-widget elementor-widget-text-editor\" data-id=\"851ddb9\" data-element_type=\"widget\" data-e-type=\"widget\" data-widget_type=\"text-editor.default\">\n\t\t\t\t<div class=\"elementor-widget-container\">\n\t\t\t\t\t\t\t\t\t<a href=\"https:\/\/www.uni-potsdam.de\/de\/musik\/professuren-und-lehrbereiche\/schulpraktisches-musizieren-musiktheorie-tonsatz\/mitarbeiterinnen\/bringfried-loeffler\" target=\"_blank\" rel=\"noopener\">www.uni-potsdam.de<span class=\"hu-external\"><\/span><\/a>\t\t\t\t\t\t\t\t<\/div>\n\t\t\t\t<\/div>\n\t\t\t\t\t<\/div>\n\t\t<\/div>\n\t\t\t\t\t<\/div>\n\t\t<\/section>\n\t\t\t\t<\/div>\n\t\t","protected":false},"excerpt":{"rendered":"<p>&lt;&lt; Bringfried L\u00f6ffler Foto: Anna-Katharine Metz Geboren: 16.09.1956 in M\u00fchlhausen (Th\u00fcringen); Sch\u00fcler der Spezialschule f\u00fcr Musik an der Franz-Liszt- Hochschule Weimar; Kombiniertes Direkt- und Fernstudium an der P\u00e4dagogischen Hochschule in Potsdam und an der&#46;&#46;&#46;<\/p>\n","protected":false},"author":1,"featured_media":0,"parent":0,"menu_order":0,"comment_status":"closed","ping_status":"closed","template":"","meta":{"_custom_body_class":"","_custom_post_class":"","footnotes":""},"class_list":["post-2784","page","type-page","status-publish","hentry"],"translation":{"provider":"WPGlobus","version":"3.0.2","language":"en","enabled_languages":["de","en"],"languages":{"de":{"title":true,"content":true,"excerpt":false},"en":{"title":true,"content":false,"excerpt":false}}},"_links":{"self":[{"href":"https:\/\/www.neue-musik-brandenburg.de\/en\/wp-json\/wp\/v2\/pages\/2784","targetHints":{"allow":["GET"]}}],"collection":[{"href":"https:\/\/www.neue-musik-brandenburg.de\/en\/wp-json\/wp\/v2\/pages"}],"about":[{"href":"https:\/\/www.neue-musik-brandenburg.de\/en\/wp-json\/wp\/v2\/types\/page"}],"author":[{"embeddable":true,"href":"https:\/\/www.neue-musik-brandenburg.de\/en\/wp-json\/wp\/v2\/users\/1"}],"replies":[{"embeddable":true,"href":"https:\/\/www.neue-musik-brandenburg.de\/en\/wp-json\/wp\/v2\/comments?post=2784"}],"version-history":[{"count":33,"href":"https:\/\/www.neue-musik-brandenburg.de\/en\/wp-json\/wp\/v2\/pages\/2784\/revisions"}],"predecessor-version":[{"id":5387,"href":"https:\/\/www.neue-musik-brandenburg.de\/en\/wp-json\/wp\/v2\/pages\/2784\/revisions\/5387"}],"wp:attachment":[{"href":"https:\/\/www.neue-musik-brandenburg.de\/en\/wp-json\/wp\/v2\/media?parent=2784"}],"curies":[{"name":"wp","href":"https:\/\/api.w.org\/{rel}","templated":true}]}}

Bringfried Löffler

<div data-elementor-type="wp-page" data-elementor-id="2784" class="elementor elementor-2784">
						<section class="elementor-section elementor-top-section elementor-element elementor-element-e6d04bc elementor-section-boxed elementor-section-height-default elementor-section-height-default" data-id="e6d04bc" data-element_type="section" data-e-type="section">
						<div class="elementor-container elementor-column-gap-default">
					<div class="elementor-column elementor-col-100 elementor-top-column elementor-element elementor-element-9fb6a8a" data-id="9fb6a8a" data-element_type="column" data-e-type="column">
			<div class="elementor-widget-wrap elementor-element-populated">
						<div class="elementor-element elementor-element-c5bea2d elementor-widget elementor-widget-text-editor" data-id="c5bea2d" data-element_type="widget" data-e-type="widget" data-widget_type="text-editor.default">
				<div class="elementor-widget-container">
									<a id="r-mitglieder" href="javascript:history.back()">&lt;&lt;</a>								</div>
				</div>
					</div>
		</div>
					</div>
		</section>
				<section class="elementor-section elementor-top-section elementor-element elementor-element-c36d764 elementor-section-boxed elementor-section-height-default elementor-section-height-default" data-id="c36d764" data-element_type="section" data-e-type="section">
						<div class="elementor-container elementor-column-gap-default">
					<div class="elementor-column elementor-col-100 elementor-top-column elementor-element elementor-element-93f9922" data-id="93f9922" data-element_type="column" data-e-type="column">
			<div class="elementor-widget-wrap elementor-element-populated">
						<div class="elementor-element elementor-element-68a7be7 elementor-widget elementor-widget-heading" data-id="68a7be7" data-element_type="widget" data-e-type="widget" data-widget_type="heading.default">
				<div class="elementor-widget-container">
					<h2 class="elementor-heading-title elementor-size-default">Bringfried Löffler</h2>				</div>
				</div>
					</div>
		</div>
					</div>
		</section>
				<section class="elementor-section elementor-top-section elementor-element elementor-element-79af510 elementor-section-boxed elementor-section-height-default elementor-section-height-default" data-id="79af510" data-element_type="section" data-e-type="section">
						<div class="elementor-container elementor-column-gap-default">
					<div class="elementor-column elementor-col-25 elementor-top-column elementor-element elementor-element-4d0384b" data-id="4d0384b" data-element_type="column" data-e-type="column">
			<div class="elementor-widget-wrap elementor-element-populated">
						<div class="elementor-element elementor-element-55c8c54 elementor-widget elementor-widget-image" data-id="55c8c54" data-element_type="widget" data-e-type="widget" data-widget_type="image.default">
				<div class="elementor-widget-container">
												<figure class="wp-caption">
										<img fetchpriority="high" decoding="async" width="819" height="1024" src="https://www.neue-musik-brandenburg.de/wp-content/uploads/2022/02/Loeffler-Foto-Anna-Katharine-Metz_4c_kl-819x1024.jpg" class="attachment-large size-large wp-image-4238" alt="" srcset="https://www.neue-musik-brandenburg.de/wp-content/uploads/2022/02/Loeffler-Foto-Anna-Katharine-Metz_4c_kl-819x1024.jpg 819w, https://www.neue-musik-brandenburg.de/wp-content/uploads/2022/02/Loeffler-Foto-Anna-Katharine-Metz_4c_kl-240x300.jpg 240w, https://www.neue-musik-brandenburg.de/wp-content/uploads/2022/02/Loeffler-Foto-Anna-Katharine-Metz_4c_kl-768x960.jpg 768w, https://www.neue-musik-brandenburg.de/wp-content/uploads/2022/02/Loeffler-Foto-Anna-Katharine-Metz_4c_kl.jpg 945w" sizes="(max-width: 819px) 100vw, 819px" />											<figcaption class="widget-image-caption wp-caption-text">Foto: Anna-Katharine Metz</figcaption>
										</figure>
									</div>
				</div>
					</div>
		</div>
				<div class="elementor-column elementor-col-25 elementor-top-column elementor-element elementor-element-41df22e" data-id="41df22e" data-element_type="column" data-e-type="column">
			<div class="elementor-widget-wrap">
							</div>
		</div>
				<div class="elementor-column elementor-col-50 elementor-top-column elementor-element elementor-element-8c1ec10" data-id="8c1ec10" data-element_type="column" data-e-type="column">
			<div class="elementor-widget-wrap elementor-element-populated">
						<div class="elementor-element elementor-element-8f956e3 elementor-widget elementor-widget-text-editor" data-id="8f956e3" data-element_type="widget" data-e-type="widget" data-widget_type="text-editor.default">
				<div class="elementor-widget-container">
									<div class="page" title="Page 41"><div class="section"><div class="layoutArea"><div class="column"><div class="page" title="Page 39"><div class="section"><div class="layoutArea"><div class="column"><p>Geboren: 16.09.1956 in Mühlhausen (Thüringen); Schüler der Spezialschule für Musik an der Franz-Liszt- Hochschule Weimar; Kombiniertes Direkt- und Fernstudium an der Pädagogischen Hochschule in Potsdam und an der Martin-Luther-Universität in Halle;<br />seit 1981: künstlerischer Mitarbeiter am Institut für Musik der Universität Potsdam in den Lehrfächern Tonsatz, Komposition, Schulpraktisches Musizieren;<br />1984 – 1988: Diplomstudium an der Hochschule für Musik »Hanns Eisler« in den Fächern Tonsatz, Kontrapunkt und Komposition bei den Dozenten Günther Kochan, Gerhard Tittel und Karl-Heinz Jäger;<br />Seit 1991: Abteilungssprecher Musiktheorie des Instituts für Musik der Universität Potsdam;</p><p>zwei Töchter und einen Sohn;</p><p>Werkauswahl: Bühnenmusiken für Kindermusiktheater, Schauspielmusiken, Klaviersonaten, Liedkompositionen und Chansons</p></div></div></div></div></div></div></div></div>								</div>
				</div>
					</div>
		</div>
					</div>
		</section>
				<section class="elementor-section elementor-top-section elementor-element elementor-element-84257c7 elementor-section-boxed elementor-section-height-default elementor-section-height-default" data-id="84257c7" data-element_type="section" data-e-type="section">
						<div class="elementor-container elementor-column-gap-default">
					<div class="elementor-column elementor-col-100 elementor-top-column elementor-element elementor-element-b0dd4fa" data-id="b0dd4fa" data-element_type="column" data-e-type="column">
			<div class="elementor-widget-wrap elementor-element-populated">
						<div class="elementor-element elementor-element-262b54e elementor-widget elementor-widget-text-editor" data-id="262b54e" data-element_type="widget" data-e-type="widget" data-widget_type="text-editor.default">
				<div class="elementor-widget-container">
									<div class="page" title="Page 41"><div class="section"><div class="layoutArea"><div class="column"><p>ich hatte immer damit zu tun – und wollte das auch – Neue Musik lehrbar zu machen. In meiner langjährigen Tätigkeit als Hochschuldozent waren die Voraussetzungen dafür durchaus günstig. Die Ausbildung für Studentinnen und Studenten im Lehramtsbereich sieht die Beschäftigung mit dem zeitgenössischen Tonsatz eigentlich nicht explizit vor. Werke der Vergangenheit dienen selbstredend nach wie vor dazu, beispielgebend, handwerkliche Fertigkeiten auf all den bekannten Gebieten in Musiktheorie, unterstützend einzubeziehen. Ich kann aber mit Überzeugung feststellen, dass eine größere Chance mit Neuer Musik besteht, Studierende im Tonsatzunterricht zu überraschen, ihre Neugierde zu erwecken und ggf. eigene Kompositionsangebote zu erstellen.</p><p>Und, auch wenn das Reden über Musik ja irgendwie meine Lebensaufgabe ist – und ich es letztendlich auch jeden Tag in meiner Lehrtätigkeit vollziehe – entdecke ich immer mehr, dass das Reden über Musik eigentlich nicht möglich, im Grunde sogar höchst überflüssig ist.</p><p>Ist Musik gut, spricht sie ja für sich selbst. Das gilt natürlich für jede Musik und im Besonderen, wenn sie als zeitgenössische Komposition das erste Mal erklingt. Und das meine ich gar nicht resignierend als Hochschuldozent. Es ist nur eine rückblickend dankbare Feststellung und Erkenntnis.</p></div></div></div></div>								</div>
				</div>
					</div>
		</div>
					</div>
		</section>
				<section class="elementor-section elementor-top-section elementor-element elementor-element-478207f elementor-section-boxed elementor-section-height-default elementor-section-height-default" data-id="478207f" data-element_type="section" data-e-type="section">
						<div class="elementor-container elementor-column-gap-default">
					<div class="elementor-column elementor-col-100 elementor-top-column elementor-element elementor-element-b9ccfb3" data-id="b9ccfb3" data-element_type="column" data-e-type="column">
			<div class="elementor-widget-wrap elementor-element-populated">
						<div class="elementor-element elementor-element-851ddb9 elementor-widget elementor-widget-text-editor" data-id="851ddb9" data-element_type="widget" data-e-type="widget" data-widget_type="text-editor.default">
				<div class="elementor-widget-container">
									<a href="https://www.uni-potsdam.de/de/musik/professuren-und-lehrbereiche/schulpraktisches-musizieren-musiktheorie-tonsatz/mitarbeiterinnen/bringfried-loeffler" target="_blank" rel="noopener">www.uni-potsdam.de<span class="hu-external"></span></a>								</div>
				</div>
					</div>
		</div>
					</div>
		</section>
				</div>

<p>&lt;&lt; Bringfried Löffler Foto: Anna-Katharine Metz Geboren: 16.09.1956 in Mühlhausen (Thüringen); Schüler der Spezialschule für Musik an der Franz-Liszt- Hochschule Weimar; Kombiniertes Direkt- und Fernstudium an der Pädagogischen Hochschule in Potsdam und an der&#46;&#46;&#46;</p>
