{"id":2802,"date":"2022-02-12T06:36:59","date_gmt":"2022-02-12T06:36:59","guid":{"rendered":"http:\/\/neue-musik-brandenburg.multisensoriale.de\/?page_id=2802"},"modified":"2024-11-23T11:35:31","modified_gmt":"2024-11-23T11:35:31","slug":"nowitz-alex","status":"publish","type":"page","link":"https:\/\/www.neue-musik-brandenburg.de\/en\/nowitz-alex\/","title":{"rendered":"Alex Nowitz"},"content":{"rendered":"\t\t<div data-elementor-type=\"wp-page\" data-elementor-id=\"2802\" class=\"elementor elementor-2802\">\n\t\t\t\t\t\t<section class=\"elementor-section elementor-top-section elementor-element elementor-element-3f0659f elementor-section-boxed elementor-section-height-default elementor-section-height-default\" data-id=\"3f0659f\" data-element_type=\"section\" data-e-type=\"section\">\n\t\t\t\t\t\t<div class=\"elementor-container elementor-column-gap-default\">\n\t\t\t\t\t<div class=\"elementor-column elementor-col-100 elementor-top-column elementor-element elementor-element-3c9f100\" data-id=\"3c9f100\" data-element_type=\"column\" data-e-type=\"column\">\n\t\t\t<div class=\"elementor-widget-wrap elementor-element-populated\">\n\t\t\t\t\t\t<div class=\"elementor-element elementor-element-a7034be elementor-widget elementor-widget-text-editor\" data-id=\"a7034be\" data-element_type=\"widget\" data-e-type=\"widget\" data-widget_type=\"text-editor.default\">\n\t\t\t\t<div class=\"elementor-widget-container\">\n\t\t\t\t\t\t\t\t\t<a id=\"r-mitglieder\" href=\"javascript:history.back()\">&lt;&lt;<\/a>\t\t\t\t\t\t\t\t<\/div>\n\t\t\t\t<\/div>\n\t\t\t\t\t<\/div>\n\t\t<\/div>\n\t\t\t\t\t<\/div>\n\t\t<\/section>\n\t\t\t\t<section class=\"elementor-section elementor-top-section elementor-element elementor-element-c36d764 elementor-section-boxed elementor-section-height-default elementor-section-height-default\" data-id=\"c36d764\" data-element_type=\"section\" data-e-type=\"section\">\n\t\t\t\t\t\t<div class=\"elementor-container elementor-column-gap-default\">\n\t\t\t\t\t<div class=\"elementor-column elementor-col-100 elementor-top-column elementor-element elementor-element-93f9922\" data-id=\"93f9922\" data-element_type=\"column\" data-e-type=\"column\">\n\t\t\t<div class=\"elementor-widget-wrap elementor-element-populated\">\n\t\t\t\t\t\t<div class=\"elementor-element elementor-element-68a7be7 elementor-widget elementor-widget-heading\" data-id=\"68a7be7\" data-element_type=\"widget\" data-e-type=\"widget\" data-widget_type=\"heading.default\">\n\t\t\t\t<div class=\"elementor-widget-container\">\n\t\t\t\t\t<h3 class=\"elementor-heading-title elementor-size-default\">Alex Nowitz<\/h3>\t\t\t\t<\/div>\n\t\t\t\t<\/div>\n\t\t\t\t\t<\/div>\n\t\t<\/div>\n\t\t\t\t\t<\/div>\n\t\t<\/section>\n\t\t\t\t<section class=\"elementor-section elementor-top-section elementor-element elementor-element-79af510 elementor-section-boxed elementor-section-height-default elementor-section-height-default\" data-id=\"79af510\" data-element_type=\"section\" data-e-type=\"section\">\n\t\t\t\t\t\t<div class=\"elementor-container elementor-column-gap-default\">\n\t\t\t\t\t<div class=\"elementor-column elementor-col-25 elementor-top-column elementor-element elementor-element-4d0384b\" data-id=\"4d0384b\" data-element_type=\"column\" data-e-type=\"column\">\n\t\t\t<div class=\"elementor-widget-wrap elementor-element-populated\">\n\t\t\t\t\t\t<div class=\"elementor-element elementor-element-273f436 elementor-widget elementor-widget-image\" data-id=\"273f436\" data-element_type=\"widget\" data-e-type=\"widget\" data-widget_type=\"image.default\">\n\t\t\t\t<div class=\"elementor-widget-container\">\n\t\t\t\t\t\t\t\t\t\t\t\t<figure class=\"wp-caption\">\n\t\t\t\t\t\t\t\t\t\t<img fetchpriority=\"high\" decoding=\"async\" width=\"1024\" height=\"683\" src=\"https:\/\/www.neue-musik-brandenburg.de\/wp-content\/uploads\/2022\/02\/Nowitz_Alex_CloseUp_Photo_Mariya-Boyanova-1024x683.jpeg\" class=\"attachment-large size-large wp-image-3532\" alt=\"\" srcset=\"https:\/\/www.neue-musik-brandenburg.de\/wp-content\/uploads\/2022\/02\/Nowitz_Alex_CloseUp_Photo_Mariya-Boyanova-1024x683.jpeg 1024w, https:\/\/www.neue-musik-brandenburg.de\/wp-content\/uploads\/2022\/02\/Nowitz_Alex_CloseUp_Photo_Mariya-Boyanova-300x200.jpeg 300w, https:\/\/www.neue-musik-brandenburg.de\/wp-content\/uploads\/2022\/02\/Nowitz_Alex_CloseUp_Photo_Mariya-Boyanova-768x512.jpeg 768w, https:\/\/www.neue-musik-brandenburg.de\/wp-content\/uploads\/2022\/02\/Nowitz_Alex_CloseUp_Photo_Mariya-Boyanova.jpeg 1280w\" sizes=\"(max-width: 1024px) 100vw, 1024px\" \/>\t\t\t\t\t\t\t\t\t\t\t<figcaption class=\"widget-image-caption wp-caption-text\">Foto: Mariya Boyanova<\/figcaption>\n\t\t\t\t\t\t\t\t\t\t<\/figure>\n\t\t\t\t\t\t\t\t\t<\/div>\n\t\t\t\t<\/div>\n\t\t\t\t\t<\/div>\n\t\t<\/div>\n\t\t\t\t<div class=\"elementor-column elementor-col-25 elementor-top-column elementor-element elementor-element-41df22e\" data-id=\"41df22e\" data-element_type=\"column\" data-e-type=\"column\">\n\t\t\t<div class=\"elementor-widget-wrap\">\n\t\t\t\t\t\t\t<\/div>\n\t\t<\/div>\n\t\t\t\t<div class=\"elementor-column elementor-col-50 elementor-top-column elementor-element elementor-element-8c1ec10\" data-id=\"8c1ec10\" data-element_type=\"column\" data-e-type=\"column\">\n\t\t\t<div class=\"elementor-widget-wrap elementor-element-populated\">\n\t\t\t\t\t\t<div class=\"elementor-element elementor-element-8f956e3 elementor-widget elementor-widget-text-editor\" data-id=\"8f956e3\" data-element_type=\"widget\" data-e-type=\"widget\" data-widget_type=\"text-editor.default\">\n\t\t\t\t<div class=\"elementor-widget-container\">\n\t\t\t\t\t\t\t\t\t<p>Dr. Alex Nowitz studierte Musik u. Musikp\u00e4dagogik, Gesang u. Komposition, letzteres bei Gerhard Rosenfeld (Potsdam, Deutschland), Prof. Paul Steinberg und Prof. David Heinick (beide Potsdam NY, USA). Als Komponist von Vokal-, Instrumental- und elektroakustischer Musik schuf er ein umfangreiches \u0152uvre, das zahlreiche Kammermusikst\u00fccke, Orchesterminiaturen, zwei abendf\u00fcllende Opern, installative Konzertformate sowie Musik f\u00fcr Tanz- und Sprechtheater aufweist. Zu den wichtigsten B\u00fchnenwerken z\u00e4hlen Moving Tongues: Playing Space (Reaktorhallen Stockholm, 2019), Traumnovelle (Staatstheater Braunschweig, 2013), Die Stadt und Der Schnitt (Schaub\u00fchne Berlin, 2008), Die Bestmannoper (Theater Osnabr\u00fcck, 2006) sowie Screaming Popes (fabrik Pots- dam, 2004). Er arbeitet mit <br>Spezialisten f\u00fcr Neue Musik zusammen, z.B. Ensemble Mosaik Berlin, Curious Chamber Players Stockholm, Kammerakademie Potsdam. Als vokaler Performancek\u00fcnstler entwarf er eine Reihe von Soloformaten, die er auf international renommierten Festivals vorstellt. Dabei setzt er oft gestengesteuerte Live-Elektronik, wie das am STEIM in Amsterdam entwickelte Strophonion, ein und pr\u00e4sentiert damit eine neue Performancepraxis, die des vokalen Klangtanzes. Im April 2019 erhielt er von der Universit\u00e4t der K\u00fcnste Stockholm f\u00fcr die Verteidigung seiner Dissertation Monsters I Love: On Multivocal Arts den Doktortitel verliehen. F\u00fcr sein k\u00fcnstlerisches Schaffen erhielt er zahlreiche Auszeichnungen, Preise u. Stipendien, z.B. MWFK des Landes Brandenburg, Cit\u00e9 Internationale des Arts Paris, Kultur- stiftung Schloss Wiepersdorf oder Villa Aurora Los Angeles.&nbsp;<\/p>\t\t\t\t\t\t\t\t<\/div>\n\t\t\t\t<\/div>\n\t\t\t\t\t<\/div>\n\t\t<\/div>\n\t\t\t\t\t<\/div>\n\t\t<\/section>\n\t\t\t\t<section class=\"elementor-section elementor-top-section elementor-element elementor-element-84257c7 elementor-section-boxed elementor-section-height-default elementor-section-height-default\" data-id=\"84257c7\" data-element_type=\"section\" data-e-type=\"section\">\n\t\t\t\t\t\t<div class=\"elementor-container elementor-column-gap-default\">\n\t\t\t\t\t<div class=\"elementor-column elementor-col-100 elementor-top-column elementor-element elementor-element-b0dd4fa\" data-id=\"b0dd4fa\" data-element_type=\"column\" data-e-type=\"column\">\n\t\t\t<div class=\"elementor-widget-wrap elementor-element-populated\">\n\t\t\t\t\t\t<div class=\"elementor-element elementor-element-262b54e elementor-widget elementor-widget-text-editor\" data-id=\"262b54e\" data-element_type=\"widget\" data-e-type=\"widget\" data-widget_type=\"text-editor.default\">\n\t\t\t\t<div class=\"elementor-widget-container\">\n\t\t\t\t\t\t\t\t\t<div class=\"page\" title=\"Page 48\"><div class=\"section\"><div class=\"layoutArea\"><div class=\"column\"><p>\u00bbGrunds\u00e4tzlich ertr\u00e4ume ich mir in jedem Werk aufs Neue einen ganzheitlichen Performance-Ansatz, der eine gegenseitige Durchdringung von Klang, Musik, Sprache und Bewegung verfolgt. Experimentieren mit den M\u00f6glichkeiten des Vorhandenen ist integraler Bestandteil meiner kompositorischen Herangehensweise. Das beinhaltet nicht nur, mein eigenes k\u00fcnstlerisches Potential zu erkunden, sondern genauso das der InterpretInnen auszusch\u00f6pfen. Komponieren ist strukturelle Organisation, wo ich das erforschte und neu gefundene Material in einer Weise zusammenzusetzen suche (componere), so dass sich die Gesamtheit aller klanglichen Gestalten mit der gegenw\u00e4rtigen, kulturell-gesellschaftlichen Situation in Beziehung setzen kann, in der das jeweilige Werk zur Auff\u00fchrung gebracht wird. Das bedeutet nicht nur, dass das Werk in Potsdam eine andere Rezeption erf\u00e4hrt als in Seoul, sondern auch, dass neben \u00e4sthetischen, auch gesellschaftspolitische Fragestellungen zum Tragen kommen, die das Publikum zur Auseinandersetzung einladen. Ich denke an \u00bbDie Bestmannoper\u00ab (2006) oder \u00bbTante Marianne\u00ab (2010), deren historisch-politische Dimension die unzureichende Aufarbeitung der Nazivergangenheit in Erinnerung ruft. Komponieren heute bedeutet nicht nur, Kl\u00e4nge zu organisieren, wie es Edgar Var\u00e8se einmal formulierte, sondern kraft der Kontextualisierung und Verkn\u00fcpfungen aus Klang, sprachlichen Elementen, Bewegung und Raum, eine \u00fcbergreifende Grammatik zu entwerfen, die ein Kompositionsgef\u00fcge hervorbringt, welches Koh\u00e4renz im Materialumgang mit Einzigartigkeit im Ausdruck zu verbinden sucht und gleichzeitig die gesellschaftspolitische Haltung des Autors zum Ausdruck bringt.\u00ab<\/p><\/div><\/div><\/div><\/div>\t\t\t\t\t\t\t\t<\/div>\n\t\t\t\t<\/div>\n\t\t\t\t\t<\/div>\n\t\t<\/div>\n\t\t\t\t\t<\/div>\n\t\t<\/section>\n\t\t\t\t<section class=\"elementor-section elementor-top-section elementor-element elementor-element-c9ca93a elementor-section-boxed elementor-section-height-default elementor-section-height-default\" data-id=\"c9ca93a\" data-element_type=\"section\" data-e-type=\"section\">\n\t\t\t\t\t\t<div class=\"elementor-container elementor-column-gap-default\">\n\t\t\t\t\t<div class=\"elementor-column elementor-col-100 elementor-top-column elementor-element elementor-element-db87d0e\" data-id=\"db87d0e\" data-element_type=\"column\" data-e-type=\"column\">\n\t\t\t<div class=\"elementor-widget-wrap elementor-element-populated\">\n\t\t\t\t\t\t<div class=\"elementor-element elementor-element-f3de83c elementor-widget elementor-widget-text-editor\" data-id=\"f3de83c\" data-element_type=\"widget\" data-e-type=\"widget\" data-widget_type=\"text-editor.default\">\n\t\t\t\t<div class=\"elementor-widget-container\">\n\t\t\t\t\t\t\t\t\t<a href=\"https:\/\/nowitz.de\" target=\"_blank\" rel=\"noopener\">nowitz.de<span class=\"hu-external\"><\/span><\/a>\n\t\t\t\t\t\t\t\t<\/div>\n\t\t\t\t<\/div>\n\t\t\t\t\t<\/div>\n\t\t<\/div>\n\t\t\t\t\t<\/div>\n\t\t<\/section>\n\t\t\t\t<\/div>\n\t\t","protected":false},"excerpt":{"rendered":"<p>&lt;&lt; Alex Nowitz Foto: Mariya Boyanova Dr. Alex Nowitz studierte Musik u. Musikp\u00e4dagogik, Gesang u. Komposition, letzteres bei Gerhard Rosenfeld (Potsdam, Deutschland), Prof. Paul Steinberg und Prof. David Heinick (beide Potsdam NY, USA). Als&#46;&#46;&#46;<\/p>\n","protected":false},"author":3,"featured_media":0,"parent":0,"menu_order":0,"comment_status":"closed","ping_status":"closed","template":"","meta":{"_custom_body_class":"","_custom_post_class":"","footnotes":""},"class_list":["post-2802","page","type-page","status-publish","hentry"],"translation":{"provider":"WPGlobus","version":"3.0.2","language":"en","enabled_languages":["de","en"],"languages":{"de":{"title":true,"content":true,"excerpt":false},"en":{"title":true,"content":true,"excerpt":false}}},"_links":{"self":[{"href":"https:\/\/www.neue-musik-brandenburg.de\/en\/wp-json\/wp\/v2\/pages\/2802","targetHints":{"allow":["GET"]}}],"collection":[{"href":"https:\/\/www.neue-musik-brandenburg.de\/en\/wp-json\/wp\/v2\/pages"}],"about":[{"href":"https:\/\/www.neue-musik-brandenburg.de\/en\/wp-json\/wp\/v2\/types\/page"}],"author":[{"embeddable":true,"href":"https:\/\/www.neue-musik-brandenburg.de\/en\/wp-json\/wp\/v2\/users\/3"}],"replies":[{"embeddable":true,"href":"https:\/\/www.neue-musik-brandenburg.de\/en\/wp-json\/wp\/v2\/comments?post=2802"}],"version-history":[{"count":60,"href":"https:\/\/www.neue-musik-brandenburg.de\/en\/wp-json\/wp\/v2\/pages\/2802\/revisions"}],"predecessor-version":[{"id":8560,"href":"https:\/\/www.neue-musik-brandenburg.de\/en\/wp-json\/wp\/v2\/pages\/2802\/revisions\/8560"}],"wp:attachment":[{"href":"https:\/\/www.neue-musik-brandenburg.de\/en\/wp-json\/wp\/v2\/media?parent=2802"}],"curies":[{"name":"wp","href":"https:\/\/api.w.org\/{rel}","templated":true}]}}

<div data-elementor-type="wp-page" data-elementor-id="2802" class="elementor elementor-2802">
						<section class="elementor-section elementor-top-section elementor-element elementor-element-3f0659f elementor-section-boxed elementor-section-height-default elementor-section-height-default" data-id="3f0659f" data-element_type="section" data-e-type="section">
						<div class="elementor-container elementor-column-gap-default">
					<div class="elementor-column elementor-col-100 elementor-top-column elementor-element elementor-element-3c9f100" data-id="3c9f100" data-element_type="column" data-e-type="column">
			<div class="elementor-widget-wrap elementor-element-populated">
						<div class="elementor-element elementor-element-a7034be elementor-widget elementor-widget-text-editor" data-id="a7034be" data-element_type="widget" data-e-type="widget" data-widget_type="text-editor.default">
				<div class="elementor-widget-container">
									<a id="r-mitglieder" href="javascript:history.back()">&lt;&lt;</a>								</div>
				</div>
					</div>
		</div>
					</div>
		</section>
				<section class="elementor-section elementor-top-section elementor-element elementor-element-c36d764 elementor-section-boxed elementor-section-height-default elementor-section-height-default" data-id="c36d764" data-element_type="section" data-e-type="section">
						<div class="elementor-container elementor-column-gap-default">
					<div class="elementor-column elementor-col-100 elementor-top-column elementor-element elementor-element-93f9922" data-id="93f9922" data-element_type="column" data-e-type="column">
			<div class="elementor-widget-wrap elementor-element-populated">
						<div class="elementor-element elementor-element-68a7be7 elementor-widget elementor-widget-heading" data-id="68a7be7" data-element_type="widget" data-e-type="widget" data-widget_type="heading.default">
				<div class="elementor-widget-container">
					<h3 class="elementor-heading-title elementor-size-default">Alex Nowitz</h3>				</div>
				</div>
					</div>
		</div>
					</div>
		</section>
				<section class="elementor-section elementor-top-section elementor-element elementor-element-79af510 elementor-section-boxed elementor-section-height-default elementor-section-height-default" data-id="79af510" data-element_type="section" data-e-type="section">
						<div class="elementor-container elementor-column-gap-default">
					<div class="elementor-column elementor-col-25 elementor-top-column elementor-element elementor-element-4d0384b" data-id="4d0384b" data-element_type="column" data-e-type="column">
			<div class="elementor-widget-wrap elementor-element-populated">
						<div class="elementor-element elementor-element-273f436 elementor-widget elementor-widget-image" data-id="273f436" data-element_type="widget" data-e-type="widget" data-widget_type="image.default">
				<div class="elementor-widget-container">
												<figure class="wp-caption">
										<img fetchpriority="high" decoding="async" width="1024" height="683" src="https://www.neue-musik-brandenburg.de/wp-content/uploads/2022/02/Nowitz_Alex_CloseUp_Photo_Mariya-Boyanova-1024x683.jpeg" class="attachment-large size-large wp-image-3532" alt="" srcset="https://www.neue-musik-brandenburg.de/wp-content/uploads/2022/02/Nowitz_Alex_CloseUp_Photo_Mariya-Boyanova-1024x683.jpeg 1024w, https://www.neue-musik-brandenburg.de/wp-content/uploads/2022/02/Nowitz_Alex_CloseUp_Photo_Mariya-Boyanova-300x200.jpeg 300w, https://www.neue-musik-brandenburg.de/wp-content/uploads/2022/02/Nowitz_Alex_CloseUp_Photo_Mariya-Boyanova-768x512.jpeg 768w, https://www.neue-musik-brandenburg.de/wp-content/uploads/2022/02/Nowitz_Alex_CloseUp_Photo_Mariya-Boyanova.jpeg 1280w" sizes="(max-width: 1024px) 100vw, 1024px" />											<figcaption class="widget-image-caption wp-caption-text">Foto: Mariya Boyanova</figcaption>
										</figure>
									</div>
				</div>
					</div>
		</div>
				<div class="elementor-column elementor-col-25 elementor-top-column elementor-element elementor-element-41df22e" data-id="41df22e" data-element_type="column" data-e-type="column">
			<div class="elementor-widget-wrap">
							</div>
		</div>
				<div class="elementor-column elementor-col-50 elementor-top-column elementor-element elementor-element-8c1ec10" data-id="8c1ec10" data-element_type="column" data-e-type="column">
			<div class="elementor-widget-wrap elementor-element-populated">
						<div class="elementor-element elementor-element-8f956e3 elementor-widget elementor-widget-text-editor" data-id="8f956e3" data-element_type="widget" data-e-type="widget" data-widget_type="text-editor.default">
				<div class="elementor-widget-container">
									<p>Dr. Alex Nowitz studierte Musik u. Musikpädagogik, Gesang u. Komposition, letzteres bei Gerhard Rosenfeld (Potsdam, Deutschland), Prof. Paul Steinberg und Prof. David Heinick (beide Potsdam NY, USA). Als Komponist von Vokal-, Instrumental- und elektroakustischer Musik schuf er ein umfangreiches Œuvre, das zahlreiche Kammermusikstücke, Orchesterminiaturen, zwei abendfüllende Opern, installative Konzertformate sowie Musik für Tanz- und Sprechtheater aufweist. Zu den wichtigsten Bühnenwerken zählen Moving Tongues: Playing Space (Reaktorhallen Stockholm, 2019), Traumnovelle (Staatstheater Braunschweig, 2013), Die Stadt und Der Schnitt (Schaubühne Berlin, 2008), Die Bestmannoper (Theater Osnabrück, 2006) sowie Screaming Popes (fabrik Pots- dam, 2004). Er arbeitet mit <br>Spezialisten für Neue Musik zusammen, z.B. Ensemble Mosaik Berlin, Curious Chamber Players Stockholm, Kammerakademie Potsdam. Als vokaler Performancekünstler entwarf er eine Reihe von Soloformaten, die er auf international renommierten Festivals vorstellt. Dabei setzt er oft gestengesteuerte Live-Elektronik, wie das am STEIM in Amsterdam entwickelte Strophonion, ein und präsentiert damit eine neue Performancepraxis, die des vokalen Klangtanzes. Im April 2019 erhielt er von der Universität der Künste Stockholm für die Verteidigung seiner Dissertation Monsters I Love: On Multivocal Arts den Doktortitel verliehen. Für sein künstlerisches Schaffen erhielt er zahlreiche Auszeichnungen, Preise u. Stipendien, z.B. MWFK des Landes Brandenburg, Cité Internationale des Arts Paris, Kultur- stiftung Schloss Wiepersdorf oder Villa Aurora Los Angeles.&nbsp;</p>								</div>
				</div>
					</div>
		</div>
					</div>
		</section>
				<section class="elementor-section elementor-top-section elementor-element elementor-element-84257c7 elementor-section-boxed elementor-section-height-default elementor-section-height-default" data-id="84257c7" data-element_type="section" data-e-type="section">
						<div class="elementor-container elementor-column-gap-default">
					<div class="elementor-column elementor-col-100 elementor-top-column elementor-element elementor-element-b0dd4fa" data-id="b0dd4fa" data-element_type="column" data-e-type="column">
			<div class="elementor-widget-wrap elementor-element-populated">
						<div class="elementor-element elementor-element-262b54e elementor-widget elementor-widget-text-editor" data-id="262b54e" data-element_type="widget" data-e-type="widget" data-widget_type="text-editor.default">
				<div class="elementor-widget-container">
									<div class="page" title="Page 48"><div class="section"><div class="layoutArea"><div class="column"><p>»Grundsätzlich erträume ich mir in jedem Werk aufs Neue einen ganzheitlichen Performance-Ansatz, der eine gegenseitige Durchdringung von Klang, Musik, Sprache und Bewegung verfolgt. Experimentieren mit den Möglichkeiten des Vorhandenen ist integraler Bestandteil meiner kompositorischen Herangehensweise. Das beinhaltet nicht nur, mein eigenes künstlerisches Potential zu erkunden, sondern genauso das der InterpretInnen auszuschöpfen. Komponieren ist strukturelle Organisation, wo ich das erforschte und neu gefundene Material in einer Weise zusammenzusetzen suche (componere), so dass sich die Gesamtheit aller klanglichen Gestalten mit der gegenwärtigen, kulturell-gesellschaftlichen Situation in Beziehung setzen kann, in der das jeweilige Werk zur Aufführung gebracht wird. Das bedeutet nicht nur, dass das Werk in Potsdam eine andere Rezeption erfährt als in Seoul, sondern auch, dass neben ästhetischen, auch gesellschaftspolitische Fragestellungen zum Tragen kommen, die das Publikum zur Auseinandersetzung einladen. Ich denke an »Die Bestmannoper« (2006) oder »Tante Marianne« (2010), deren historisch-politische Dimension die unzureichende Aufarbeitung der Nazivergangenheit in Erinnerung ruft. Komponieren heute bedeutet nicht nur, Klänge zu organisieren, wie es Edgar Varèse einmal formulierte, sondern kraft der Kontextualisierung und Verknüpfungen aus Klang, sprachlichen Elementen, Bewegung und Raum, eine übergreifende Grammatik zu entwerfen, die ein Kompositionsgefüge hervorbringt, welches Kohärenz im Materialumgang mit Einzigartigkeit im Ausdruck zu verbinden sucht und gleichzeitig die gesellschaftspolitische Haltung des Autors zum Ausdruck bringt.«</p></div></div></div></div>								</div>
				</div>
					</div>
		</div>
					</div>
		</section>
				<section class="elementor-section elementor-top-section elementor-element elementor-element-c9ca93a elementor-section-boxed elementor-section-height-default elementor-section-height-default" data-id="c9ca93a" data-element_type="section" data-e-type="section">
						<div class="elementor-container elementor-column-gap-default">
					<div class="elementor-column elementor-col-100 elementor-top-column elementor-element elementor-element-db87d0e" data-id="db87d0e" data-element_type="column" data-e-type="column">
			<div class="elementor-widget-wrap elementor-element-populated">
						<div class="elementor-element elementor-element-f3de83c elementor-widget elementor-widget-text-editor" data-id="f3de83c" data-element_type="widget" data-e-type="widget" data-widget_type="text-editor.default">
				<div class="elementor-widget-container">
									<a href="https://nowitz.de" target="_blank" rel="noopener">nowitz.de<span class="hu-external"></span></a>
								</div>
				</div>
					</div>
		</div>
					</div>
		</section>
				</div>

<p>&lt;&lt; Alex Nowitz Foto: Mariya Boyanova Dr. Alex Nowitz studierte Musik u. Musikpädagogik, Gesang u. Komposition, letzteres bei Gerhard Rosenfeld (Potsdam, Deutschland), Prof. Paul Steinberg und Prof. David Heinick (beide Potsdam NY, USA). Als&#46;&#46;&#46;</p>
