{"id":2820,"date":"2022-02-12T08:42:57","date_gmt":"2022-02-12T08:42:57","guid":{"rendered":"http:\/\/neue-musik-brandenburg.multisensoriale.de\/?page_id=2820"},"modified":"2022-02-26T11:23:46","modified_gmt":"2022-02-26T11:23:46","slug":"schenk-michael","status":"publish","type":"page","link":"https:\/\/www.neue-musik-brandenburg.de\/en\/schenk-michael\/","title":{"rendered":"Dr. Michael Schenk"},"content":{"rendered":"\t\t<div data-elementor-type=\"wp-page\" data-elementor-id=\"2820\" class=\"elementor elementor-2820\">\n\t\t\t\t\t\t<section class=\"elementor-section elementor-top-section elementor-element elementor-element-a8e04e3 elementor-section-boxed elementor-section-height-default elementor-section-height-default\" data-id=\"a8e04e3\" data-element_type=\"section\" data-e-type=\"section\">\n\t\t\t\t\t\t<div class=\"elementor-container elementor-column-gap-default\">\n\t\t\t\t\t<div class=\"elementor-column elementor-col-100 elementor-top-column elementor-element elementor-element-f8681f9\" data-id=\"f8681f9\" data-element_type=\"column\" data-e-type=\"column\">\n\t\t\t<div class=\"elementor-widget-wrap elementor-element-populated\">\n\t\t\t\t\t\t<div class=\"elementor-element elementor-element-7dff2af elementor-widget elementor-widget-text-editor\" data-id=\"7dff2af\" data-element_type=\"widget\" data-e-type=\"widget\" data-widget_type=\"text-editor.default\">\n\t\t\t\t<div class=\"elementor-widget-container\">\n\t\t\t\t\t\t\t\t\t<a id=\"r-mitglieder\" href=\"javascript:history.back()\">&lt;&lt;<\/a>\t\t\t\t\t\t\t\t<\/div>\n\t\t\t\t<\/div>\n\t\t\t\t\t<\/div>\n\t\t<\/div>\n\t\t\t\t\t<\/div>\n\t\t<\/section>\n\t\t\t\t<section class=\"elementor-section elementor-top-section elementor-element elementor-element-c36d764 elementor-section-boxed elementor-section-height-default elementor-section-height-default\" data-id=\"c36d764\" data-element_type=\"section\" data-e-type=\"section\">\n\t\t\t\t\t\t<div class=\"elementor-container elementor-column-gap-default\">\n\t\t\t\t\t<div class=\"elementor-column elementor-col-100 elementor-top-column elementor-element elementor-element-93f9922\" data-id=\"93f9922\" data-element_type=\"column\" data-e-type=\"column\">\n\t\t\t<div class=\"elementor-widget-wrap elementor-element-populated\">\n\t\t\t\t\t\t<div class=\"elementor-element elementor-element-68a7be7 elementor-widget elementor-widget-heading\" data-id=\"68a7be7\" data-element_type=\"widget\" data-e-type=\"widget\" data-widget_type=\"heading.default\">\n\t\t\t\t<div class=\"elementor-widget-container\">\n\t\t\t\t\t<h2 class=\"elementor-heading-title elementor-size-default\">Michael Schenk<\/h2>\t\t\t\t<\/div>\n\t\t\t\t<\/div>\n\t\t\t\t\t<\/div>\n\t\t<\/div>\n\t\t\t\t\t<\/div>\n\t\t<\/section>\n\t\t\t\t<section class=\"elementor-section elementor-top-section elementor-element elementor-element-79af510 elementor-section-boxed elementor-section-height-default elementor-section-height-default\" data-id=\"79af510\" data-element_type=\"section\" data-e-type=\"section\">\n\t\t\t\t\t\t<div class=\"elementor-container elementor-column-gap-default\">\n\t\t\t\t\t<div class=\"elementor-column elementor-col-25 elementor-top-column elementor-element elementor-element-4d0384b\" data-id=\"4d0384b\" data-element_type=\"column\" data-e-type=\"column\">\n\t\t\t<div class=\"elementor-widget-wrap elementor-element-populated\">\n\t\t\t\t\t\t<div class=\"elementor-element elementor-element-55c8c54 elementor-widget elementor-widget-image\" data-id=\"55c8c54\" data-element_type=\"widget\" data-e-type=\"widget\" data-widget_type=\"image.default\">\n\t\t\t\t<div class=\"elementor-widget-container\">\n\t\t\t\t\t\t\t\t\t\t\t\t<figure class=\"wp-caption\">\n\t\t\t\t\t\t\t\t\t\t<img fetchpriority=\"high\" decoding=\"async\" width=\"798\" height=\"1024\" src=\"https:\/\/www.neue-musik-brandenburg.de\/wp-content\/uploads\/2022\/02\/SCHENK_Portrait_1-798x1024.jpg\" class=\"attachment-large size-large wp-image-4899\" alt=\"\" srcset=\"https:\/\/www.neue-musik-brandenburg.de\/wp-content\/uploads\/2022\/02\/SCHENK_Portrait_1-798x1024.jpg 798w, https:\/\/www.neue-musik-brandenburg.de\/wp-content\/uploads\/2022\/02\/SCHENK_Portrait_1-234x300.jpg 234w, https:\/\/www.neue-musik-brandenburg.de\/wp-content\/uploads\/2022\/02\/SCHENK_Portrait_1-768x985.jpg 768w, https:\/\/www.neue-musik-brandenburg.de\/wp-content\/uploads\/2022\/02\/SCHENK_Portrait_1.jpg 1032w\" sizes=\"(max-width: 798px) 100vw, 798px\" \/>\t\t\t\t\t\t\t\t\t\t\t<figcaption class=\"widget-image-caption wp-caption-text\">Foto: privat<\/figcaption>\n\t\t\t\t\t\t\t\t\t\t<\/figure>\n\t\t\t\t\t\t\t\t\t<\/div>\n\t\t\t\t<\/div>\n\t\t\t\t\t<\/div>\n\t\t<\/div>\n\t\t\t\t<div class=\"elementor-column elementor-col-25 elementor-top-column elementor-element elementor-element-41df22e\" data-id=\"41df22e\" data-element_type=\"column\" data-e-type=\"column\">\n\t\t\t<div class=\"elementor-widget-wrap\">\n\t\t\t\t\t\t\t<\/div>\n\t\t<\/div>\n\t\t\t\t<div class=\"elementor-column elementor-col-50 elementor-top-column elementor-element elementor-element-8c1ec10\" data-id=\"8c1ec10\" data-element_type=\"column\" data-e-type=\"column\">\n\t\t\t<div class=\"elementor-widget-wrap elementor-element-populated\">\n\t\t\t\t\t\t<div class=\"elementor-element elementor-element-8f956e3 elementor-widget elementor-widget-text-editor\" data-id=\"8f956e3\" data-element_type=\"widget\" data-e-type=\"widget\" data-widget_type=\"text-editor.default\">\n\t\t\t\t<div class=\"elementor-widget-container\">\n\t\t\t\t\t\t\t\t\t<div class=\"page\" title=\"Page 55\">\n<div class=\"section\">\n<div class=\"layoutArea\">\n<div class=\"column\">\n<p>geb. 1958 in Penig (Sachsen) <br>Kindheit und Jugend (POS und EOS mit Abitur) in&nbsp;Rathenow <br>1977 \u2013 1981 Studium Musik- und Deutsch-Diplomlehrer an der PH Potsdam anschlie\u00dfend musikwissenschaftliches Forschungsstudium (Promotion A) \/ Dissertation mit dem Abschluss \u00bbmagna cum laude\u00ab zur Untersuchung der Berliner Musik(theater)kultur des 18. Jahrhunderts<span class=\"Apple-converted-space\">&nbsp; <br><\/span>S\u00e4nger in Chanson- und Folkrockformationen<span class=\"Apple-converted-space\">&nbsp;<br>1985 &#8211; 1987&nbsp;<\/span>Assistent an der PH Potsdam (Musiktheorie, Geh\u00f6rbildung, Werkanalyse)<br>1987 \u2013 1997 k\u00fcnstlerischer Oberassistent und Lehrer im Hochschuldienst an der HFF \u00bbKonrad Wolf\u00ab Potsdam Babelsberg <br>Teilnahme an nationalen und internationalen Workshops zur Gesangs- und Stimmgestaltung sowie zu Improvisation, Komposition und Musikp\u00e4dagogik <br>ab 1997 freischaffend als Klangk\u00fcnstler und Tondokumentarist<br>Kompositionen f\u00fcr Theater, Tanz, Multimedia-Aktionen, f\u00fcr Film und Radio <br>Arbeitsaufenthalte in den USA, Mexiko, der Mongolei, Brasilien und Italien <br>Lehrauftr\u00e4ge an der HFF \u00bbKonrad Wolf\u00ab Potsdam-Babelsberg, der Universit\u00e4t Potsdam und an der FH Lausitz <br>seit 2010 akademischer Mitarbeiter an der Filmhochschule \u00bbKonrad Wolf\u00ab Babelsberg und der Filmuniversit\u00e4t Babelsberg KONRAD WOLF <br>Vater von zwei S\u00f6hnen (Mario *1981 und Adrian *1985)<span class=\"Apple-converted-space\">&nbsp;<\/span><\/p>\n<\/div>\n<\/div>\n<\/div>\n<\/div>\t\t\t\t\t\t\t\t<\/div>\n\t\t\t\t<\/div>\n\t\t\t\t\t<\/div>\n\t\t<\/div>\n\t\t\t\t\t<\/div>\n\t\t<\/section>\n\t\t\t\t<section class=\"elementor-section elementor-top-section elementor-element elementor-element-84257c7 elementor-section-boxed elementor-section-height-default elementor-section-height-default\" data-id=\"84257c7\" data-element_type=\"section\" data-e-type=\"section\">\n\t\t\t\t\t\t<div class=\"elementor-container elementor-column-gap-default\">\n\t\t\t\t\t<div class=\"elementor-column elementor-col-100 elementor-top-column elementor-element elementor-element-b0dd4fa\" data-id=\"b0dd4fa\" data-element_type=\"column\" data-e-type=\"column\">\n\t\t\t<div class=\"elementor-widget-wrap elementor-element-populated\">\n\t\t\t\t\t\t<div class=\"elementor-element elementor-element-262b54e elementor-widget elementor-widget-text-editor\" data-id=\"262b54e\" data-element_type=\"widget\" data-e-type=\"widget\" data-widget_type=\"text-editor.default\">\n\t\t\t\t<div class=\"elementor-widget-container\">\n\t\t\t\t\t\t\t\t\t<div class=\"page\" title=\"Page 55\"><div class=\"section\"><div class=\"layoutArea\"><div class=\"column\"><p>Ausgehend von unterschiedlichen Einflu\u0308ssen und dies- bezu\u0308glichen Erkundungen in internationaler Folklore, Rock, Jazz, Chanson, frei improvisierter und sog. avancierter komponierter Musik entwickelte ich ein Versta\u0308ndnis fu\u0308r die zeitgeno\u0308ssische Kunstmusik, das insbesondere deren multiplen Formen- und\u00a0<span style=\"color: var( --e-global-color-text );\">Ausdrucksreichtum wertscha\u0308tzt \u2013 quer durch die Genres und Stile von vokaler und instrumentaler Musik. Die Anregungen durch das reiche Spektrum der Musique concre\u0300te und der Elektroakustischen Musik ermo\u0308glichten mir \u2013 in Verbindung mit den Potentialen des Nonverbalen in der menschlichen Stimme wie auch mit lautpoetischen Scho\u0308pfungen \u2013\u00a0<\/span><span style=\"color: var( --e-global-color-text );\">u.a. intensive syna\u0308sthetische Erfahrungen bei Interaktionen mit Bildenden Ku\u0308nstler*innen, insbesondere mit abstrakt-expressiven sowie konkreten Ausrichtungen. Die Kompositionen in performativen Kontexten sind oftmals durch literarische und historisch motivierte Bezu\u0308ge initiiert, die meine Verantwortung vor Geschichte und Zukunft \u2013 gesellschaftspolitisch und o\u0308kologisch intendiert \u2013 in direkter oder subtiler Weise einsichtig machen. So wuchs \u2013 in einer Welt voll technischer Lautheit und bei permanenter Reproduzierbarkeit von Sounds \u2013 auch mein Versta\u0308ndnis fu\u0308r eine neu zu entdeckende Kunst des Ho\u0308rens. Daraus entstand \u2013 vornehmlich innerhalb des Vereins klangforum brandenburg \u2013 eine Reihe von Projekten im Rahmen der Weiterfu\u0308hrung der Konzepte des World Forums for Acoustic Ecology.<\/span><\/p><\/div><\/div><\/div><\/div>\t\t\t\t\t\t\t\t<\/div>\n\t\t\t\t<\/div>\n\t\t\t\t\t<\/div>\n\t\t<\/div>\n\t\t\t\t\t<\/div>\n\t\t<\/section>\n\t\t\t\t<section class=\"elementor-section elementor-top-section elementor-element elementor-element-2cc69b7 elementor-section-boxed elementor-section-height-default elementor-section-height-default\" data-id=\"2cc69b7\" data-element_type=\"section\" data-e-type=\"section\">\n\t\t\t\t\t\t<div class=\"elementor-container elementor-column-gap-default\">\n\t\t\t\t\t<div class=\"elementor-column elementor-col-100 elementor-top-column elementor-element elementor-element-6813f37\" data-id=\"6813f37\" data-element_type=\"column\" data-e-type=\"column\">\n\t\t\t<div class=\"elementor-widget-wrap elementor-element-populated\">\n\t\t\t\t\t\t<div class=\"elementor-element elementor-element-8397222 elementor-widget elementor-widget-text-editor\" data-id=\"8397222\" data-element_type=\"widget\" data-e-type=\"widget\" data-widget_type=\"text-editor.default\">\n\t\t\t\t<div class=\"elementor-widget-container\">\n\t\t\t\t\t\t\t\t\t<a href=\"https:\/\/www.filmuniversitaet.de\/portrait\/person\/michael-schenk\" target=\"_blank\" rel=\"noopener\">www.filmuniversitaet.de\/portrait\/person\/michael-schenk<span class=\"hu-external\"><\/span><\/a>\t\t\t\t\t\t\t\t<\/div>\n\t\t\t\t<\/div>\n\t\t\t\t\t<\/div>\n\t\t<\/div>\n\t\t\t\t\t<\/div>\n\t\t<\/section>\n\t\t\t\t<\/div>\n\t\t","protected":false},"excerpt":{"rendered":"<p>&lt;&lt; Michael Schenk Foto: privat geb. 1958 in Penig (Sachsen) Kindheit und Jugend (POS und EOS mit Abitur) in&nbsp;Rathenow 1977 \u2013 1981 Studium Musik- und Deutsch-Diplomlehrer an der PH Potsdam anschlie\u00dfend musikwissenschaftliches Forschungsstudium (Promotion&#46;&#46;&#46;<\/p>\n","protected":false},"author":1,"featured_media":0,"parent":0,"menu_order":0,"comment_status":"closed","ping_status":"closed","template":"","meta":{"_custom_body_class":"","_custom_post_class":"","footnotes":""},"class_list":["post-2820","page","type-page","status-publish","hentry"],"translation":{"provider":"WPGlobus","version":"3.0.2","language":"en","enabled_languages":["de","en"],"languages":{"de":{"title":true,"content":true,"excerpt":false},"en":{"title":true,"content":false,"excerpt":false}}},"_links":{"self":[{"href":"https:\/\/www.neue-musik-brandenburg.de\/en\/wp-json\/wp\/v2\/pages\/2820","targetHints":{"allow":["GET"]}}],"collection":[{"href":"https:\/\/www.neue-musik-brandenburg.de\/en\/wp-json\/wp\/v2\/pages"}],"about":[{"href":"https:\/\/www.neue-musik-brandenburg.de\/en\/wp-json\/wp\/v2\/types\/page"}],"author":[{"embeddable":true,"href":"https:\/\/www.neue-musik-brandenburg.de\/en\/wp-json\/wp\/v2\/users\/1"}],"replies":[{"embeddable":true,"href":"https:\/\/www.neue-musik-brandenburg.de\/en\/wp-json\/wp\/v2\/comments?post=2820"}],"version-history":[{"count":23,"href":"https:\/\/www.neue-musik-brandenburg.de\/en\/wp-json\/wp\/v2\/pages\/2820\/revisions"}],"predecessor-version":[{"id":5441,"href":"https:\/\/www.neue-musik-brandenburg.de\/en\/wp-json\/wp\/v2\/pages\/2820\/revisions\/5441"}],"wp:attachment":[{"href":"https:\/\/www.neue-musik-brandenburg.de\/en\/wp-json\/wp\/v2\/media?parent=2820"}],"curies":[{"name":"wp","href":"https:\/\/api.w.org\/{rel}","templated":true}]}}

<div data-elementor-type="wp-page" data-elementor-id="2820" class="elementor elementor-2820">
						<section class="elementor-section elementor-top-section elementor-element elementor-element-a8e04e3 elementor-section-boxed elementor-section-height-default elementor-section-height-default" data-id="a8e04e3" data-element_type="section" data-e-type="section">
						<div class="elementor-container elementor-column-gap-default">
					<div class="elementor-column elementor-col-100 elementor-top-column elementor-element elementor-element-f8681f9" data-id="f8681f9" data-element_type="column" data-e-type="column">
			<div class="elementor-widget-wrap elementor-element-populated">
						<div class="elementor-element elementor-element-7dff2af elementor-widget elementor-widget-text-editor" data-id="7dff2af" data-element_type="widget" data-e-type="widget" data-widget_type="text-editor.default">
				<div class="elementor-widget-container">
									<a id="r-mitglieder" href="javascript:history.back()">&lt;&lt;</a>								</div>
				</div>
					</div>
		</div>
					</div>
		</section>
				<section class="elementor-section elementor-top-section elementor-element elementor-element-c36d764 elementor-section-boxed elementor-section-height-default elementor-section-height-default" data-id="c36d764" data-element_type="section" data-e-type="section">
						<div class="elementor-container elementor-column-gap-default">
					<div class="elementor-column elementor-col-100 elementor-top-column elementor-element elementor-element-93f9922" data-id="93f9922" data-element_type="column" data-e-type="column">
			<div class="elementor-widget-wrap elementor-element-populated">
						<div class="elementor-element elementor-element-68a7be7 elementor-widget elementor-widget-heading" data-id="68a7be7" data-element_type="widget" data-e-type="widget" data-widget_type="heading.default">
				<div class="elementor-widget-container">
					<h2 class="elementor-heading-title elementor-size-default">Michael Schenk</h2>				</div>
				</div>
					</div>
		</div>
					</div>
		</section>
				<section class="elementor-section elementor-top-section elementor-element elementor-element-79af510 elementor-section-boxed elementor-section-height-default elementor-section-height-default" data-id="79af510" data-element_type="section" data-e-type="section">
						<div class="elementor-container elementor-column-gap-default">
					<div class="elementor-column elementor-col-25 elementor-top-column elementor-element elementor-element-4d0384b" data-id="4d0384b" data-element_type="column" data-e-type="column">
			<div class="elementor-widget-wrap elementor-element-populated">
						<div class="elementor-element elementor-element-55c8c54 elementor-widget elementor-widget-image" data-id="55c8c54" data-element_type="widget" data-e-type="widget" data-widget_type="image.default">
				<div class="elementor-widget-container">
												<figure class="wp-caption">
										<img fetchpriority="high" decoding="async" width="798" height="1024" src="https://www.neue-musik-brandenburg.de/wp-content/uploads/2022/02/SCHENK_Portrait_1-798x1024.jpg" class="attachment-large size-large wp-image-4899" alt="" srcset="https://www.neue-musik-brandenburg.de/wp-content/uploads/2022/02/SCHENK_Portrait_1-798x1024.jpg 798w, https://www.neue-musik-brandenburg.de/wp-content/uploads/2022/02/SCHENK_Portrait_1-234x300.jpg 234w, https://www.neue-musik-brandenburg.de/wp-content/uploads/2022/02/SCHENK_Portrait_1-768x985.jpg 768w, https://www.neue-musik-brandenburg.de/wp-content/uploads/2022/02/SCHENK_Portrait_1.jpg 1032w" sizes="(max-width: 798px) 100vw, 798px" />											<figcaption class="widget-image-caption wp-caption-text">Foto: privat</figcaption>
										</figure>
									</div>
				</div>
					</div>
		</div>
				<div class="elementor-column elementor-col-25 elementor-top-column elementor-element elementor-element-41df22e" data-id="41df22e" data-element_type="column" data-e-type="column">
			<div class="elementor-widget-wrap">
							</div>
		</div>
				<div class="elementor-column elementor-col-50 elementor-top-column elementor-element elementor-element-8c1ec10" data-id="8c1ec10" data-element_type="column" data-e-type="column">
			<div class="elementor-widget-wrap elementor-element-populated">
						<div class="elementor-element elementor-element-8f956e3 elementor-widget elementor-widget-text-editor" data-id="8f956e3" data-element_type="widget" data-e-type="widget" data-widget_type="text-editor.default">
				<div class="elementor-widget-container">
									<div class="page" title="Page 55">
<div class="section">
<div class="layoutArea">
<div class="column">
<p>geb. 1958 in Penig (Sachsen) <br>Kindheit und Jugend (POS und EOS mit Abitur) in&nbsp;Rathenow <br>1977 – 1981 Studium Musik- und Deutsch-Diplomlehrer an der PH Potsdam anschließend musikwissenschaftliches Forschungsstudium (Promotion A) / Dissertation mit dem Abschluss »magna cum laude« zur Untersuchung der Berliner Musik(theater)kultur des 18. Jahrhunderts<span class="Apple-converted-space">&nbsp; <br></span>Sänger in Chanson- und Folkrockformationen<span class="Apple-converted-space">&nbsp;<br>1985 &#8211; 1987&nbsp;</span>Assistent an der PH Potsdam (Musiktheorie, Gehörbildung, Werkanalyse)<br>1987 – 1997 künstlerischer Oberassistent und Lehrer im Hochschuldienst an der HFF »Konrad Wolf« Potsdam Babelsberg <br>Teilnahme an nationalen und internationalen Workshops zur Gesangs- und Stimmgestaltung sowie zu Improvisation, Komposition und Musikpädagogik <br>ab 1997 freischaffend als Klangkünstler und Tondokumentarist<br>Kompositionen für Theater, Tanz, Multimedia-Aktionen, für Film und Radio <br>Arbeitsaufenthalte in den USA, Mexiko, der Mongolei, Brasilien und Italien <br>Lehraufträge an der HFF »Konrad Wolf« Potsdam-Babelsberg, der Universität Potsdam und an der FH Lausitz <br>seit 2010 akademischer Mitarbeiter an der Filmhochschule »Konrad Wolf« Babelsberg und der Filmuniversität Babelsberg KONRAD WOLF <br>Vater von zwei Söhnen (Mario *1981 und Adrian *1985)<span class="Apple-converted-space">&nbsp;</span></p>
</div>
</div>
</div>
</div>								</div>
				</div>
					</div>
		</div>
					</div>
		</section>
				<section class="elementor-section elementor-top-section elementor-element elementor-element-84257c7 elementor-section-boxed elementor-section-height-default elementor-section-height-default" data-id="84257c7" data-element_type="section" data-e-type="section">
						<div class="elementor-container elementor-column-gap-default">
					<div class="elementor-column elementor-col-100 elementor-top-column elementor-element elementor-element-b0dd4fa" data-id="b0dd4fa" data-element_type="column" data-e-type="column">
			<div class="elementor-widget-wrap elementor-element-populated">
						<div class="elementor-element elementor-element-262b54e elementor-widget elementor-widget-text-editor" data-id="262b54e" data-element_type="widget" data-e-type="widget" data-widget_type="text-editor.default">
				<div class="elementor-widget-container">
									<div class="page" title="Page 55"><div class="section"><div class="layoutArea"><div class="column"><p>Ausgehend von unterschiedlichen Einflüssen und dies- bezüglichen Erkundungen in internationaler Folklore, Rock, Jazz, Chanson, frei improvisierter und sog. avancierter komponierter Musik entwickelte ich ein Verständnis für die zeitgenössische Kunstmusik, das insbesondere deren multiplen Formen- und <span style="color: var( --e-global-color-text );">Ausdrucksreichtum wertschätzt – quer durch die Genres und Stile von vokaler und instrumentaler Musik. Die Anregungen durch das reiche Spektrum der Musique concrète und der Elektroakustischen Musik ermöglichten mir – in Verbindung mit den Potentialen des Nonverbalen in der menschlichen Stimme wie auch mit lautpoetischen Schöpfungen – </span><span style="color: var( --e-global-color-text );">u.a. intensive synästhetische Erfahrungen bei Interaktionen mit Bildenden Künstler*innen, insbesondere mit abstrakt-expressiven sowie konkreten Ausrichtungen. Die Kompositionen in performativen Kontexten sind oftmals durch literarische und historisch motivierte Bezüge initiiert, die meine Verantwortung vor Geschichte und Zukunft – gesellschaftspolitisch und ökologisch intendiert – in direkter oder subtiler Weise einsichtig machen. So wuchs – in einer Welt voll technischer Lautheit und bei permanenter Reproduzierbarkeit von Sounds – auch mein Verständnis für eine neu zu entdeckende Kunst des Hörens. Daraus entstand – vornehmlich innerhalb des Vereins klangforum brandenburg – eine Reihe von Projekten im Rahmen der Weiterführung der Konzepte des World Forums for Acoustic Ecology.</span></p></div></div></div></div>								</div>
				</div>
					</div>
		</div>
					</div>
		</section>
				<section class="elementor-section elementor-top-section elementor-element elementor-element-2cc69b7 elementor-section-boxed elementor-section-height-default elementor-section-height-default" data-id="2cc69b7" data-element_type="section" data-e-type="section">
						<div class="elementor-container elementor-column-gap-default">
					<div class="elementor-column elementor-col-100 elementor-top-column elementor-element elementor-element-6813f37" data-id="6813f37" data-element_type="column" data-e-type="column">
			<div class="elementor-widget-wrap elementor-element-populated">
						<div class="elementor-element elementor-element-8397222 elementor-widget elementor-widget-text-editor" data-id="8397222" data-element_type="widget" data-e-type="widget" data-widget_type="text-editor.default">
				<div class="elementor-widget-container">
									<a href="https://www.filmuniversitaet.de/portrait/person/michael-schenk" target="_blank" rel="noopener">www.filmuniversitaet.de/portrait/person/michael-schenk<span class="hu-external"></span></a>								</div>
				</div>
					</div>
		</div>
					</div>
		</section>
				</div>

<p>&lt;&lt; Michael Schenk Foto: privat geb. 1958 in Penig (Sachsen) Kindheit und Jugend (POS und EOS mit Abitur) in&nbsp;Rathenow 1977 – 1981 Studium Musik- und Deutsch-Diplomlehrer an der PH Potsdam anschließend musikwissenschaftliches Forschungsstudium (Promotion&#46;&#46;&#46;</p>
