{"id":5662,"date":"2022-02-27T08:33:19","date_gmt":"2022-02-27T08:33:19","guid":{"rendered":"http:\/\/neue-musik-brandenburg.multisensoriale.de\/?page_id=5662"},"modified":"2022-04-05T15:34:59","modified_gmt":"2022-04-05T15:34:59","slug":"konzerte-2016","status":"publish","type":"page","link":"https:\/\/www.neue-musik-brandenburg.de\/en\/konzerte-2016\/","title":{"rendered":"intersonanzen 2004"},"content":{"rendered":"\n<a id=\"r-mitglieder\" href=\"javascript:history.back()\">&lt;&lt;<\/a>\n\n\n\n<h2 class=\"has-pale-cyan-blue-color has-text-color wp-block-heading\">Konzerte 2016<\/h2>\n\n\n\n<hr class=\"wp-block-separator is-style-default\"\/>\n\n\n\n<figure class=\"wp-block-image size-full is-resized\"><img fetchpriority=\"high\" decoding=\"async\" src=\"https:\/\/www.neue-musik-brandenburg.de\/wp-content\/uploads\/2022\/04\/intersonanzen-2016.jpg\" alt=\"\" class=\"wp-image-6721\" width=\"552\" height=\"234\" srcset=\"https:\/\/www.neue-musik-brandenburg.de\/wp-content\/uploads\/2022\/04\/intersonanzen-2016.jpg 420w, https:\/\/www.neue-musik-brandenburg.de\/wp-content\/uploads\/2022\/04\/intersonanzen-2016-300x127.jpg 300w\" sizes=\"(max-width: 552px) 100vw, 552px\" \/><\/figure>\n\n\n\n<h1 class=\"has-pale-cyan-blue-color has-text-color wp-block-heading\" id=\"intersonanzen-2002\">intersonanzen.<\/h1>\n\n\n\n<p><strong>brandenburgisches fest der neuen musik<\/strong><\/p>\n\n\n\n<h2 class=\"wp-block-heading\">Brandenburg_DER MODERNE KLANG<\/h2>\n\n\n\n<p>Wer ein Festival zeitgen\u00f6ssischer Musik besucht, m\u00f6chte in der Regel etwas Neues entdecken, mit Freude seinen Horizont erweitern und mit Gleichgesinnten in einen Dialog treten. An drei Tagen kann das interessierte Publikum in 11 Konzerten und Performances ganz unterschiedliche Facetten aktueller musikalischer Kunst erleben sowie originelle Blickwinkel und ungewohnte Perspektiven miteinander in Beziehung setzen.<\/p>\n\n\n\n<p>Renommierte und international arbeitende Ensembles und Solisten aus Brandenburg, Berlin, Leipzig und Italien gestalten das Programm.<\/p>\n\n\n\n<p>Ein Schwerpunkt des Festivals ist die Pr\u00e4sentation zeitgen\u00f6ssischer Musik aus der Region Brandenburg. Zahlreiche Komponisten des Brandenburgischen Vereins f\u00fcr Neue Musik werden mit neuen Werken vertreten sein.<\/p>\n\n\n\n<p>Die Grenze zwischen Konzert, Performance und Musiktheater ist in den vergangenen Jahren flie\u00dfender geworden. Ein Beispiel f\u00fcr solche Grenz\u00fcberschreitungen k\u00f6nnen die Festivalbesucher im Er\u00f6ffnungskonzert erleben, wenn im Konzert des Berliner Ensembles&nbsp;LUX:NM unterschiedliche Kammermusikwerke&nbsp;von der K\u00fcnstlergruppe Club Real in&nbsp;Szene gesetzt und zu einem Gesamtwerk&nbsp;verbunden werden.<\/p>\n\n\n\n<p>Ein besonderes Anliegen der <em>intersonanzen<\/em> ist die Einbeziehung von Kindern, Jugendlichen und Studenten. In diesem Jahr freuen wir uns auf ein Kooperationsprojekt mit der Filmuniversit\u00e4t Babelsberg <em>KONRAD WOLF<\/em>.<\/p>\n\n\n\n<p>Der Hauptaustragungsort des Festivals ist die fabrik Potsdam, daneben gibt es ein Konzert in der Friedenskirche im Schlosspark Sanssouci, im Paul-Wunderlich-Haus Eberswalde und traditionell einen Soundwalk durch die Potsdamer Innenstadt.<\/p>\n\n\n\n<p><strong><u>PROGRAMM<\/u><\/strong><\/p>\n\n\n\n<p><strong>Freitag, 22. April 2016 &#8211; fabrik Potsdam<\/strong><\/p>\n\n\n\n<p><strong>17:30 Uhr &#8211; Festivaler\u00f6ffnung<\/strong><\/p>\n\n\n\n<p><strong>18:00 Uhr Das goldene Zeitalter &#8211; Szenisches Konzert<\/strong><\/p>\n\n\n\n<p>Ensemble LUX:NM Berlin &amp;<\/p>\n\n\n\n<p>Club Real: Marianne Ramsay-Sonneck, Georg Reinhardt<\/p>\n\n\n\n<p>Werke von&nbsp;Johannes Hildebrand UA, Thomas Gerwin UA, Susanne Stelzenbach UA, Stefan Lienenk\u00e4mper UA, Steffen Krebber und Steingrimur Rohloff.<\/p>\n\n\n\n<p><strong>19:30 Uhr Sopran + Violoncello<\/strong><\/p>\n\n\n\n<p>Irene Kurka, Sopran<\/p>\n\n\n\n<p>Ehrengard von Gemmingen, Violoncello<\/p>\n\n\n\n<p>Werke von&nbsp;Stefan Lienenk\u00e4mper, Peter K\u00f6szeghy,&nbsp;Albert Breier UA, Frank Petzold UA,&nbsp;Gabriel Iranyi und Samuel Tramin.<\/p>\n\n\n\n<p><strong>21:00 Uhr POSAUNEN-QUARTETT<\/strong><\/p>\n\n\n\n<p>Ensemble TromboNova (Leipzig)<\/p>\n\n\n\n<p>Werke von Hermann Keller UA,&nbsp;Jan Cyz UA,&nbsp;Gisbert N\u00e4ther UA,&nbsp;Ralf Hoyer UA,&nbsp;Hans H\u00fctten UA und Peter K\u00f6szeghy UA.<\/p>\n\n\n\n<p><strong>Samstag, 23. April 2016<\/strong><\/p>\n\n\n\n<p><strong>Paul-Wunderlich-Haus Eberswalde<\/strong><\/p>\n\n\n\n<p><strong>10:30 Uhr POSAUNEN-QUARTETT<\/strong><\/p>\n\n\n\n<p>Wiederholung des Konzertes vom 22. April 2016<\/p>\n\n\n\n<p>im Rahmen von &#8220;Guten Morgen Eberswalde&#8221;<\/p>\n\n\n\n<p><strong>fabrik Potsdam<\/strong><\/p>\n\n\n\n<p><strong>16:00 Uhr KAMMERKONZERT<\/strong><\/p>\n\n\n\n<p>NYKY &#8211; Trio (Citt\u00e0 di Castello, Italien)<\/p>\n\n\n\n<p>Werke von Jan Cy\u017e UA, Taymur Streng UA, Johannes Hildebrandt UA, Helmut Zapf UA, Norberto Oldrini UA und Giorgio Colombo Taccani UA.<\/p>\n\n\n\n<p><strong>18:00 Uhr SCHLAGZEUG-QUARTETT<\/strong><\/p>\n\n\n\n<p>percusemble BERLIN<\/p>\n\n\n\n<p>Werke von Volker Freidel UA, Steffen Schellhase UA, Henry Mex UA, Lothar Voigtl\u00e4nder, Susanne Stelzenbach und Mario Fister.<\/p>\n\n\n\n<p><strong>20:00 Uhr KAMMERKONZERT<\/strong><\/p>\n\n\n\n<p>Ensemble Mosaik Berlin<\/p>\n\n\n\n<p>Werke von&nbsp;Rebecca Saunder, Clara Lannotta, Oscar Piniella, Hermann Keller UA, Alex Nowitz und Manuel Rodriguez Valenzuela UA.<\/p>\n\n\n\n<p><strong>21:30 Uhr Bits + Bytes<\/strong><\/p>\n\n\n\n<p>Elektroakustische Musik, Soundscape Composition und musikalische Video-Arbeiten<\/p>\n\n\n\n<p>Werke von Ralf Hoyer UA, Alex Nowitz UA,&nbsp;Taymur Streng UA, Sabine Vogel UA und Lothar Voigtl\u00e4nder.<\/p>\n\n\n\n<p><strong>Sonntag, 24. April 2016<\/strong><\/p>\n\n\n\n<p><strong>09:00 Uhr Klangexpedition<\/strong><\/p>\n\n\n\n<p>Start: Potsdam Hauptbahnhof, Ausgang Lange Br\u00fccke<\/p>\n\n\n\n<p>Udo Koloska, Sounds<\/p>\n\n\n\n<p>Michael Schenk, Konzept + Leitung<\/p>\n\n\n\n<p>Voranmeldungen unter 0174-3387603<\/p>\n\n\n\n<p><strong>15:00 Uhr Friedenskirche Potsdam<\/strong><\/p>\n\n\n\n<p><strong>TUBES<\/strong><\/p>\n\n\n\n<p>Jack Adler-McKean, Tuba \/ Ivo Berg, Blockfl\u00f6ten \/ Tobias Scheetz, Orgel<\/p>\n\n\n\n<p>Werke von&nbsp;Irina Emeliantseva UA, Volker Freidel UA, Thomas Gerwin UA, Roland Moser, Ulrich Pogoda UA, Wolfgang Thiel UA, Lothar Graap und Gisbert N\u00e4ther UA.<\/p>\n\n\n\n<p><strong>17:30 -Uhr &#8211; fabrik Potsdam<\/strong><\/p>\n\n\n\n<p><strong>Evelyn &#8211; Live-Vertonung eines illustrierten Romans<\/strong><\/p>\n\n\n\n<p>Inma Galiot, Konzept\/Komposition\/Leitung<\/p>\n\n\n\n<p>Eine Kooperation mit dem<em> Ikf<\/em> und dem M.A.-Studiengang Filmmusik<\/p>\n\n\n\n<p>der Filmuniversit\u00e4t&nbsp;Babelsberg&nbsp;<em>KONRAD WOLF<\/em><\/p>\n\n\n\n<p><strong>20:00 Uhr fabrik Potsdam<\/strong><\/p>\n\n\n\n<p><strong>KAMMERKONZERT<\/strong><\/p>\n\n\n\n<p>Ensemble JungeMusik Berlin\/Brandenburg<\/p>\n\n\n\n<p>Helmut Zapf, musikalische Leitung<\/p>\n\n\n\n<p>Werke von Gabriel Iranyi, Irina Emeliantseva UA, Andreas F. Staffel UA, Henry Mex UA, Helmut Zapf, Johannes Boris Borowski und Friedrich Goldmann.<\/p>\n","protected":false},"excerpt":{"rendered":"<p>&lt;&lt; Konzerte 2016 intersonanzen. brandenburgisches fest der neuen musik Brandenburg_DER MODERNE KLANG Wer ein Festival zeitgen\u00f6ssischer Musik besucht, m\u00f6chte in der Regel etwas Neues entdecken, mit Freude seinen Horizont erweitern und mit Gleichgesinnten in&#46;&#46;&#46;<\/p>\n","protected":false},"author":1,"featured_media":0,"parent":0,"menu_order":0,"comment_status":"closed","ping_status":"closed","template":"","meta":{"_custom_body_class":"","_custom_post_class":"","footnotes":""},"class_list":["post-5662","page","type-page","status-publish","hentry"],"translation":{"provider":"WPGlobus","version":"3.0.2","language":"en","enabled_languages":["de","en"],"languages":{"de":{"title":true,"content":true,"excerpt":false},"en":{"title":true,"content":false,"excerpt":false}}},"_links":{"self":[{"href":"https:\/\/www.neue-musik-brandenburg.de\/en\/wp-json\/wp\/v2\/pages\/5662","targetHints":{"allow":["GET"]}}],"collection":[{"href":"https:\/\/www.neue-musik-brandenburg.de\/en\/wp-json\/wp\/v2\/pages"}],"about":[{"href":"https:\/\/www.neue-musik-brandenburg.de\/en\/wp-json\/wp\/v2\/types\/page"}],"author":[{"embeddable":true,"href":"https:\/\/www.neue-musik-brandenburg.de\/en\/wp-json\/wp\/v2\/users\/1"}],"replies":[{"embeddable":true,"href":"https:\/\/www.neue-musik-brandenburg.de\/en\/wp-json\/wp\/v2\/comments?post=5662"}],"version-history":[{"count":10,"href":"https:\/\/www.neue-musik-brandenburg.de\/en\/wp-json\/wp\/v2\/pages\/5662\/revisions"}],"predecessor-version":[{"id":6724,"href":"https:\/\/www.neue-musik-brandenburg.de\/en\/wp-json\/wp\/v2\/pages\/5662\/revisions\/6724"}],"wp:attachment":[{"href":"https:\/\/www.neue-musik-brandenburg.de\/en\/wp-json\/wp\/v2\/media?parent=5662"}],"curies":[{"name":"wp","href":"https:\/\/api.w.org\/{rel}","templated":true}]}}

<a id="r-mitglieder" href="javascript:history.back()">&lt;&lt;</a>



<h2 class="has-pale-cyan-blue-color has-text-color wp-block-heading">Konzerte 2016</h2>



<hr class="wp-block-separator is-style-default"/>



<figure class="wp-block-image size-full is-resized"><img fetchpriority="high" decoding="async" src="https://www.neue-musik-brandenburg.de/wp-content/uploads/2022/04/intersonanzen-2016.jpg" alt="" class="wp-image-6721" width="552" height="234" srcset="https://www.neue-musik-brandenburg.de/wp-content/uploads/2022/04/intersonanzen-2016.jpg 420w, https://www.neue-musik-brandenburg.de/wp-content/uploads/2022/04/intersonanzen-2016-300x127.jpg 300w" sizes="(max-width: 552px) 100vw, 552px" /></figure>



<h1 class="has-pale-cyan-blue-color has-text-color wp-block-heading" id="intersonanzen-2002">intersonanzen.</h1>



<p><strong>brandenburgisches fest der neuen musik</strong></p>



<h2 class="wp-block-heading">Brandenburg_DER MODERNE KLANG</h2>



<p>Wer ein Festival zeitgenössischer Musik besucht, möchte in der Regel etwas Neues entdecken, mit Freude seinen Horizont erweitern und mit Gleichgesinnten in einen Dialog treten. An drei Tagen kann das interessierte Publikum in 11 Konzerten und Performances ganz unterschiedliche Facetten aktueller musikalischer Kunst erleben sowie originelle Blickwinkel und ungewohnte Perspektiven miteinander in Beziehung setzen.</p>



<p>Renommierte und international arbeitende Ensembles und Solisten aus Brandenburg, Berlin, Leipzig und Italien gestalten das Programm.</p>



<p>Ein Schwerpunkt des Festivals ist die Präsentation zeitgenössischer Musik aus der Region Brandenburg. Zahlreiche Komponisten des Brandenburgischen Vereins für Neue Musik werden mit neuen Werken vertreten sein.</p>



<p>Die Grenze zwischen Konzert, Performance und Musiktheater ist in den vergangenen Jahren fließender geworden. Ein Beispiel für solche Grenzüberschreitungen können die Festivalbesucher im Eröffnungskonzert erleben, wenn im Konzert des Berliner Ensembles&nbsp;LUX:NM unterschiedliche Kammermusikwerke&nbsp;von der Künstlergruppe Club Real in&nbsp;Szene gesetzt und zu einem Gesamtwerk&nbsp;verbunden werden.</p>



<p>Ein besonderes Anliegen der <em>intersonanzen</em> ist die Einbeziehung von Kindern, Jugendlichen und Studenten. In diesem Jahr freuen wir uns auf ein Kooperationsprojekt mit der Filmuniversität Babelsberg <em>KONRAD WOLF</em>.</p>



<p>Der Hauptaustragungsort des Festivals ist die fabrik Potsdam, daneben gibt es ein Konzert in der Friedenskirche im Schlosspark Sanssouci, im Paul-Wunderlich-Haus Eberswalde und traditionell einen Soundwalk durch die Potsdamer Innenstadt.</p>



<p><strong><u>PROGRAMM</u></strong></p>



<p><strong>Freitag, 22. April 2016 &#8211; fabrik Potsdam</strong></p>



<p><strong>17:30 Uhr &#8211; Festivaleröffnung</strong></p>



<p><strong>18:00 Uhr Das goldene Zeitalter &#8211; Szenisches Konzert</strong></p>



<p>Ensemble LUX:NM Berlin &amp;</p>



<p>Club Real: Marianne Ramsay-Sonneck, Georg Reinhardt</p>



<p>Werke von&nbsp;Johannes Hildebrand UA, Thomas Gerwin UA, Susanne Stelzenbach UA, Stefan Lienenkämper UA, Steffen Krebber und Steingrimur Rohloff.</p>



<p><strong>19:30 Uhr Sopran + Violoncello</strong></p>



<p>Irene Kurka, Sopran</p>



<p>Ehrengard von Gemmingen, Violoncello</p>



<p>Werke von&nbsp;Stefan Lienenkämper, Peter Köszeghy,&nbsp;Albert Breier UA, Frank Petzold UA,&nbsp;Gabriel Iranyi und Samuel Tramin.</p>



<p><strong>21:00 Uhr POSAUNEN-QUARTETT</strong></p>



<p>Ensemble TromboNova (Leipzig)</p>



<p>Werke von Hermann Keller UA,&nbsp;Jan Cyz UA,&nbsp;Gisbert Näther UA,&nbsp;Ralf Hoyer UA,&nbsp;Hans Hütten UA und Peter Köszeghy UA.</p>



<p><strong>Samstag, 23. April 2016</strong></p>



<p><strong>Paul-Wunderlich-Haus Eberswalde</strong></p>



<p><strong>10:30 Uhr POSAUNEN-QUARTETT</strong></p>



<p>Wiederholung des Konzertes vom 22. April 2016</p>



<p>im Rahmen von &#8220;Guten Morgen Eberswalde&#8221;</p>



<p><strong>fabrik Potsdam</strong></p>



<p><strong>16:00 Uhr KAMMERKONZERT</strong></p>



<p>NYKY &#8211; Trio (Città di Castello, Italien)</p>



<p>Werke von Jan Cyž UA, Taymur Streng UA, Johannes Hildebrandt UA, Helmut Zapf UA, Norberto Oldrini UA und Giorgio Colombo Taccani UA.</p>



<p><strong>18:00 Uhr SCHLAGZEUG-QUARTETT</strong></p>



<p>percusemble BERLIN</p>



<p>Werke von Volker Freidel UA, Steffen Schellhase UA, Henry Mex UA, Lothar Voigtländer, Susanne Stelzenbach und Mario Fister.</p>



<p><strong>20:00 Uhr KAMMERKONZERT</strong></p>



<p>Ensemble Mosaik Berlin</p>



<p>Werke von&nbsp;Rebecca Saunder, Clara Lannotta, Oscar Piniella, Hermann Keller UA, Alex Nowitz und Manuel Rodriguez Valenzuela UA.</p>



<p><strong>21:30 Uhr Bits + Bytes</strong></p>



<p>Elektroakustische Musik, Soundscape Composition und musikalische Video-Arbeiten</p>



<p>Werke von Ralf Hoyer UA, Alex Nowitz UA,&nbsp;Taymur Streng UA, Sabine Vogel UA und Lothar Voigtländer.</p>



<p><strong>Sonntag, 24. April 2016</strong></p>



<p><strong>09:00 Uhr Klangexpedition</strong></p>



<p>Start: Potsdam Hauptbahnhof, Ausgang Lange Brücke</p>



<p>Udo Koloska, Sounds</p>



<p>Michael Schenk, Konzept + Leitung</p>



<p>Voranmeldungen unter 0174-3387603</p>



<p><strong>15:00 Uhr Friedenskirche Potsdam</strong></p>



<p><strong>TUBES</strong></p>



<p>Jack Adler-McKean, Tuba / Ivo Berg, Blockflöten / Tobias Scheetz, Orgel</p>



<p>Werke von&nbsp;Irina Emeliantseva UA, Volker Freidel UA, Thomas Gerwin UA, Roland Moser, Ulrich Pogoda UA, Wolfgang Thiel UA, Lothar Graap und Gisbert Näther UA.</p>



<p><strong>17:30 -Uhr &#8211; fabrik Potsdam</strong></p>



<p><strong>Evelyn &#8211; Live-Vertonung eines illustrierten Romans</strong></p>



<p>Inma Galiot, Konzept/Komposition/Leitung</p>



<p>Eine Kooperation mit dem<em> Ikf</em> und dem M.A.-Studiengang Filmmusik</p>



<p>der Filmuniversität&nbsp;Babelsberg&nbsp;<em>KONRAD WOLF</em></p>



<p><strong>20:00 Uhr fabrik Potsdam</strong></p>



<p><strong>KAMMERKONZERT</strong></p>



<p>Ensemble JungeMusik Berlin/Brandenburg</p>



<p>Helmut Zapf, musikalische Leitung</p>



<p>Werke von Gabriel Iranyi, Irina Emeliantseva UA, Andreas F. Staffel UA, Henry Mex UA, Helmut Zapf, Johannes Boris Borowski und Friedrich Goldmann.</p>

<p>&lt;&lt; Konzerte 2016 intersonanzen. brandenburgisches fest der neuen musik Brandenburg_DER MODERNE KLANG Wer ein Festival zeitgenössischer Musik besucht, möchte in der Regel etwas Neues entdecken, mit Freude seinen Horizont erweitern und mit Gleichgesinnten in&#46;&#46;&#46;</p>
