{"id":5714,"date":"2022-02-27T09:18:55","date_gmt":"2022-02-27T09:18:55","guid":{"rendered":"http:\/\/neue-musik-brandenburg.multisensoriale.de\/?page_id=5714"},"modified":"2022-03-31T12:39:20","modified_gmt":"2022-03-31T12:39:20","slug":"konzerte-2005","status":"publish","type":"page","link":"https:\/\/www.neue-musik-brandenburg.de\/en\/konzerte-2005\/","title":{"rendered":"Concerts 2005"},"content":{"rendered":"\n<a id=\"r-mitglieder\" href=\"javascript:history.back()\">&lt;&lt;<\/a>\n\n\n\n<h1 class=\"has-pale-cyan-blue-color has-text-color wp-block-heading\" id=\"intersonanzen-2002\">Konzerte 2005<\/h1>\n\n\n\n<hr class=\"wp-block-separator is-style-default\"\/>\n\n\n\n<h2 class=\"has-pale-cyan-blue-color has-text-color wp-block-heading\" id=\"block-6f4deead-f1f2-4d0a-8ae4-62e5df167e2a\">intersonanzen.<\/h2>\n\n\n\n<p id=\"block-b27a905e-5bb5-4add-bd7c-d312d2a3fcc1\"><strong>brandenburgisches fest der neuen musik 2005<\/strong><\/p>\n\n\n\n<p id=\"block-b27a905e-5bb5-4add-bd7c-d312d2a3fcc1\"><br>11. &#8211; 13. November, Altes Rathaus Potsdam-Forum<\/p>\n\n\n\n<p id=\"block-6096ef43-b4c2-4b5d-adb1-8811f08d3601\"><strong>intersonanzen<\/strong> hat sich in den letzten Jahren neben den Zepernicker &#8220;Rand-<br>spielen&#8221;, den Konzerten und Aktivit\u00e4ten der Rheinsberger Musikakademie und dem<br>Cottbuser Musikherbst als das zentrale Brandenburgische Festival Neuer Musik in<br>der Landeshauptstadt Potsdam etabliert.<\/p>\n\n\n\n<p id=\"block-961f46ff-1533-47e8-9a96-8588c6de6499\">Der k\u00fcnstlerische Stellenwert dieser Konzerttage zeigt sich unter anderem in den<br>st\u00e4ndig wachsenden Besucherzahlen und im erfreulichen Interesse international<br>renommierter Interpreten, hier in Potsdam agieren zu wollen.<\/p>\n\n\n\n<p id=\"block-87c5da5c-0935-43e2-a7bb-d3fafeddaa27\">Zeitgen\u00f6ssische Kunstmusik im Spannungsfeld der Geschichte &#8211; so lautet der dies-<br>j\u00e4hrige Rahmen des Festivals. Sechzig Jahre nach dem Ende des verheerenden<br>2. Weltkrieges, inmitten einer Zeit voller milit\u00e4rischer Auseinandersetzungen, aber<br>auch konsequenter Bem\u00fchungen um friedliche L\u00f6sungen von Konflikten, in einer<br>Zeit globaler Probleme und Umw\u00e4lzungen nehmen die Komponisten auf ganz<br>unterschiedliche, eben auch auf besonders subtile Weise in ihren Werken darauf<br>Bezug. Dabei werden die vielfachen Dimensionen von Gewalt und Politik, von<br>Macht und Ohnmacht, von Toleranz und Widerstand mit Blick auf das aktuelle<br>Zeitgeschehen reflektiert und thematisiert.<br>Nicht zuf\u00e4llig zeigt sich besonders im Einstein-Jahr, dass das Ringen um unver-<br>brauchte, ungewohnte Sichten und Ideen, um neue Horizonte \u00fcber das praktische<br>Experiment f\u00fchrt, das beherzt und ungeachtet moderner Zw\u00e4nge und \u00fcberkomme-<br>ner Normen gesucht werden muss: Wissenschaft und Kunst liegen hier nah<br>beieinander.<\/p>\n\n\n\n<p id=\"block-7d10d764-5276-4bcb-a1a1-44a22bac06b2\">International beachtete Solisten und Ensembles werden spannungs- und konflikt-<br>reiche H\u00f6rerlebnisse bieten. Wir freuen uns, die japanische Sopranistin Eiko<br>Morikawa, den niederl\u00e4ndischen Stimmk\u00fcnstler Jaap Blonk und den Hamburger<br>Bassisten John Eckhardt in Potsdam begr\u00fc\u00dfen zu d\u00fcrfen.<\/p>\n\n\n\n<p id=\"block-d37264d8-692e-4f8a-b547-df22344a53be\">Neben kammermusikalischen und elektroakustischen neuesten Werken aus<br>Brandenburg und Berlin werden Kompositionen zahlreicher international bedeuten-<br>der Tonk\u00fcnstler zu h\u00f6ren sein.<\/p>\n\n\n\n<p id=\"block-b0a844a9-b179-44d8-8586-2e6bdc683cac\">Die Zusammenarbeit mit dem Landesmusikrat, dem Potsdamer Komponistenforum,<br>der Universit\u00e4tsgesellschaft Potsdam und dem klangforum brandenburg wird in<br>diesem Jahr weiterentwickelt und intensiviert: ein Ausdruck der notwendigen<br>Vernetzung mit Gleichgesinnten.<\/p>\n\n\n\n<p id=\"block-30cf12cd-f74d-446c-9651-a0800276d7e5\"><a rel=\"noreferrer noopener\" href=\"https:\/\/www.neue-musik-brandenburg.de\/wp-content\/uploads\/2022\/03\/pdf\/is_progr2005.pdf\" target=\"_blank\">Flyer 2005<span class=\"hu-external\"><\/span><\/a><\/p>\n\n\n\n<p id=\"block-b701d35a-7682-4415-ad17-2afd579cb6b2\"><a rel=\"noreferrer noopener\" href=\"https:\/\/www.neue-musik-brandenburg.de\/wp-content\/uploads\/2022\/03\/pdf\/pro_heft2005.pdf\" target=\"_blank\">Programmheft 2005<span class=\"hu-external\"><\/span><\/a><\/p>\n\n\n\n<hr class=\"wp-block-separator\" id=\"block-0214aaad-8ce4-4d12-9cf6-1bdf192bf2c8\"\/>\n\n\n\n<p>\ufeff<\/p>\n\n\n\n<h2 class=\"wp-block-heading\">WPGlobus<\/h2>\n\n\n\n<h2 class=\"wp-block-heading\">Youth Piano International<\/h2>\n\n\n\n<p>Klavierabend ausl\u00e4ndischer Studenten<br>eine Veranstaltungsreihe von Mai bis November im Land Brandenburg<\/p>\n\n\n\n<hr class=\"wp-block-separator is-style-default\"\/>\n\n\n\n<p>Ausl\u00e4ndische Studierende der Meisterklasse von <em>Prof. Wolfgang Glemser<\/em>, Fach-bereich Musikp\u00e4dagogik an der Fachhochschule Lausitz, spielen zeitgen\u00f6ssische Klaviermusik, vornehmlich brandenburgischer Komponisten. Dieses Engagement der jungen Pianisten f\u00fcr die regionale Neue Musik ihres Gastgeberlandes dient einerseits der Popularisierung neuer St\u00fccke aus der Feder unserer Vereinsmit-glieder und ihrer osteurop\u00e4ischen Partner.<br>Das Projekt soll andererseits einen entscheidenen Impuls f\u00fcr das Bem\u00fchen der k\u00fcnftigen Pianisten und Klavierp\u00e4dagogen um die Neue Musik in ihren Heimat-l\u00e4ndern ausl\u00f6sen, sich nach der R\u00fcckkehr aus Deutschland f\u00fcr die musikkulturelle Entwicklung auch auf diesem Gebiet in ihren L\u00e4ndern einzusetzen und im beson-deren solche Projekte ebenfalls in die eigene sp\u00e4tere musikp\u00e4dagogische Arbeit einzubeziehen.<\/p>\n\n\n\n<figure class=\"wp-block-table\"><table><tbody><tr><td><br><br><\/td><td>31. Mai 2005, 19:00<br>Cottbus, Kammermusiksaal der Fachhochschule Lausitz<br>03. Juni 2005, 19:30<br>Luckau, Brauhausgasse 1 -Logensaal&nbsp; <a href=\"https:\/\/www.neue-musik-brandenburg.de\/wp-content\/uploads\/2022\/03\/pdf\/YPI-Luckau2005.pdf\" target=\"_blank\" rel=\"noreferrer noopener\">Programm 2005<span class=\"hu-external\"><\/span><\/a><\/td><\/tr><\/tbody><\/table><\/figure>\n\n\n\n<figure class=\"wp-block-table\"><table><tbody><tr><td><\/td><td>25. Oktober 2005, 19:30<br>Senftenberg, &#8220;B\u00fcrgerhaus Wendische Kirche&#8221; e.V., Baderstra\u00dfe 10 <a href=\"https:\/\/www.neue-musik-brandenburg.de\/wp-content\/uploads\/2022\/03\/pdf\/YPI-Senftenberg2005.pdf\" target=\"_blank\" rel=\"noreferrer noopener\">Programm 2005<span class=\"hu-external\"><\/span><\/a><\/td><\/tr><\/tbody><\/table><\/figure>\n\n\n\n<hr class=\"wp-block-separator is-style-default\"\/>\n\n\n\n<h2 class=\"wp-block-heading\">32. Cottbuser Musikherbst<\/h2>\n\n\n\n<p>Neue Musik f\u00fcr Kinder<br>eine Veranstaltungsreihe von Oktober bis November in Cottbus<\/p>\n\n\n\n<p><a href=\"https:\/\/www.neue-musik-brandenburg.de\/wp-content\/uploads\/2022\/03\/pdf\/Musikherbst32.pdf\" target=\"_blank\" rel=\"noreferrer noopener\">Programm 2005<span class=\"hu-external\"><\/span><\/a><\/p>\n\n\n\n<hr class=\"wp-block-separator is-style-default\"\/>\n","protected":false},"excerpt":{"rendered":"<p>&lt;&lt; Konzerte 2005 intersonanzen. brandenburgisches fest der neuen musik 2005 11. &#8211; 13. November, Altes Rathaus Potsdam-Forum intersonanzen hat sich in den letzten Jahren neben den Zepernicker &#8220;Rand-spielen&#8221;, den Konzerten und Aktivit\u00e4ten der Rheinsberger&#46;&#46;&#46;<\/p>\n","protected":false},"author":1,"featured_media":0,"parent":0,"menu_order":0,"comment_status":"closed","ping_status":"closed","template":"","meta":{"_custom_body_class":"","_custom_post_class":"","footnotes":""},"class_list":["post-5714","page","type-page","status-publish","hentry"],"translation":{"provider":"WPGlobus","version":"3.0.2","language":"en","enabled_languages":["de","en"],"languages":{"de":{"title":true,"content":true,"excerpt":false},"en":{"title":true,"content":false,"excerpt":false}}},"_links":{"self":[{"href":"https:\/\/www.neue-musik-brandenburg.de\/en\/wp-json\/wp\/v2\/pages\/5714","targetHints":{"allow":["GET"]}}],"collection":[{"href":"https:\/\/www.neue-musik-brandenburg.de\/en\/wp-json\/wp\/v2\/pages"}],"about":[{"href":"https:\/\/www.neue-musik-brandenburg.de\/en\/wp-json\/wp\/v2\/types\/page"}],"author":[{"embeddable":true,"href":"https:\/\/www.neue-musik-brandenburg.de\/en\/wp-json\/wp\/v2\/users\/1"}],"replies":[{"embeddable":true,"href":"https:\/\/www.neue-musik-brandenburg.de\/en\/wp-json\/wp\/v2\/comments?post=5714"}],"version-history":[{"count":13,"href":"https:\/\/www.neue-musik-brandenburg.de\/en\/wp-json\/wp\/v2\/pages\/5714\/revisions"}],"predecessor-version":[{"id":6521,"href":"https:\/\/www.neue-musik-brandenburg.de\/en\/wp-json\/wp\/v2\/pages\/5714\/revisions\/6521"}],"wp:attachment":[{"href":"https:\/\/www.neue-musik-brandenburg.de\/en\/wp-json\/wp\/v2\/media?parent=5714"}],"curies":[{"name":"wp","href":"https:\/\/api.w.org\/{rel}","templated":true}]}}

<a id="r-mitglieder" href="javascript:history.back()">&lt;&lt;</a>



<h1 class="has-pale-cyan-blue-color has-text-color wp-block-heading" id="intersonanzen-2002">Konzerte 2005</h1>



<hr class="wp-block-separator is-style-default"/>



<h2 class="has-pale-cyan-blue-color has-text-color wp-block-heading" id="block-6f4deead-f1f2-4d0a-8ae4-62e5df167e2a">intersonanzen.</h2>



<p id="block-b27a905e-5bb5-4add-bd7c-d312d2a3fcc1"><strong>brandenburgisches fest der neuen musik 2005</strong></p>



<p id="block-b27a905e-5bb5-4add-bd7c-d312d2a3fcc1"><br>11. &#8211; 13. November, Altes Rathaus Potsdam-Forum</p>



<p id="block-6096ef43-b4c2-4b5d-adb1-8811f08d3601"><strong>intersonanzen</strong> hat sich in den letzten Jahren neben den Zepernicker &#8220;Rand-<br>spielen&#8221;, den Konzerten und Aktivitäten der Rheinsberger Musikakademie und dem<br>Cottbuser Musikherbst als das zentrale Brandenburgische Festival Neuer Musik in<br>der Landeshauptstadt Potsdam etabliert.</p>



<p id="block-961f46ff-1533-47e8-9a96-8588c6de6499">Der künstlerische Stellenwert dieser Konzerttage zeigt sich unter anderem in den<br>ständig wachsenden Besucherzahlen und im erfreulichen Interesse international<br>renommierter Interpreten, hier in Potsdam agieren zu wollen.</p>



<p id="block-87c5da5c-0935-43e2-a7bb-d3fafeddaa27">Zeitgenössische Kunstmusik im Spannungsfeld der Geschichte &#8211; so lautet der dies-<br>jährige Rahmen des Festivals. Sechzig Jahre nach dem Ende des verheerenden<br>2. Weltkrieges, inmitten einer Zeit voller militärischer Auseinandersetzungen, aber<br>auch konsequenter Bemühungen um friedliche Lösungen von Konflikten, in einer<br>Zeit globaler Probleme und Umwälzungen nehmen die Komponisten auf ganz<br>unterschiedliche, eben auch auf besonders subtile Weise in ihren Werken darauf<br>Bezug. Dabei werden die vielfachen Dimensionen von Gewalt und Politik, von<br>Macht und Ohnmacht, von Toleranz und Widerstand mit Blick auf das aktuelle<br>Zeitgeschehen reflektiert und thematisiert.<br>Nicht zufällig zeigt sich besonders im Einstein-Jahr, dass das Ringen um unver-<br>brauchte, ungewohnte Sichten und Ideen, um neue Horizonte über das praktische<br>Experiment führt, das beherzt und ungeachtet moderner Zwänge und überkomme-<br>ner Normen gesucht werden muss: Wissenschaft und Kunst liegen hier nah<br>beieinander.</p>



<p id="block-7d10d764-5276-4bcb-a1a1-44a22bac06b2">International beachtete Solisten und Ensembles werden spannungs- und konflikt-<br>reiche Hörerlebnisse bieten. Wir freuen uns, die japanische Sopranistin Eiko<br>Morikawa, den niederländischen Stimmkünstler Jaap Blonk und den Hamburger<br>Bassisten John Eckhardt in Potsdam begrüßen zu dürfen.</p>



<p id="block-d37264d8-692e-4f8a-b547-df22344a53be">Neben kammermusikalischen und elektroakustischen neuesten Werken aus<br>Brandenburg und Berlin werden Kompositionen zahlreicher international bedeuten-<br>der Tonkünstler zu hören sein.</p>



<p id="block-b0a844a9-b179-44d8-8586-2e6bdc683cac">Die Zusammenarbeit mit dem Landesmusikrat, dem Potsdamer Komponistenforum,<br>der Universitätsgesellschaft Potsdam und dem klangforum brandenburg wird in<br>diesem Jahr weiterentwickelt und intensiviert: ein Ausdruck der notwendigen<br>Vernetzung mit Gleichgesinnten.</p>



<p id="block-30cf12cd-f74d-446c-9651-a0800276d7e5"><a rel="noreferrer noopener" href="https://www.neue-musik-brandenburg.de/wp-content/uploads/2022/03/pdf/is_progr2005.pdf" target="_blank">Flyer 2005<span class="hu-external"></span></a></p>



<p id="block-b701d35a-7682-4415-ad17-2afd579cb6b2"><a rel="noreferrer noopener" href="https://www.neue-musik-brandenburg.de/wp-content/uploads/2022/03/pdf/pro_heft2005.pdf" target="_blank">Programmheft 2005<span class="hu-external"></span></a></p>



<hr class="wp-block-separator" id="block-0214aaad-8ce4-4d12-9cf6-1bdf192bf2c8"/>



<p>﻿</p>



<h2 class="wp-block-heading">WPGlobus</h2>



<h2 class="wp-block-heading">Youth Piano International</h2>



<p>Klavierabend ausländischer Studenten<br>eine Veranstaltungsreihe von Mai bis November im Land Brandenburg</p>



<hr class="wp-block-separator is-style-default"/>



<p>Ausländische Studierende der Meisterklasse von <em>Prof. Wolfgang Glemser</em>, Fach-bereich Musikpädagogik an der Fachhochschule Lausitz, spielen zeitgenössische Klaviermusik, vornehmlich brandenburgischer Komponisten. Dieses Engagement der jungen Pianisten für die regionale Neue Musik ihres Gastgeberlandes dient einerseits der Popularisierung neuer Stücke aus der Feder unserer Vereinsmit-glieder und ihrer osteuropäischen Partner.<br>Das Projekt soll andererseits einen entscheidenen Impuls für das Bemühen der künftigen Pianisten und Klavierpädagogen um die Neue Musik in ihren Heimat-ländern auslösen, sich nach der Rückkehr aus Deutschland für die musikkulturelle Entwicklung auch auf diesem Gebiet in ihren Ländern einzusetzen und im beson-deren solche Projekte ebenfalls in die eigene spätere musikpädagogische Arbeit einzubeziehen.</p>



<figure class="wp-block-table"><table><tbody><tr><td><br><br></td><td>31. Mai 2005, 19:00<br>Cottbus, Kammermusiksaal der Fachhochschule Lausitz<br>03. Juni 2005, 19:30<br>Luckau, Brauhausgasse 1 -Logensaal&nbsp; <a href="https://www.neue-musik-brandenburg.de/wp-content/uploads/2022/03/pdf/YPI-Luckau2005.pdf" target="_blank" rel="noreferrer noopener">Programm 2005<span class="hu-external"></span></a></td></tr></tbody></table></figure>



<figure class="wp-block-table"><table><tbody><tr><td></td><td>25. Oktober 2005, 19:30<br>Senftenberg, &#8220;Bürgerhaus Wendische Kirche&#8221; e.V., Baderstraße 10 <a href="https://www.neue-musik-brandenburg.de/wp-content/uploads/2022/03/pdf/YPI-Senftenberg2005.pdf" target="_blank" rel="noreferrer noopener">Programm 2005<span class="hu-external"></span></a></td></tr></tbody></table></figure>



<hr class="wp-block-separator is-style-default"/>



<h2 class="wp-block-heading">32. Cottbuser Musikherbst</h2>



<p>Neue Musik für Kinder<br>eine Veranstaltungsreihe von Oktober bis November in Cottbus</p>



<p><a href="https://www.neue-musik-brandenburg.de/wp-content/uploads/2022/03/pdf/Musikherbst32.pdf" target="_blank" rel="noreferrer noopener">Programm 2005<span class="hu-external"></span></a></p>



<hr class="wp-block-separator is-style-default"/>

<p>&lt;&lt; Konzerte 2005 intersonanzen. brandenburgisches fest der neuen musik 2005 11. &#8211; 13. November, Altes Rathaus Potsdam-Forum intersonanzen hat sich in den letzten Jahren neben den Zepernicker &#8220;Rand-spielen&#8221;, den Konzerten und Aktivitäten der Rheinsberger&#46;&#46;&#46;</p>
