{"id":5716,"date":"2022-02-27T09:19:42","date_gmt":"2022-02-27T09:19:42","guid":{"rendered":"http:\/\/neue-musik-brandenburg.multisensoriale.de\/?page_id=5716"},"modified":"2022-03-31T12:35:51","modified_gmt":"2022-03-31T12:35:51","slug":"konzerte-2006","status":"publish","type":"page","link":"https:\/\/www.neue-musik-brandenburg.de\/en\/konzerte-2006\/","title":{"rendered":"Concerts 2006"},"content":{"rendered":"\n<a id=\"r-mitglieder\" href=\"javascript:history.back()\">&lt;&lt;<\/a>\n\n\n\n<h1 class=\"has-pale-cyan-blue-color has-text-color wp-block-heading\" id=\"intersonanzen-2002\">Konzerte 2006<\/h1>\n\n\n\n<hr class=\"wp-block-separator is-style-default\"\/>\n\n\n\n<h2 class=\"wp-block-heading\">II. Internationaler Kompositionswettbewerb<\/h2>\n\n\n\n<p>des Brandenburgischen Vereins Neue Musik e.V.<\/p>\n\n\n\n<p>Global music&nbsp; &#8211;&nbsp; contemporary expression<\/p>\n\n\n\n<p>Inmitten einer Zeit voller milit\u00e4rischer Auseinandersetzungen, aber auch konsequenter Bem\u00fchungen um friedliche L\u00f6sungen von Konflikten, in einer<br>Zeit globaler Probleme und Umw\u00e4lzungen nehmen die Komponisten auf ganz unterschiedliche, eben auch auf besonders subtile Weise in ihren Werken darauf Bezug.<br>Die reinen Klangstrukturen oder deren Verwebung mit einer textlichen Ebene, besonders aber auch die Verbindung mit traditionellen Instrumenten aus der nicht abendl\u00e4ndischen Musikkultur geben Auskunft \u00fcber die Vielfalt der M\u00f6glichkeiten, sich k\u00fcnstlerisch als handelndes Subjekt in dieser Welt zu verstehen.<br>Unter dieser thematischen Pr\u00e4misse schreibt der Brandenburgische Verein<br>Neue Musik e.V. f\u00fcr das Jahr 2007 einen Internationalen Kompositions-wettbewerb aus.<\/p>\n\n\n\n<hr class=\"wp-block-separator is-style-default\"\/>\n\n\n\n<h2 class=\"wp-block-heading\">Landnahme<\/h2>\n\n\n\n<p>Konzertreihe mit Mitgliedern des &#8220;Niederlausitzer Kammerensembles&#8221;<\/p>\n\n\n\n<p>Die musikalischen Beitr\u00e4ge, die im Rahmen dieses Projektes entstehen und erklingen sollen, werden sich auf verschiedene Weise mit der Frage auseinan-dersetzen: Wie k\u00f6nnen wir die Spezifik unserer Region thematisieren, welche Visionen von einem zukunftsf\u00e4higen, sinnerf\u00fcllten Leben k\u00f6nnen branden-burgische Komponisten, m\u00f6glicherweise zusammen mit Vertretern anderer Kunstgattungen mittels ihrer Kunst erlebbar machen?<br>Dabei sollen die Konzerte als Foren begriffen werden, in denen Komponisten, Musiker und andere K\u00fcnstler, Zuh\u00f6rer aus nah und fern, Fachleute verschiedenster Professionen, aber vor allem Jugendliche und von den genannten Ver\u00e4nderungen Betroffene zusammentreffen und ins Gespr\u00e4ch kommen k\u00f6nnen.<\/p>\n\n\n\n<pre class=\"wp-block-preformatted\">Projektbeschreibung:<\/pre>\n\n\n\n<p>Mit diesem Projekt stellt sich unser Verein erstmals ganz gezielt der Verantwortung, die er als landesweit wirkende k\u00fcnstlerisch-musikalische Institution gegen\u00fcber der Region S\u00fcdbrandenburg und ihren sozial-kulturellen Problemen hat. Infolge der einschneidenden Ver\u00e4nderungen in das landschaftliche Gepr\u00e4ge und die sozialen Beziehungen der hier lebenden Menschen, wie sie die jahrzehntelang betriebene und nun gr\u00f6\u00dftenteils eingestellte Braunkohlef\u00f6rderung mit sich gebracht haben, steht die Region vor gewaltigen Aufgaben. Diese bestehen zum einen in einer riesigen \u00f6kologischen Rekultivierung und zum anderen in der \u2013 mindestens ebenso gigantischen \u2013 Bew\u00e4ltigung sozialer Probleme. Hierbei kommt auch der Kunst eine entscheidende Bedeutung zu. Sie vermag es, den Menschen auf ihre spezifische, sinnliche Weise den Reiz und die herausfordernde Gr\u00f6\u00dfe dieser Aufgabe bewusst zu machen und die historische Dimension dieser Herausforderung zu vermitteln. Die musikalischen Beitr\u00e4ge, die im Rahmen dieses Projektes entstehen und erklingen sollen, werden sich folglich auf verschiedene Weise mit der Frage auseinandersetzen: Wie k\u00f6nnen wir die Spezifik unserer Region thematisieren, welche Visionen von einem zukunftsf\u00e4higen, sinnerf\u00fcllten Leben k\u00f6nnen brandenburgische Komponisten, m\u00f6glicherweise zusammen mit Vertretern anderer Kunstgattungen mittels ihrer Kunst erlebbar machen? Dabei sollen die Konzerte als Foren begriffen werden, in denen Komponisten, Musiker und andere K\u00fcnstler, Zuh\u00f6rer aus nah und fern, Fachleute verschiedenster Professionen, aber vor allem Jugendliche und von den genannten Ver\u00e4nderungen Betroffene zusammentreffen und ins Gespr\u00e4ch kommen k\u00f6nnen. Vorgesehen sind zun\u00e4chst drei Veranstaltungen an verschiedenen Orten. Ausf\u00fchrende sind Mitglieder des \u201eNiederlausitzer Kammerensembles\u201c unter Leitung des Komponisten Uwe Krause, der sich durch seine intime Kenntnis der Situation und langj\u00e4hrige Partnerschaft mit Betroffenen und sachkundigen Vertretern dieser Region f\u00fcr die Umsetzung der Konzeption empfiehlt. Der Brandenburgische Verein Neue Musik e.V. verbindet mit diesem Projekt einen Aufruf an die Komponisten der Region und des Landes, Werke f\u00fcr diese Konzertreihe zu schreiben bzw. geeignete vorhandene St\u00fccke einzureichen.<\/p>\n\n\n\n<p><br><strong>25. Juni 2006<\/strong>, 14.00 Uhr _ Landnahme I: Prolog zum See<br>Bereich des ehemaligen Bahnhofes Cottbus-Merzdorf<br><a href=\"https:\/\/www.neue-musik-brandenburg.de\/wp-content\/uploads\/2022\/03\/pdf\/Landnahme-1.pdf\" target=\"_blank\" rel=\"noreferrer noopener\">Programm<span class=\"hu-external\"><\/span><\/a><\/p>\n\n\n\n<p><strong>17. September 2006<\/strong> _ Landnahme II<br>Kunstscheune Pritzen<\/p>\n\n\n\n<p><a href=\"http:\/\/www.neue-musik-brandenburg.de\/bilder\/pr_land2.jpg\" target=\"_blank\" rel=\"noreferrer noopener\">Presse<span class=\"hu-external\"><\/span><\/a><\/p>\n\n\n\n<p><a href=\"https:\/\/www.neue-musik-brandenburg.de\/wp-content\/uploads\/2022\/03\/pdf\/Landnahme-2.pdf\" target=\"_blank\" rel=\"noreferrer noopener\">Programm<span class=\"hu-external\"><\/span><\/a><\/p>\n\n\n\n<p><strong>4. November 2006<\/strong>, 19.30 Uhr _ Landnahme III<br>im Logensaal &#8211; Brauhausgasse 1, 15926 Luckau<\/p>\n\n\n\n<p><a href=\"https:\/\/www.neue-musik-brandenburg.de\/wp-content\/uploads\/2021\/12\/pr_ln_06.jpg\" target=\"_blank\" rel=\"noreferrer noopener\">Presse<span class=\"hu-external\"><\/span><\/a><\/p>\n\n\n\n<p><a href=\"https:\/\/www.neue-musik-brandenburg.de\/wp-content\/uploads\/2022\/03\/pdf\/Landnahme-3.pdf\" target=\"_blank\" rel=\"noreferrer noopener\">Programm<span class=\"hu-external\"><\/span><\/a><\/p>\n\n\n\n<hr class=\"wp-block-separator is-style-default\"\/>\n\n\n\n<h2 class=\"wp-block-heading\">33. Cottbuser Musikherbst<\/h2>\n\n\n\n<p>Neue Musik f\u00fcr Kinder<br>eine Veranstaltungsreihe von September bis November in Cottbus<\/p>\n\n\n\n<p><a href=\"https:\/\/www.neue-musik-brandenburg.de\/wp-content\/uploads\/2022\/03\/pdf\/Kinderkonzert33.pdf\" target=\"_blank\" rel=\"noreferrer noopener\">Kinderkonzert<span class=\"hu-external\"><\/span><\/a><\/p>\n\n\n\n<p><a href=\"https:\/\/www.neue-musik-brandenburg.de\/wp-content\/uploads\/2022\/03\/pdf\/Musikherbst33.pdf\" target=\"_blank\" rel=\"noreferrer noopener\">Musikherbst<span class=\"hu-external\"><\/span><\/a><\/p>\n","protected":false},"excerpt":{"rendered":"<p>&lt;&lt; Konzerte 2006 II. Internationaler Kompositionswettbewerb des Brandenburgischen Vereins Neue Musik e.V. Global music&nbsp; &#8211;&nbsp; contemporary expression Inmitten einer Zeit voller milit\u00e4rischer Auseinandersetzungen, aber auch konsequenter Bem\u00fchungen um friedliche L\u00f6sungen von Konflikten, in einerZeit&#46;&#46;&#46;<\/p>\n","protected":false},"author":1,"featured_media":0,"parent":0,"menu_order":0,"comment_status":"closed","ping_status":"closed","template":"","meta":{"_custom_body_class":"","_custom_post_class":"","footnotes":""},"class_list":["post-5716","page","type-page","status-publish","hentry"],"translation":{"provider":"WPGlobus","version":"3.0.2","language":"en","enabled_languages":["de","en"],"languages":{"de":{"title":true,"content":true,"excerpt":false},"en":{"title":true,"content":false,"excerpt":false}}},"_links":{"self":[{"href":"https:\/\/www.neue-musik-brandenburg.de\/en\/wp-json\/wp\/v2\/pages\/5716","targetHints":{"allow":["GET"]}}],"collection":[{"href":"https:\/\/www.neue-musik-brandenburg.de\/en\/wp-json\/wp\/v2\/pages"}],"about":[{"href":"https:\/\/www.neue-musik-brandenburg.de\/en\/wp-json\/wp\/v2\/types\/page"}],"author":[{"embeddable":true,"href":"https:\/\/www.neue-musik-brandenburg.de\/en\/wp-json\/wp\/v2\/users\/1"}],"replies":[{"embeddable":true,"href":"https:\/\/www.neue-musik-brandenburg.de\/en\/wp-json\/wp\/v2\/comments?post=5716"}],"version-history":[{"count":4,"href":"https:\/\/www.neue-musik-brandenburg.de\/en\/wp-json\/wp\/v2\/pages\/5716\/revisions"}],"predecessor-version":[{"id":6517,"href":"https:\/\/www.neue-musik-brandenburg.de\/en\/wp-json\/wp\/v2\/pages\/5716\/revisions\/6517"}],"wp:attachment":[{"href":"https:\/\/www.neue-musik-brandenburg.de\/en\/wp-json\/wp\/v2\/media?parent=5716"}],"curies":[{"name":"wp","href":"https:\/\/api.w.org\/{rel}","templated":true}]}}

<a id="r-mitglieder" href="javascript:history.back()">&lt;&lt;</a>



<h1 class="has-pale-cyan-blue-color has-text-color wp-block-heading" id="intersonanzen-2002">Konzerte 2006</h1>



<hr class="wp-block-separator is-style-default"/>



<h2 class="wp-block-heading">II. Internationaler Kompositionswettbewerb</h2>



<p>des Brandenburgischen Vereins Neue Musik e.V.</p>



<p>Global music&nbsp; &#8211;&nbsp; contemporary expression</p>



<p>Inmitten einer Zeit voller militärischer Auseinandersetzungen, aber auch konsequenter Bemühungen um friedliche Lösungen von Konflikten, in einer<br>Zeit globaler Probleme und Umwälzungen nehmen die Komponisten auf ganz unterschiedliche, eben auch auf besonders subtile Weise in ihren Werken darauf Bezug.<br>Die reinen Klangstrukturen oder deren Verwebung mit einer textlichen Ebene, besonders aber auch die Verbindung mit traditionellen Instrumenten aus der nicht abendländischen Musikkultur geben Auskunft über die Vielfalt der Möglichkeiten, sich künstlerisch als handelndes Subjekt in dieser Welt zu verstehen.<br>Unter dieser thematischen Prämisse schreibt der Brandenburgische Verein<br>Neue Musik e.V. für das Jahr 2007 einen Internationalen Kompositions-wettbewerb aus.</p>



<hr class="wp-block-separator is-style-default"/>



<h2 class="wp-block-heading">Landnahme</h2>



<p>Konzertreihe mit Mitgliedern des &#8220;Niederlausitzer Kammerensembles&#8221;</p>



<p>Die musikalischen Beiträge, die im Rahmen dieses Projektes entstehen und erklingen sollen, werden sich auf verschiedene Weise mit der Frage auseinan-dersetzen: Wie können wir die Spezifik unserer Region thematisieren, welche Visionen von einem zukunftsfähigen, sinnerfüllten Leben können branden-burgische Komponisten, möglicherweise zusammen mit Vertretern anderer Kunstgattungen mittels ihrer Kunst erlebbar machen?<br>Dabei sollen die Konzerte als Foren begriffen werden, in denen Komponisten, Musiker und andere Künstler, Zuhörer aus nah und fern, Fachleute verschiedenster Professionen, aber vor allem Jugendliche und von den genannten Veränderungen Betroffene zusammentreffen und ins Gespräch kommen können.</p>



<pre class="wp-block-preformatted">Projektbeschreibung:</pre>



<p>Mit diesem Projekt stellt sich unser Verein erstmals ganz gezielt der Verantwortung, die er als landesweit wirkende künstlerisch-musikalische Institution gegenüber der Region Südbrandenburg und ihren sozial-kulturellen Problemen hat. Infolge der einschneidenden Veränderungen in das landschaftliche Gepräge und die sozialen Beziehungen der hier lebenden Menschen, wie sie die jahrzehntelang betriebene und nun größtenteils eingestellte Braunkohleförderung mit sich gebracht haben, steht die Region vor gewaltigen Aufgaben. Diese bestehen zum einen in einer riesigen ökologischen Rekultivierung und zum anderen in der – mindestens ebenso gigantischen – Bewältigung sozialer Probleme. Hierbei kommt auch der Kunst eine entscheidende Bedeutung zu. Sie vermag es, den Menschen auf ihre spezifische, sinnliche Weise den Reiz und die herausfordernde Größe dieser Aufgabe bewusst zu machen und die historische Dimension dieser Herausforderung zu vermitteln. Die musikalischen Beiträge, die im Rahmen dieses Projektes entstehen und erklingen sollen, werden sich folglich auf verschiedene Weise mit der Frage auseinandersetzen: Wie können wir die Spezifik unserer Region thematisieren, welche Visionen von einem zukunftsfähigen, sinnerfüllten Leben können brandenburgische Komponisten, möglicherweise zusammen mit Vertretern anderer Kunstgattungen mittels ihrer Kunst erlebbar machen? Dabei sollen die Konzerte als Foren begriffen werden, in denen Komponisten, Musiker und andere Künstler, Zuhörer aus nah und fern, Fachleute verschiedenster Professionen, aber vor allem Jugendliche und von den genannten Veränderungen Betroffene zusammentreffen und ins Gespräch kommen können. Vorgesehen sind zunächst drei Veranstaltungen an verschiedenen Orten. Ausführende sind Mitglieder des „Niederlausitzer Kammerensembles“ unter Leitung des Komponisten Uwe Krause, der sich durch seine intime Kenntnis der Situation und langjährige Partnerschaft mit Betroffenen und sachkundigen Vertretern dieser Region für die Umsetzung der Konzeption empfiehlt. Der Brandenburgische Verein Neue Musik e.V. verbindet mit diesem Projekt einen Aufruf an die Komponisten der Region und des Landes, Werke für diese Konzertreihe zu schreiben bzw. geeignete vorhandene Stücke einzureichen.</p>



<p><br><strong>25. Juni 2006</strong>, 14.00 Uhr _ Landnahme I: Prolog zum See<br>Bereich des ehemaligen Bahnhofes Cottbus-Merzdorf<br><a href="https://www.neue-musik-brandenburg.de/wp-content/uploads/2022/03/pdf/Landnahme-1.pdf" target="_blank" rel="noreferrer noopener">Programm<span class="hu-external"></span></a></p>



<p><strong>17. September 2006</strong> _ Landnahme II<br>Kunstscheune Pritzen</p>



<p><a href="http://www.neue-musik-brandenburg.de/bilder/pr_land2.jpg" target="_blank" rel="noreferrer noopener">Presse<span class="hu-external"></span></a></p>



<p><a href="https://www.neue-musik-brandenburg.de/wp-content/uploads/2022/03/pdf/Landnahme-2.pdf" target="_blank" rel="noreferrer noopener">Programm<span class="hu-external"></span></a></p>



<p><strong>4. November 2006</strong>, 19.30 Uhr _ Landnahme III<br>im Logensaal &#8211; Brauhausgasse 1, 15926 Luckau</p>



<p><a href="https://www.neue-musik-brandenburg.de/wp-content/uploads/2021/12/pr_ln_06.jpg" target="_blank" rel="noreferrer noopener">Presse<span class="hu-external"></span></a></p>



<p><a href="https://www.neue-musik-brandenburg.de/wp-content/uploads/2022/03/pdf/Landnahme-3.pdf" target="_blank" rel="noreferrer noopener">Programm<span class="hu-external"></span></a></p>



<hr class="wp-block-separator is-style-default"/>



<h2 class="wp-block-heading">33. Cottbuser Musikherbst</h2>



<p>Neue Musik für Kinder<br>eine Veranstaltungsreihe von September bis November in Cottbus</p>



<p><a href="https://www.neue-musik-brandenburg.de/wp-content/uploads/2022/03/pdf/Kinderkonzert33.pdf" target="_blank" rel="noreferrer noopener">Kinderkonzert<span class="hu-external"></span></a></p>



<p><a href="https://www.neue-musik-brandenburg.de/wp-content/uploads/2022/03/pdf/Musikherbst33.pdf" target="_blank" rel="noreferrer noopener">Musikherbst<span class="hu-external"></span></a></p>

<p>&lt;&lt; Konzerte 2006 II. Internationaler Kompositionswettbewerb des Brandenburgischen Vereins Neue Musik e.V. Global music&nbsp; &#8211;&nbsp; contemporary expression Inmitten einer Zeit voller militärischer Auseinandersetzungen, aber auch konsequenter Bemühungen um friedliche Lösungen von Konflikten, in einerZeit&#46;&#46;&#46;</p>
