{"id":7107,"date":"2023-01-28T05:32:52","date_gmt":"2023-01-28T05:32:52","guid":{"rendered":"https:\/\/www.neue-musik-brandenburg.de\/?page_id=7107"},"modified":"2023-01-28T06:38:24","modified_gmt":"2023-01-28T06:38:24","slug":"wettstein-markus","status":"publish","type":"page","link":"https:\/\/www.neue-musik-brandenburg.de\/en\/wettstein-markus\/","title":{"rendered":"Markus Wettstein"},"content":{"rendered":"<p><a id=\"r-mitglieder\" href=\"javascript:history.back()\">&lt;&lt;<\/a>\t\t<\/p>\n<style>\/*! elementor - v3.10.1 - 17-01-2023 *\/\n.elementor-heading-title{padding:0;margin:0;line-height:1}.elementor-widget-heading .elementor-heading-title[class*=elementor-size-]>a{color:inherit;font-size:inherit;line-height:inherit}.elementor-widget-heading .elementor-heading-title.elementor-size-small{font-size:15px}.elementor-widget-heading .elementor-heading-title.elementor-size-medium{font-size:19px}.elementor-widget-heading .elementor-heading-title.elementor-size-large{font-size:29px}.elementor-widget-heading .elementor-heading-title.elementor-size-xl{font-size:39px}.elementor-widget-heading .elementor-heading-title.elementor-size-xxl{font-size:59px}<\/style>\n<h3>Markus Wettstein<\/h3>\n<style>\/*! elementor - v3.10.1 - 17-01-2023 *\/\n.elementor-widget-image{text-align:center}.elementor-widget-image a{display:inline-block}.elementor-widget-image a img[src$=\".svg\"]{width:48px}.elementor-widget-image img{vertical-align:middle;display:inline-block}<\/style>\n<figure>\n\t\t\t\t\t\t\t\t\t\t<img loading=\"lazy\" decoding=\"async\" width=\"750\" height=\"431\" src=\"https:\/\/www.neue-musik-brandenburg.de\/wp-content\/uploads\/2023\/01\/Portraet_Markus_Wettstein.jpg\" alt=\"\" loading=\"lazy\" srcset=\"https:\/\/www.neue-musik-brandenburg.de\/wp-content\/uploads\/2023\/01\/Portraet_Markus_Wettstein.jpg 750w, https:\/\/www.neue-musik-brandenburg.de\/wp-content\/uploads\/2023\/01\/Portraet_Markus_Wettstein-300x172.jpg 300w\" sizes=\"auto, (max-width: 750px) 100vw, 750px\" \/><figcaption><\/figcaption><\/figure>\n<p><b>Markus Wettstein<\/b>, 1963 bei Z\u00fcrich geboren, studierte Chorleitung und Komposition an den Musikhochschulen Luzern und Basel. Seine fr\u00fche Arbeit zeigt \u2013 mit Performances und Installationen in leerstehenden Industriegeb\u00e4uden \u2013 einen ausgepr\u00e4gten Hang zum Interdisziplin\u00e4ren. 1997 kam er durch ein Arbeitsstipendium nach Berlin, wo er sich als Mitglied mehrerer Ensembles mit frei improvisierter Musik besch\u00e4ftigte. Zu Forschungszwecken transkribierte er mehrfach Tonaufnahmen seiner Gruppen, was seinen kompositorischen Umgang mit klangfarblichen Nuancen wesentlich beeinflusste. Zur selben Zeit begann eine intensive Auseinandersetzung mit Fundgegenst\u00e4nden als Klangerzeuger: gekr\u00fcmmte Metallteile vom Schrottplatz, sp\u00e4ter auch Kinderinstrumente, Pflanzen, mit Wasser gef\u00fcllte Beh\u00e4ltnisse, Wei\u00dfblechdosen, Trockenbauprofile. Es bildete sich eine ungleichstufige Mikrotonalit\u00e4t heraus, in der die Zufallstonh\u00f6hen der Fundgegenst\u00e4nde zunehmend mit reinen Intervallen und quasi diatonischen Fragmenten konfrontiert werden. Klare, eindeutig fassbare Strukturen treffen auf komplexes Material, das sich schwer einordnen und nur teilweise kontrollieren l\u00e4sst, indem beispielsweise die Tonh\u00f6he dem Zufall \u00fcberlassen bleibt, die Dynamik, die Klangfarbe und der Rauschanteil jedoch stufenlos und sehr pr\u00e4zise moduliert werden kann. Seit 2018 entstanden mit <i>\u2026wie im traum<\/i> f\u00fcr gro\u00dfes Ensemble, <i>\u00fcbungen 01-06<\/i> f\u00fcr sechsstimmiges Instrumentalconsort und <i>klaxonnerie 2<\/i> f\u00fcr zw\u00f6lf computergesteuerte Autohupen mehrere konzeptuelle Arbeiten von langer Auff\u00fchrungsdauer.<\/p>\n<section data-id=\"84257c7\" data-element_type=\"section\">\n<p>Wie wach ich dabei werde, wie sehr sie meine Sinne sch\u00e4rft und ber\u00fchrt, ist f\u00fcr mich beim H\u00f6ren von Musik vielleicht die zentrale Frage. Hier unterscheidet sich das H\u00f6ren fundamental vom Lesen der Partitur. H\u00f6ren kann ich im Grunde nur, wenn ich nicht wei\u00df \u2013 oder zumindest nicht sehe \u2013 was als N\u00e4chstes kommt. Es hat etwas mit \u00dcberraschung und mit Frische zu tun. Eine Einschr\u00e4nkung auf wenige musikalische Gestalten \/ Elemente \/ Objekte l\u00e4sst beim Komponieren und beim H\u00f6ren vielleicht die meisten Konstellationen und Bez\u00fcge zu. Der Raum zwischen ihnen ist ebenso wichtig, wie die Objekte selbst. Die Dichte der Ereignisse und die Erlebnisdichte sind nicht kongruent \u2013 in vielen F\u00e4llen sogar gegenl\u00e4ufig.<\/p>\n<p>Was beim H\u00f6ren derselben in meinem Inneren passiert, ist beim Schreiben von Musik immer ma\u00dfgebend. Ich gehe von meinem eigenen Erleben aus, im Wissen, dass wir alle dieselbe Situation ganz unterschiedlich wahrnehmen werden.<\/p>\n<\/section>\n<p><a href=\"https:\/\/www.markus-wettstein.com\" target=\"_blank\" rel=\"noopener\">www.markus-wettstein.com<\/a><\/p>\n","protected":false},"excerpt":{"rendered":"<p>&lt;&lt; Markus Wettstein Markus Wettstein, 1963 bei Z\u00fcrich geboren, studierte Chorleitung und Komposition an den Musikhochschulen Luzern und Basel. Seine fr\u00fche Arbeit zeigt \u2013 mit Performances und Installationen in leerstehenden Industriegeb\u00e4uden \u2013 einen ausgepr\u00e4gten&#46;&#46;&#46;<\/p>\n","protected":false},"author":1,"featured_media":0,"parent":0,"menu_order":0,"comment_status":"closed","ping_status":"closed","template":"","meta":{"_custom_body_class":"","_custom_post_class":"","footnotes":""},"class_list":["post-7107","page","type-page","status-publish","hentry"],"translation":{"provider":"WPGlobus","version":"3.0.2","language":"en","enabled_languages":["de","en"],"languages":{"de":{"title":true,"content":true,"excerpt":false},"en":{"title":true,"content":true,"excerpt":false}}},"_links":{"self":[{"href":"https:\/\/www.neue-musik-brandenburg.de\/en\/wp-json\/wp\/v2\/pages\/7107","targetHints":{"allow":["GET"]}}],"collection":[{"href":"https:\/\/www.neue-musik-brandenburg.de\/en\/wp-json\/wp\/v2\/pages"}],"about":[{"href":"https:\/\/www.neue-musik-brandenburg.de\/en\/wp-json\/wp\/v2\/types\/page"}],"author":[{"embeddable":true,"href":"https:\/\/www.neue-musik-brandenburg.de\/en\/wp-json\/wp\/v2\/users\/1"}],"replies":[{"embeddable":true,"href":"https:\/\/www.neue-musik-brandenburg.de\/en\/wp-json\/wp\/v2\/comments?post=7107"}],"version-history":[{"count":7,"href":"https:\/\/www.neue-musik-brandenburg.de\/en\/wp-json\/wp\/v2\/pages\/7107\/revisions"}],"predecessor-version":[{"id":7117,"href":"https:\/\/www.neue-musik-brandenburg.de\/en\/wp-json\/wp\/v2\/pages\/7107\/revisions\/7117"}],"wp:attachment":[{"href":"https:\/\/www.neue-musik-brandenburg.de\/en\/wp-json\/wp\/v2\/media?parent=7107"}],"curies":[{"name":"wp","href":"https:\/\/api.w.org\/{rel}","templated":true}]}}

<p><a id="r-mitglieder" href="javascript:history.back()">&lt;&lt;</a>		</p>
<style>/*! elementor - v3.10.1 - 17-01-2023 */
.elementor-heading-title{padding:0;margin:0;line-height:1}.elementor-widget-heading .elementor-heading-title[class*=elementor-size-]>a{color:inherit;font-size:inherit;line-height:inherit}.elementor-widget-heading .elementor-heading-title.elementor-size-small{font-size:15px}.elementor-widget-heading .elementor-heading-title.elementor-size-medium{font-size:19px}.elementor-widget-heading .elementor-heading-title.elementor-size-large{font-size:29px}.elementor-widget-heading .elementor-heading-title.elementor-size-xl{font-size:39px}.elementor-widget-heading .elementor-heading-title.elementor-size-xxl{font-size:59px}</style>
<h3>Markus Wettstein</h3>
<style>/*! elementor - v3.10.1 - 17-01-2023 */
.elementor-widget-image{text-align:center}.elementor-widget-image a{display:inline-block}.elementor-widget-image a img[src$=".svg"]{width:48px}.elementor-widget-image img{vertical-align:middle;display:inline-block}</style>
<figure>
										<img loading="lazy" decoding="async" width="750" height="431" src="https://www.neue-musik-brandenburg.de/wp-content/uploads/2023/01/Portraet_Markus_Wettstein.jpg" alt="" loading="lazy" srcset="https://www.neue-musik-brandenburg.de/wp-content/uploads/2023/01/Portraet_Markus_Wettstein.jpg 750w, https://www.neue-musik-brandenburg.de/wp-content/uploads/2023/01/Portraet_Markus_Wettstein-300x172.jpg 300w" sizes="auto, (max-width: 750px) 100vw, 750px" /><figcaption></figcaption></figure>
<p><b>Markus Wettstein</b>, 1963 bei Zürich geboren, studierte Chorleitung und Komposition an den Musikhochschulen Luzern und Basel. Seine frühe Arbeit zeigt – mit Performances und Installationen in leerstehenden Industriegebäuden – einen ausgeprägten Hang zum Interdisziplinären. 1997 kam er durch ein Arbeitsstipendium nach Berlin, wo er sich als Mitglied mehrerer Ensembles mit frei improvisierter Musik beschäftigte. Zu Forschungszwecken transkribierte er mehrfach Tonaufnahmen seiner Gruppen, was seinen kompositorischen Umgang mit klangfarblichen Nuancen wesentlich beeinflusste. Zur selben Zeit begann eine intensive Auseinandersetzung mit Fundgegenständen als Klangerzeuger: gekrümmte Metallteile vom Schrottplatz, später auch Kinderinstrumente, Pflanzen, mit Wasser gefüllte Behältnisse, Weißblechdosen, Trockenbauprofile. Es bildete sich eine ungleichstufige Mikrotonalität heraus, in der die Zufallstonhöhen der Fundgegenstände zunehmend mit reinen Intervallen und quasi diatonischen Fragmenten konfrontiert werden. Klare, eindeutig fassbare Strukturen treffen auf komplexes Material, das sich schwer einordnen und nur teilweise kontrollieren lässt, indem beispielsweise die Tonhöhe dem Zufall überlassen bleibt, die Dynamik, die Klangfarbe und der Rauschanteil jedoch stufenlos und sehr präzise moduliert werden kann. Seit 2018 entstanden mit <i>…wie im traum</i> für großes Ensemble, <i>übungen 01-06</i> für sechsstimmiges Instrumentalconsort und <i>klaxonnerie 2</i> für zwölf computergesteuerte Autohupen mehrere konzeptuelle Arbeiten von langer Aufführungsdauer.</p>
<section data-id="84257c7" data-element_type="section">
<p>Wie wach ich dabei werde, wie sehr sie meine Sinne schärft und berührt, ist für mich beim Hören von Musik vielleicht die zentrale Frage. Hier unterscheidet sich das Hören fundamental vom Lesen der Partitur. Hören kann ich im Grunde nur, wenn ich nicht weiß – oder zumindest nicht sehe – was als Nächstes kommt. Es hat etwas mit Überraschung und mit Frische zu tun. Eine Einschränkung auf wenige musikalische Gestalten / Elemente / Objekte lässt beim Komponieren und beim Hören vielleicht die meisten Konstellationen und Bezüge zu. Der Raum zwischen ihnen ist ebenso wichtig, wie die Objekte selbst. Die Dichte der Ereignisse und die Erlebnisdichte sind nicht kongruent – in vielen Fällen sogar gegenläufig.</p>
<p>Was beim Hören derselben in meinem Inneren passiert, ist beim Schreiben von Musik immer maßgebend. Ich gehe von meinem eigenen Erleben aus, im Wissen, dass wir alle dieselbe Situation ganz unterschiedlich wahrnehmen werden.</p>
</section>
<p><a href="https://www.markus-wettstein.com" target="_blank" rel="noopener">www.markus-wettstein.com</a></p>

<p>&lt;&lt; Markus Wettstein Markus Wettstein, 1963 bei Zürich geboren, studierte Chorleitung und Komposition an den Musikhochschulen Luzern und Basel. Seine frühe Arbeit zeigt – mit Performances und Installationen in leerstehenden Industriegebäuden – einen ausgeprägten&#46;&#46;&#46;</p>
