{"id":7136,"date":"2023-02-03T05:40:49","date_gmt":"2023-02-03T05:40:49","guid":{"rendered":"https:\/\/www.neue-musik-brandenburg.de\/?page_id=7136"},"modified":"2023-04-05T13:49:47","modified_gmt":"2023-04-05T13:49:47","slug":"schoepp-klaus","status":"publish","type":"page","link":"https:\/\/www.neue-musik-brandenburg.de\/en\/schoepp-klaus\/","title":{"rendered":"Klaus Sch\u00f6pp"},"content":{"rendered":"\t\t<div data-elementor-type=\"wp-page\" data-elementor-id=\"7136\" class=\"elementor elementor-7136\">\n\t\t\t\t\t\t<section class=\"elementor-section elementor-top-section elementor-element elementor-element-2f8fcd3 elementor-section-boxed elementor-section-height-default elementor-section-height-default\" data-id=\"2f8fcd3\" data-element_type=\"section\" data-e-type=\"section\">\n\t\t\t\t\t\t<div class=\"elementor-container elementor-column-gap-default\">\n\t\t\t\t\t<div class=\"elementor-column elementor-col-100 elementor-top-column elementor-element elementor-element-948d019\" data-id=\"948d019\" data-element_type=\"column\" data-e-type=\"column\">\n\t\t\t<div class=\"elementor-widget-wrap elementor-element-populated\">\n\t\t\t\t\t\t<div class=\"elementor-element elementor-element-73f6927 elementor-widget elementor-widget-text-editor\" data-id=\"73f6927\" data-element_type=\"widget\" data-e-type=\"widget\" data-widget_type=\"text-editor.default\">\n\t\t\t\t<div class=\"elementor-widget-container\">\n\t\t\t\t\t\t\t\t\t<a id=\"r-mitglieder\" href=\"javascript:history.back()\">&lt;&lt;<\/a>\t\t\t\t\t\t\t\t<\/div>\n\t\t\t\t<\/div>\n\t\t\t\t\t<\/div>\n\t\t<\/div>\n\t\t\t\t\t<\/div>\n\t\t<\/section>\n\t\t\t\t<section class=\"elementor-section elementor-top-section elementor-element elementor-element-c36d764 elementor-section-boxed elementor-section-height-default elementor-section-height-default\" data-id=\"c36d764\" data-element_type=\"section\" data-e-type=\"section\">\n\t\t\t\t\t\t<div class=\"elementor-container elementor-column-gap-default\">\n\t\t\t\t\t<div class=\"elementor-column elementor-col-100 elementor-top-column elementor-element elementor-element-93f9922\" data-id=\"93f9922\" data-element_type=\"column\" data-e-type=\"column\">\n\t\t\t<div class=\"elementor-widget-wrap elementor-element-populated\">\n\t\t\t\t\t\t<div class=\"elementor-element elementor-element-68a7be7 elementor-widget elementor-widget-heading\" data-id=\"68a7be7\" data-element_type=\"widget\" data-e-type=\"widget\" data-widget_type=\"heading.default\">\n\t\t\t\t<div class=\"elementor-widget-container\">\n\t\t\t\t\t<h2 class=\"elementor-heading-title elementor-size-default\">Klaus Sch\u00f6pp<\/h2>\t\t\t\t<\/div>\n\t\t\t\t<\/div>\n\t\t\t\t\t<\/div>\n\t\t<\/div>\n\t\t\t\t\t<\/div>\n\t\t<\/section>\n\t\t\t\t<section class=\"elementor-section elementor-top-section elementor-element elementor-element-79af510 elementor-section-boxed elementor-section-height-default elementor-section-height-default\" data-id=\"79af510\" data-element_type=\"section\" data-e-type=\"section\">\n\t\t\t\t\t\t<div class=\"elementor-container elementor-column-gap-default\">\n\t\t\t\t\t<div class=\"elementor-column elementor-col-25 elementor-top-column elementor-element elementor-element-4d0384b\" data-id=\"4d0384b\" data-element_type=\"column\" data-e-type=\"column\">\n\t\t\t<div class=\"elementor-widget-wrap elementor-element-populated\">\n\t\t\t\t\t\t<div class=\"elementor-element elementor-element-55c8c54 elementor-widget elementor-widget-image\" data-id=\"55c8c54\" data-element_type=\"widget\" data-e-type=\"widget\" data-widget_type=\"image.default\">\n\t\t\t\t<div class=\"elementor-widget-container\">\n\t\t\t\t\t\t\t\t\t\t\t\t<figure class=\"wp-caption\">\n\t\t\t\t\t\t\t\t\t\t<img fetchpriority=\"high\" decoding=\"async\" width=\"1024\" height=\"683\" src=\"https:\/\/www.neue-musik-brandenburg.de\/wp-content\/uploads\/2023\/02\/Klaus-Portrait-Klaudia.jpg\" class=\"attachment-large size-large wp-image-7138\" alt=\"\" srcset=\"https:\/\/www.neue-musik-brandenburg.de\/wp-content\/uploads\/2023\/02\/Klaus-Portrait-Klaudia.jpg 1024w, https:\/\/www.neue-musik-brandenburg.de\/wp-content\/uploads\/2023\/02\/Klaus-Portrait-Klaudia-300x200.jpg 300w, https:\/\/www.neue-musik-brandenburg.de\/wp-content\/uploads\/2023\/02\/Klaus-Portrait-Klaudia-768x512.jpg 768w\" sizes=\"(max-width: 1024px) 100vw, 1024px\" \/>\t\t\t\t\t\t\t\t\t\t\t<figcaption class=\"widget-image-caption wp-caption-text\"><\/figcaption>\n\t\t\t\t\t\t\t\t\t\t<\/figure>\n\t\t\t\t\t\t\t\t\t<\/div>\n\t\t\t\t<\/div>\n\t\t\t\t\t<\/div>\n\t\t<\/div>\n\t\t\t\t<div class=\"elementor-column elementor-col-25 elementor-top-column elementor-element elementor-element-41df22e\" data-id=\"41df22e\" data-element_type=\"column\" data-e-type=\"column\">\n\t\t\t<div class=\"elementor-widget-wrap\">\n\t\t\t\t\t\t\t<\/div>\n\t\t<\/div>\n\t\t\t\t<div class=\"elementor-column elementor-col-50 elementor-top-column elementor-element elementor-element-8c1ec10\" data-id=\"8c1ec10\" data-element_type=\"column\" data-e-type=\"column\">\n\t\t\t<div class=\"elementor-widget-wrap elementor-element-populated\">\n\t\t\t\t\t\t<div class=\"elementor-element elementor-element-8f956e3 elementor-widget elementor-widget-text-editor\" data-id=\"8f956e3\" data-element_type=\"widget\" data-e-type=\"widget\" data-widget_type=\"text-editor.default\">\n\t\t\t\t<div class=\"elementor-widget-container\">\n\t\t\t\t\t\t\t\t\t<div class=\"page\" title=\"Page 49\"><div class=\"section\"><div class=\"layoutArea\"><div class=\"column\"><p><strong>Klaus Sch\u00f6pp <\/strong><\/p><p>studierte Querfl\u00f6te an der Musikhochschule des Saarlandes und an der Universit\u00e4t der K\u00fcnste Berlin bei Prof. Roswitha Staege und Prof. Karlheinz Zoeller. Er wirkte in zahlreichen Orchestern und Ensembles mit, ist Mitglied des modern art ensembles und der \u201e14 Berliner Fl\u00f6tisten\u201c. Sein Schwerpunkt ist die zeitgen\u00f6ssische Musik. Er ist Interpret der neuesten Kompositionen und improvisierender Musiker. Er hat Werke f\u00fcr kammermusikalische Besetzungen komponiert und erhielt privaten Kompositionsunterricht von Conrado del Rosario. Als Manager des modern art ensembles hat er zahlreiche Konzerte und Veranstaltungen initiiert und durchgef\u00fchrt. Er hat eine Solo-CD mit Werken zeitgen\u00f6ssischer Berliner Komponisten eingespielt (&#8220;Cry of Medusa\u201c) und zusammen mit Yoriko Ikeya eine weitere CD (\u201eSongs of a desert bird\u201c) f\u00fcr Fl\u00f6te und Klavier. Er unterrichtet Fl\u00f6te und Kammermusik an der Kreismusikschule Potsdam-Mittelmark in Kleinmachnow.<\/p><p><blockquote class=\"wp-embedded-content\" data-secret=\"br8Vl1hm6u\"><a href=\"https:\/\/www.klaus-schoepp.de\/\">Home<\/a><\/blockquote><iframe class=\"wp-embedded-content\" sandbox=\"allow-scripts\" security=\"restricted\" style=\"position: absolute; clip: rect(1px, 1px, 1px, 1px);\" title=\"&#8222;Home&#8220; &#8212; Klaus Sch\u00f6pp\" src=\"https:\/\/www.klaus-schoepp.de\/embed\/#?secret=I0ywZTar5Z#?secret=br8Vl1hm6u\" data-secret=\"br8Vl1hm6u\" width=\"500\" height=\"282\" frameborder=\"0\" marginwidth=\"0\" marginheight=\"0\" scrolling=\"no\"><\/iframe><\/p><\/div><\/div><\/div><\/div>\t\t\t\t\t\t\t\t<\/div>\n\t\t\t\t<\/div>\n\t\t\t\t\t<\/div>\n\t\t<\/div>\n\t\t\t\t\t<\/div>\n\t\t<\/section>\n\t\t\t\t<section class=\"elementor-section elementor-top-section elementor-element elementor-element-84257c7 elementor-section-boxed elementor-section-height-default elementor-section-height-default\" data-id=\"84257c7\" data-element_type=\"section\" data-e-type=\"section\">\n\t\t\t\t\t\t<div class=\"elementor-container elementor-column-gap-default\">\n\t\t\t\t\t<div class=\"elementor-column elementor-col-100 elementor-top-column elementor-element elementor-element-b0dd4fa\" data-id=\"b0dd4fa\" data-element_type=\"column\" data-e-type=\"column\">\n\t\t\t<div class=\"elementor-widget-wrap elementor-element-populated\">\n\t\t\t\t\t\t\t<\/div>\n\t\t<\/div>\n\t\t\t\t\t<\/div>\n\t\t<\/section>\n\t\t\t\t<section class=\"elementor-section elementor-top-section elementor-element elementor-element-eae8252 elementor-section-boxed elementor-section-height-default elementor-section-height-default\" data-id=\"eae8252\" data-element_type=\"section\" data-e-type=\"section\">\n\t\t\t\t\t\t<div class=\"elementor-container elementor-column-gap-default\">\n\t\t\t\t\t<div class=\"elementor-column elementor-col-100 elementor-top-column elementor-element elementor-element-33ce84a\" data-id=\"33ce84a\" data-element_type=\"column\" data-e-type=\"column\">\n\t\t\t<div class=\"elementor-widget-wrap elementor-element-populated\">\n\t\t\t\t\t\t<div class=\"elementor-element elementor-element-25781a6 elementor-widget elementor-widget-text-editor\" data-id=\"25781a6\" data-element_type=\"widget\" data-e-type=\"widget\" data-widget_type=\"text-editor.default\">\n\t\t\t\t<div class=\"elementor-widget-container\">\n\t\t\t\t\t\t\t\t\t<!--<a href=\"https:\/\/www.tonusarcus.com\" target=\"_blank\" rel=\"noopener\">www.tonusarcus.com<\/a>-->\t\t\t\t\t\t\t\t<\/div>\n\t\t\t\t<\/div>\n\t\t\t\t\t<\/div>\n\t\t<\/div>\n\t\t\t\t\t<\/div>\n\t\t<\/section>\n\t\t\t\t<\/div>\n\t\t","protected":false},"excerpt":{"rendered":"<p>&lt;&lt; Klaus Sch\u00f6pp Klaus Sch\u00f6pp studierte Querfl\u00f6te an der Musikhochschule des Saarlandes und an der Universit\u00e4t der K\u00fcnste Berlin bei Prof. Roswitha Staege und Prof. Karlheinz Zoeller. Er wirkte in zahlreichen Orchestern und Ensembles&#46;&#46;&#46;<\/p>\n","protected":false},"author":1,"featured_media":0,"parent":0,"menu_order":0,"comment_status":"closed","ping_status":"closed","template":"","meta":{"_custom_body_class":"","_custom_post_class":"","footnotes":""},"class_list":["post-7136","page","type-page","status-publish","hentry"],"translation":{"provider":"WPGlobus","version":"3.0.2","language":"en","enabled_languages":["de","en"],"languages":{"de":{"title":true,"content":true,"excerpt":false},"en":{"title":true,"content":false,"excerpt":false}}},"_links":{"self":[{"href":"https:\/\/www.neue-musik-brandenburg.de\/en\/wp-json\/wp\/v2\/pages\/7136","targetHints":{"allow":["GET"]}}],"collection":[{"href":"https:\/\/www.neue-musik-brandenburg.de\/en\/wp-json\/wp\/v2\/pages"}],"about":[{"href":"https:\/\/www.neue-musik-brandenburg.de\/en\/wp-json\/wp\/v2\/types\/page"}],"author":[{"embeddable":true,"href":"https:\/\/www.neue-musik-brandenburg.de\/en\/wp-json\/wp\/v2\/users\/1"}],"replies":[{"embeddable":true,"href":"https:\/\/www.neue-musik-brandenburg.de\/en\/wp-json\/wp\/v2\/comments?post=7136"}],"version-history":[{"count":10,"href":"https:\/\/www.neue-musik-brandenburg.de\/en\/wp-json\/wp\/v2\/pages\/7136\/revisions"}],"predecessor-version":[{"id":7518,"href":"https:\/\/www.neue-musik-brandenburg.de\/en\/wp-json\/wp\/v2\/pages\/7136\/revisions\/7518"}],"wp:attachment":[{"href":"https:\/\/www.neue-musik-brandenburg.de\/en\/wp-json\/wp\/v2\/media?parent=7136"}],"curies":[{"name":"wp","href":"https:\/\/api.w.org\/{rel}","templated":true}]}}

Klaus Schöpp

<div data-elementor-type="wp-page" data-elementor-id="7136" class="elementor elementor-7136">
						<section class="elementor-section elementor-top-section elementor-element elementor-element-2f8fcd3 elementor-section-boxed elementor-section-height-default elementor-section-height-default" data-id="2f8fcd3" data-element_type="section" data-e-type="section">
						<div class="elementor-container elementor-column-gap-default">
					<div class="elementor-column elementor-col-100 elementor-top-column elementor-element elementor-element-948d019" data-id="948d019" data-element_type="column" data-e-type="column">
			<div class="elementor-widget-wrap elementor-element-populated">
						<div class="elementor-element elementor-element-73f6927 elementor-widget elementor-widget-text-editor" data-id="73f6927" data-element_type="widget" data-e-type="widget" data-widget_type="text-editor.default">
				<div class="elementor-widget-container">
									<a id="r-mitglieder" href="javascript:history.back()">&lt;&lt;</a>								</div>
				</div>
					</div>
		</div>
					</div>
		</section>
				<section class="elementor-section elementor-top-section elementor-element elementor-element-c36d764 elementor-section-boxed elementor-section-height-default elementor-section-height-default" data-id="c36d764" data-element_type="section" data-e-type="section">
						<div class="elementor-container elementor-column-gap-default">
					<div class="elementor-column elementor-col-100 elementor-top-column elementor-element elementor-element-93f9922" data-id="93f9922" data-element_type="column" data-e-type="column">
			<div class="elementor-widget-wrap elementor-element-populated">
						<div class="elementor-element elementor-element-68a7be7 elementor-widget elementor-widget-heading" data-id="68a7be7" data-element_type="widget" data-e-type="widget" data-widget_type="heading.default">
				<div class="elementor-widget-container">
					<h2 class="elementor-heading-title elementor-size-default">Klaus Schöpp</h2>				</div>
				</div>
					</div>
		</div>
					</div>
		</section>
				<section class="elementor-section elementor-top-section elementor-element elementor-element-79af510 elementor-section-boxed elementor-section-height-default elementor-section-height-default" data-id="79af510" data-element_type="section" data-e-type="section">
						<div class="elementor-container elementor-column-gap-default">
					<div class="elementor-column elementor-col-25 elementor-top-column elementor-element elementor-element-4d0384b" data-id="4d0384b" data-element_type="column" data-e-type="column">
			<div class="elementor-widget-wrap elementor-element-populated">
						<div class="elementor-element elementor-element-55c8c54 elementor-widget elementor-widget-image" data-id="55c8c54" data-element_type="widget" data-e-type="widget" data-widget_type="image.default">
				<div class="elementor-widget-container">
												<figure class="wp-caption">
										<img fetchpriority="high" decoding="async" width="1024" height="683" src="https://www.neue-musik-brandenburg.de/wp-content/uploads/2023/02/Klaus-Portrait-Klaudia.jpg" class="attachment-large size-large wp-image-7138" alt="" srcset="https://www.neue-musik-brandenburg.de/wp-content/uploads/2023/02/Klaus-Portrait-Klaudia.jpg 1024w, https://www.neue-musik-brandenburg.de/wp-content/uploads/2023/02/Klaus-Portrait-Klaudia-300x200.jpg 300w, https://www.neue-musik-brandenburg.de/wp-content/uploads/2023/02/Klaus-Portrait-Klaudia-768x512.jpg 768w" sizes="(max-width: 1024px) 100vw, 1024px" />											<figcaption class="widget-image-caption wp-caption-text"></figcaption>
										</figure>
									</div>
				</div>
					</div>
		</div>
				<div class="elementor-column elementor-col-25 elementor-top-column elementor-element elementor-element-41df22e" data-id="41df22e" data-element_type="column" data-e-type="column">
			<div class="elementor-widget-wrap">
							</div>
		</div>
				<div class="elementor-column elementor-col-50 elementor-top-column elementor-element elementor-element-8c1ec10" data-id="8c1ec10" data-element_type="column" data-e-type="column">
			<div class="elementor-widget-wrap elementor-element-populated">
						<div class="elementor-element elementor-element-8f956e3 elementor-widget elementor-widget-text-editor" data-id="8f956e3" data-element_type="widget" data-e-type="widget" data-widget_type="text-editor.default">
				<div class="elementor-widget-container">
									<div class="page" title="Page 49"><div class="section"><div class="layoutArea"><div class="column"><p><strong>Klaus Schöpp </strong></p><p>studierte Querflöte an der Musikhochschule des Saarlandes und an der Universität der Künste Berlin bei Prof. Roswitha Staege und Prof. Karlheinz Zoeller. Er wirkte in zahlreichen Orchestern und Ensembles mit, ist Mitglied des modern art ensembles und der „14 Berliner Flötisten“. Sein Schwerpunkt ist die zeitgenössische Musik. Er ist Interpret der neuesten Kompositionen und improvisierender Musiker. Er hat Werke für kammermusikalische Besetzungen komponiert und erhielt privaten Kompositionsunterricht von Conrado del Rosario. Als Manager des modern art ensembles hat er zahlreiche Konzerte und Veranstaltungen initiiert und durchgeführt. Er hat eine Solo-CD mit Werken zeitgenössischer Berliner Komponisten eingespielt (&#8220;Cry of Medusa“) und zusammen mit Yoriko Ikeya eine weitere CD („Songs of a desert bird“) für Flöte und Klavier. Er unterrichtet Flöte und Kammermusik an der Kreismusikschule Potsdam-Mittelmark in Kleinmachnow.</p><p><blockquote class="wp-embedded-content" data-secret="br8Vl1hm6u"><a href="https://www.klaus-schoepp.de/">Home</a></blockquote><iframe class="wp-embedded-content" sandbox="allow-scripts" security="restricted" style="position: absolute; clip: rect(1px, 1px, 1px, 1px);" title="&#8222;Home&#8220; &#8212; Klaus Schöpp" src="https://www.klaus-schoepp.de/embed/#?secret=I0ywZTar5Z#?secret=br8Vl1hm6u" data-secret="br8Vl1hm6u" width="500" height="282" frameborder="0" marginwidth="0" marginheight="0" scrolling="no"></iframe></p></div></div></div></div>								</div>
				</div>
					</div>
		</div>
					</div>
		</section>
				<section class="elementor-section elementor-top-section elementor-element elementor-element-84257c7 elementor-section-boxed elementor-section-height-default elementor-section-height-default" data-id="84257c7" data-element_type="section" data-e-type="section">
						<div class="elementor-container elementor-column-gap-default">
					<div class="elementor-column elementor-col-100 elementor-top-column elementor-element elementor-element-b0dd4fa" data-id="b0dd4fa" data-element_type="column" data-e-type="column">
			<div class="elementor-widget-wrap elementor-element-populated">
							</div>
		</div>
					</div>
		</section>
				<section class="elementor-section elementor-top-section elementor-element elementor-element-eae8252 elementor-section-boxed elementor-section-height-default elementor-section-height-default" data-id="eae8252" data-element_type="section" data-e-type="section">
						<div class="elementor-container elementor-column-gap-default">
					<div class="elementor-column elementor-col-100 elementor-top-column elementor-element elementor-element-33ce84a" data-id="33ce84a" data-element_type="column" data-e-type="column">
			<div class="elementor-widget-wrap elementor-element-populated">
						<div class="elementor-element elementor-element-25781a6 elementor-widget elementor-widget-text-editor" data-id="25781a6" data-element_type="widget" data-e-type="widget" data-widget_type="text-editor.default">
				<div class="elementor-widget-container">
									<!--<a href="https://www.tonusarcus.com" target="_blank" rel="noopener">www.tonusarcus.com</a>-->								</div>
				</div>
					</div>
		</div>
					</div>
		</section>
				</div>

<p>&lt;&lt; Klaus Schöpp Klaus Schöpp studierte Querflöte an der Musikhochschule des Saarlandes und an der Universität der Künste Berlin bei Prof. Roswitha Staege und Prof. Karlheinz Zoeller. Er wirkte in zahlreichen Orchestern und Ensembles&#46;&#46;&#46;</p>
